NOAA-Style Climate Reports


Report for 2017
                   Annual Climatological Summary for 2017

Name: Naas South   City: Naas   State: Kildare
Elevation: 116 m  Lat: N 54° 12' 28"   Lon: W 006° 40' 35"

                  Temperature (°C), Heat Base: 18.3  Cool Base: 18.3
                          Dep.  Heat  Cool                       Max  Max  Min  Min
        Mean  Mean        From  Deg   Deg                        >=   <=   <=   <=
 YR MO  Max   Min   Mean  Norm  Days  Days  Hi  Date  Low  Date 27.0  0.0  0.0 -18.0
------------------------------------------------------------------------------------
 17  1   8.3   2.7   5.7   0.0   391     0  11.4   7  -3.3    2    0    0    8    0
 17  2   9.1   3.0   6.1   0.0   341     0  12.5  20  -3.9    5    0    0    8    0
 17  3  11.6   4.1   7.9   0.0   322     0  16.6  15  -2.3   25    0    0    1    0
 17  4  12.7   4.6   8.7   0.0   287     0  18.3   8  -2.8   26    0    0    3    0
 17  5  17.6   7.1  12.5   0.0   185     7  24.9  24   1.5   11    0    0    0    0
 17  6  19.6  10.5  14.8   0.0   122    17  28.2  21   7.1   26    4    0    0    0
 17  7  21.0  10.7  15.5   0.0    99    17  25.9  18   4.6   12    0    0    0    0
 17  8  19.2  10.3  14.5   0.0   123     4  22.6  21   5.0   10    0    0    0    0
 17  9  16.8   8.6  12.4   0.0   176     1  22.6   3   3.1   18    0    0    0    0
 17 10  14.6   7.7  11.4   0.0   214     0  18.8  13   0.5   18    0    0    0    0
 17 11   9.5   2.8   6.4   0.0   353     0  14.0   1  -1.7   13    0    0    9    0
 17 12   7.5   2.1   5.0   0.0   412     0  12.6   6  -6.2   11    0    0   12    0
------------------------------------------------------------------------------------
        14.0   6.2  10.1   0.0  3030    48  28.2 Jun  -6.2  Dec    4    0   41    0

                                Precipitation (mm)

              Dep.   Max        Days of Rain
              From   Obs.           >=
 YR MO Total  Norm   Day Date  0.2  2.0 20.0
---------------------------------------------
 17  1  33.8   0.0  14.2  31    20    5    0
 17  2  64.4   0.0  11.0  22    22   10    0
 17  3  72.0   0.0   7.4   4    22   14    0
 17  4   9.0   0.0   2.4  30    10    1    0
 17  5  79.2   0.0  25.8  27    13    8    1
 17  6 105.6   0.0  18.8   8    21   14    0
 17  7  60.4   0.0  13.2  21    18    8    0
 17  8  95.4   0.0  49.8  14    19    9    1
 17  9  84.8   0.0  14.0   3    23   12    0
 17 10  93.2   0.0  19.0  16    24   11    0
 17 11 100.4   0.0  49.2  22    26   11    1
 17 12  84.2   0.0  15.0  25    27   11    0
---------------------------------------------
       882.4   0.0  49.8  Aug  245  114    3

                                Wind Speed (km/h)
                          Dom
 YR MO   Avg.  Hi   Date  Dir
------------------------------
 17  1   3.9  51.0   26   SSW
 17  2   6.2  69.0    2     S
 17  3   5.6  42.0   22   SSW
 17  4   3.4  43.0    3   WNW
 17  5   3.7  39.0    4   ESE
 17  6   3.0  32.0    6   SSE
 17  7   2.8  31.0   21   SSW
 17  8   3.0  39.0   16   SSW
 17  9   3.7  47.0    3     S
 17 10   4.2  72.0   16   SSW
 17 11   3.1  42.0    6   WSW
 17 12   3.9  40.0    6   SSW
------------------------------
         3.9  72.0  Oct   SSW