NOAA-Style Climate Reports


Report for 2016 December
                   Monthly Climatological Summary for Dec 2016

Name: Naas South   City: Naas   State: Kildare
Elevation: 116 m  Lat: N 54° 12' 28"   Lon: W 006° 40' 35"

                  Temperature (°C), Rain (mm), Wind Speed (km/h)

                                      Heat  Cool        Avg
    Mean                              Deg   Deg         Wind                 Dom
Day Temp  High   Time   Low    Time   Days  Days  Rain  Speed High   Time    Dir
----------------------------------------------------------------------------------
 1  -1.3   4.6   13:20  -5.0   08:35  19.6   0.0   0.0   0.0   2.0   00:26   ---
 2   0.7   5.4   19:11  -5.7   03:13  17.6   0.0   0.2   0.0  10.0   08:55   ---
 3   5.6   7.2   13:59   4.2   04:42  12.7   0.0   0.0   0.1   6.0   16:09    SW
 4   4.5   7.2   12:23   1.4   23:53  13.8   0.0   0.0   0.6  11.0   14:41   ENE
 5   3.2   7.3   22:38  -1.3   08:22  15.1   0.0   0.0   0.4   8.0   13:21    NE
 6  10.7  12.4   20:45   6.2   00:51   7.6   0.0   0.4   6.7  39.0   21:31    SE
 7  12.7  13.8   12:04  10.6   23:26   5.6   0.0   0.4   9.3  40.0   07:11   SSW
 8  10.8  12.9   14:08   8.6   09:17   7.5   0.0   2.8   3.8  29.0   22:26     S
 9  11.7  12.8   03:20   9.4   23:24   6.6   0.0   0.6   8.0  43.0   01:38   SSW
10   7.2   9.5   00:12   4.9   22:57  11.1   0.0   0.4   3.1  18.0   01:51   SSW
11   5.7   8.2   14:22   4.0   02:34  12.6   0.0   0.4   2.5  13.0   04:21   SSW
12   8.2  10.6   12:25   5.7   00:40  10.1   0.0   1.2   1.3  19.0   03:44     S
13  10.5  12.3   21:01   9.1   04:23   7.8   0.0   4.4   5.5  31.0   23:33     S
14   7.5  12.3   01:34   0.7   23:35  10.8   0.0  24.6   3.9  40.0   01:39     S
15   7.0  10.3   12:17   0.1   00:37  11.3   0.0   0.8   5.0  37.0   12:17     S
16   5.7   9.8   02:46   0.1   21:43  12.6   0.0   4.8   1.1  23.0   02:05   SSW
17   3.2   6.9   13:42  -0.3   05:59  15.1   0.0   0.2   2.3  18.0   21:51     S
18   6.0   7.9   12:21   4.9   00:02  12.3   0.0   0.0   3.4  18.0   18:37     S
19   5.2   8.7   13:12  -1.4   23:28  13.1   0.0   0.4   2.2  18.0   14:09     S
20   2.7   7.4   20:26  -3.3   03:46  15.6   0.0   5.2   4.6  35.0   17:35   SSW
21   5.1   7.5   14:22   3.3   18:54  13.2   0.0   3.6   5.3  23.0   14:02    SW
22   5.2   7.8   14:15   3.7   00:59  13.1   0.0   0.0   6.3  23.0   08:20   SSW
23   7.3  11.0   11:56   4.2   21:52  11.0   0.0   7.0   9.5  48.0   09:47   SSW
24   7.3  10.9   23:49   4.6   00:18  11.0   0.0   3.0   9.6  39.0   10:48    SW
25  10.0  12.9   13:19   5.1   23:46   8.3   0.0   4.8   8.3  37.0   03:49    SW
26   4.0   7.2   13:48   0.9   23:03  14.3   0.0   0.4   3.1  23.0   00:26    SW
27   4.8   7.8   14:14   1.2   02:55  13.5   0.0   0.0   3.3  19.0   13:40     S
28   6.1   9.6   14:14   2.4   19:36  12.2   0.0   0.0   2.9  23.0   13:22     S
29   7.2   8.9   15:38   4.7   03:46  11.1   0.0   0.0   5.1  23.0   20:22   SSW
30   9.7  11.2   13:16   7.0   02:26   8.6   0.0   0.0   5.9  24.0   07:20   SSW
31   8.9   9.9   00:38   5.1   23:58   9.4   0.0   6.4   6.8  24.0   10:42    SW
----------------------------------------------------------------------------------
     6.6  13.8     7    -5.7     2   364.2   0.0  72.0   4.2  48.0    23     SSW

Max >=  27.0:  0
Max <=   0.0:  0
Min <=   0.0:  6
Min <= -18.0:  0
Max Rain: 24.6 on day 14
Days of Rain: 21 (>= 0.2 mm)  10 (>= 2.0 mm)  1 (>= 20.0 mm)
Heat Base: 18.3  Cool Base: 18.3  Method: Integration