NOAA-Style Climate Reports


Report for 2016 November
                   Monthly Climatological Summary for Nov 2016

Name: Naas South   City: Naas   State: Kildare
Elevation: 116 m  Lat: N 54° 12' 28"   Lon: W 006° 40' 35"

                  Temperature (°C), Rain (mm), Wind Speed (km/h)

                                      Heat  Cool        Avg
    Mean                              Deg   Deg         Wind                 Dom
Day Temp  High   Time   Low    Time   Days  Days  Rain  Speed High   Time    Dir
----------------------------------------------------------------------------------
 1   6.5  10.4   12:04  -0.9   23:58  11.8   0.0   0.0   5.6  27.0   12:34   NNE
 2   4.5   9.6   14:17  -1.7   01:16  13.8   0.0   0.0   0.0   5.0   04:40   SSE
 3   7.4   9.1   19:45   5.4   07:34  10.9   0.0   1.2   0.9  13.0   19:23    SE
 4   6.1   9.4   12:44   2.3   08:02  12.2   0.0   0.2   1.2  14.0   11:41   WNW
 5   4.3   8.0   14:14  -0.3   07:48  14.0   0.0   0.2   3.4  24.0   13:16     N
 6   3.1   7.8   13:41  -1.4   23:28  15.2   0.0   0.2   3.8  29.0   14:24     N
 7   1.8   7.4   12:55  -4.3   07:34  16.5   0.0   0.2   0.5  11.0   12:55     N
 8   5.3   9.7   17:52   1.6   04:07  13.0   0.0  14.2   3.9  23.0   14:33   SSE
 9   5.5   9.3   13:50   2.6   08:00  12.7   0.0   1.4   1.3  14.0   03:05     W
10   5.5   9.1   14:50   0.2   23:33  12.8   0.0   0.2   1.2  21.0   11:05   WNW
11   6.5  11.8   23:40  -0.6   03:38  11.8   0.0   6.2   6.2  37.0   19:40    SE
12   9.1  12.2   01:46   3.6   23:46   9.2   0.0   1.0   1.3  21.0   00:02     W
13   8.4  11.1   13:40   3.3   00:24   9.9   0.0   0.2   1.8  16.0   21:00    SE
14  12.8  14.8   18:52  10.1   00:17   5.5   0.0   0.0   2.3  14.0   04:22    SE
15  11.2  14.3   00:15   7.5   17:36   7.1   0.0   1.8   1.2  14.0   03:47   SSW
16   7.9  10.0   07:05   5.1   21:15  10.4   0.0   0.0   3.2  23.0   13:24   SSW
17   3.4   5.5   00:27   0.7   22:27  14.9   0.0  12.8   2.6  18.0   08:18    SE
18   2.2   5.4   13:55  -0.3   05:08  16.1   0.0   0.6   2.1  19.0   12:41    SW
19   0.9   3.2   14:35  -1.1   21:40  17.4   0.0   0.2   2.1  16.0   05:11   SSW
20  -1.5   0.0   14:49  -4.2   06:50  19.8   0.0   0.0   0.3   6.0   10:12    SE
21   1.7   3.8   23:20  -1.1   00:21  16.6   0.0   0.2   8.4  37.0   13:57   NNE
22   3.7   7.2   14:12  -2.7   23:55  14.6   0.0   0.0   5.9  32.0   02:21   NNE
23   0.9   6.8   15:20  -4.8   08:32  17.4   0.0   0.2   0.6  18.0   15:00    NE
24   4.7   8.4   12:27  -0.4   06:45  13.5   0.0   0.2   6.4  26.0   12:21    NE
25   6.1   8.3   11:06   2.9   20:45  12.2   0.0   0.0   6.9  21.0   14:56    NE
26   5.1   8.3   11:42   1.9   04:51  13.2   0.0   0.0   4.0  19.0   13:46    NE
27   8.0   9.9   10:07   5.3   00:00  10.3   0.0   0.0   3.5  19.0   22:08   ENE
28   6.3   7.2   13:05   5.2   23:21  12.0   0.0   0.0   2.3  16.0   13:10   ESE
29   2.0   8.3   13:33  -2.1   07:16  16.3   0.0   0.0   0.5   8.0   04:04     S
30   1.0   8.8   14:36  -3.1   02:53  17.3   0.0   0.4   0.2  10.0   10:56    SW
----------------------------------------------------------------------------------
     5.0  14.8    14    -4.8    23   398.4   0.0  41.6   2.8  37.0    11     ENE

Max >=  27.0:  0
Max <=   0.0:  1
Min <=   0.0: 15
Min <= -18.0:  0
Max Rain: 14.2 on day 8
Days of Rain: 19 (>= 0.2 mm)  3 (>= 2.0 mm)  0 (>= 20.0 mm)
Heat Base: 18.3  Cool Base: 18.3  Method: Integration