NOAA-Style Climate Reports


Report for 2016 October
                   Monthly Climatological Summary for Oct 2016

Name: Naas South   City: Naas   State: Kildare
Elevation: 116 m  Lat: N 54° 12' 28"   Lon: W 006° 40' 35"

                  Temperature (°C), Rain (mm), Wind Speed (km/h)

                                      Heat  Cool        Avg
    Mean                              Deg   Deg         Wind                 Dom
Day Temp  High   Time   Low    Time   Days  Days  Rain  Speed High   Time    Dir
----------------------------------------------------------------------------------
 1   8.5  13.5   14:17   4.4   23:58   9.8   0.0   0.2   1.7  14.0   13:36   NNE
 2   8.8  16.9   15:23   0.5   07:54   9.5   0.0   0.0   2.1  21.0   16:10    SE
 3  14.0  16.6   12:15  11.3   00:00   4.3   0.0   0.0   8.3  37.0   12:26    SE
 5  13.9  16.2   15:24  11.1   21:26   6.1   0.0   0.0   4.7  31.0   13:52   ESE
 6  11.1  15.2   16:19   8.4   08:01   7.2   0.0   0.0   2.5  26.0   16:50    SE
 7  11.4  15.6   14:40   6.8   08:18   6.8   0.0   0.0   1.6  18.0   12:25    SE
 8  12.1  15.7   14:23  10.1   05:09   6.2   0.0   0.0   0.2   6.0   00:08   ENE
 9  11.2  16.8   14:25   6.9   04:47   7.1   0.0   0.0   0.9  13.0   14:49    NE
10   9.3  14.2   16:15   3.7   22:25   9.0   0.0   0.0   1.3  19.0   14:21    NE
12   8.6  14.7   14:17   1.9   04:45  10.7   0.0   0.8   3.2  23.0   14:21   ENE
13   8.8  13.7   14:51   3.3   00:36   9.4   0.0   1.4   1.3  16.0   11:01   ENE
14  10.4  13.8   14:42   3.6   08:17   5.7   0.0   0.2   2.5  19.0   14:15   ESE
15  10.0  13.5   13:29   7.5   20:12   8.3   0.0  26.0   1.8  16.0   18:23    SE
16  11.1  14.0   15:01   9.8   06:19   7.2   0.0   4.6   6.2  35.0   09:55    SE
17  10.7  14.3   15:09   7.7   07:58   7.6   0.0   0.6   2.9  21.0   14:13    SE
18   8.3  11.7   15:42   4.5   23:12  10.1   0.0   1.4   2.6  31.0   12:45     W
19   7.8  12.3   15:21   2.9   02:22  10.5   0.0   0.2   1.0  13.0   13:05   NNW
20   7.5  13.3   15:13   1.7   06:48  10.8   0.0   0.0   0.6  10.0   13:40   NNE
21   9.1  14.6   14:28   4.6   08:20   9.2   0.0   0.0   0.8  14.0   12:05    SE
22   9.3  12.6   12:19   6.9   03:06   9.0   0.0   0.0   0.9  11.0   11:12   ESE
23   7.9  11.1   14:05   2.2   06:20  10.4   0.0   0.2   2.9  27.0   13:01    NE
24   8.0  12.8   14:17   2.2   01:25  10.2   0.0   0.0   5.3  26.0   12:57    NE
25   9.6  14.1   13:50   5.2   06:24   8.7   0.0   0.2   0.2   8.0   16:17     E
26  11.7  14.1   14:56   9.3   07:14   6.6   0.0   0.0   1.4  13.0   14:37    SE
27  13.5  15.7   16:25  11.6   09:19   3.3   0.0   0.0   2.4  23.0   18:51    SE
28  13.1  14.2   15:28  12.4   05:13   5.2   0.0   0.6   0.6  10.0   00:56    SE
29  11.4  12.8   12:51   9.2   23:32   6.9   0.0   0.0   1.8  18.0   12:37    SE
30  10.2  14.7   15:06   7.6   21:22   8.4   0.0   0.0   0.8  14.0   10:33   SSE
31  10.9  13.6   11:58   9.3   00:00   7.4   0.0   0.0   3.3  21.0   19:34   NNE
----------------------------------------------------------------------------------
    10.3  16.9     2     0.5     2   231.6   0.0  36.4   2.1  37.0     3     ESE

Max >=  27.0:  0
Max <=   0.0:  0
Min <=   0.0:  0
Min <= -18.0:  0
Max Rain: 26.0 on day 15
Days of Rain: 12 (>= 0.2 mm)  2 (>= 2.0 mm)  1 (>= 20.0 mm)
Heat Base: 18.3  Cool Base: 18.3  Method: Integration