NOAA-Style Climate Reports


Report for 2016 September
                   Monthly Climatological Summary for Sep 2016

Name: Naas South   City: Naas   State: Kildare
Elevation: 116 m  Lat: N 54° 12' 28"   Lon: W 006° 40' 35"

                  Temperature (°C), Rain (mm), Wind Speed (km/h)

                                      Heat  Cool        Avg
    Mean                              Deg   Deg         Wind                 Dom
Day Temp  High   Time   Low    Time   Days  Days  Rain  Speed High   Time    Dir
----------------------------------------------------------------------------------
 1  13.2  17.5   14:01   8.1   01:56   5.1   0.0   1.0   4.7  27.0   18:55   SSW
 2  15.4  20.1   16:01  12.7   23:45   3.0   0.1   1.0   3.2  21.0   14:05    SW
 3  14.3  18.9   18:11  11.6   03:23   4.0   0.0  14.8   2.6  21.0   18:48   SSE
 4  14.8  19.6   16:15  11.9   00:45   3.5   0.0   4.8   1.6  16.0   22:56   SSW
 5  19.9  26.3   16:18  13.2   00:00   1.0   2.6   6.0   4.5  21.0   12:36   SSW
 6  19.6  23.8   13:15  16.9   07:17   0.3   1.6   0.0   5.5  29.0   13:45     S
 7  18.9  21.3   12:27  17.0   03:40   0.3   0.9   3.6   5.8  32.0   20:42   SSE
 8  15.2  18.3   13:50  13.1   09:15   3.1   0.0   4.4   6.2  29.0   00:28   SSW
 9  13.7  16.9   18:08  11.2   23:59   3.0   0.0   8.4   5.9  42.0   15:01   SSW
10  12.7  18.1   15:47   9.7   07:06   5.5   0.0   0.0   2.7  18.0   16:53   SSW
11  13.8  18.3   15:59   9.1   05:09   4.5   0.0   0.0   9.8  55.0   14:19   SSE
12  17.0  20.1   15:19  12.6   23:58   1.4   0.1   9.6   6.8  35.0   00:50   SSE
13  13.5  16.8   16:18  11.7   03:48   4.8   0.0   2.8   3.1  18.0   18:10   NNE
14  15.7  21.5   16:39  11.7   01:16   3.2   0.6   1.0   4.9  27.0   13:11    NE
15  16.3  20.6   14:40  12.4   05:05   1.4   0.1   0.0   1.5  14.0   14:58     S
16  12.5  18.1   14:38   7.7   07:12   5.8   0.0   0.2   1.8  21.0   12:06    NW
17  13.2  18.4   14:45   8.6   05:16   5.0   0.0   0.0   0.5   8.0   14:00     S
18  13.4  16.1   14:29   9.6   23:52   4.9   0.0   1.8   1.8  24.0   08:30   SSE
19  11.5  14.7   15:42   8.8   00:44   6.8   0.0   0.0   0.6  13.0   14:45     N
20  12.3  17.7   15:23   9.5   01:23   6.0   0.0   0.0   1.8  11.0   10:21   SSE
21  12.4  15.7   13:01   7.9   23:59   5.9   0.0   9.6   3.8  24.0   13:42   SSE
22   9.9  16.3   15:10   4.6   03:26   8.3   0.0   1.4   1.5  19.0   12:20    SE
23  12.4  16.9   14:11   7.5   04:18   5.9   0.0   0.2   7.9  40.0   22:38   SSE
24  15.5  16.9   03:28  12.4   00:00   2.8   0.0   8.2  12.9  47.0   06:33     S
25  10.9  14.3   15:55   8.0   23:25   7.4   0.0   1.8   4.7  27.0   11:30   SSW
26  12.5  18.1   15:40   8.2   00:25   5.8   0.0   3.0   2.1  14.0   02:00   SSE
27  15.2  18.6   16:39  12.6   21:55   3.1   0.0   0.4   5.2  26.0   05:17   SSW
28  16.5  22.3   14:52  12.6   02:35   2.4   0.6   4.4   8.8  32.0   16:21   SSW
29  12.0  15.7   13:44   8.7   23:25   6.3   0.0   1.0   5.4  26.0   06:14    SW
30   9.6  14.7   15:04   6.0   23:51   8.7   0.0   5.6   3.3  18.0   02:16   SSW
----------------------------------------------------------------------------------
    14.1  26.3     5     4.6    22   129.2   6.6  95.0   4.3  55.0    11       S

Max >=  27.0:  0
Max <=   0.0:  0
Min <=   0.0:  0
Min <= -18.0:  0
Max Rain: 14.8 on day 3
Days of Rain: 23 (>= 0.2 mm)  13 (>= 2.0 mm)  0 (>= 20.0 mm)
Heat Base: 18.3  Cool Base: 18.3  Method: Integration