NOAA-Style Climate Reports


Report for 2016 August
                   Monthly Climatological Summary for Aug 2016

Name: Naas South   City: Naas   State: Kildare
Elevation: 116 m  Lat: N 54° 12' 28"   Lon: W 006° 40' 35"

                  Temperature (°C), Rain (mm), Wind Speed (km/h)

                                      Heat  Cool        Avg
    Mean                              Deg   Deg         Wind                 Dom
Day Temp  High   Time   Low    Time   Days  Days  Rain  Speed High   Time    Dir
----------------------------------------------------------------------------------
 1  14.4  17.4   17:50  11.2   02:31   3.9   0.0   0.0   2.3  18.0   11:11   SSE
 2  17.8  23.2   17:49  14.0   00:00   1.5   1.0   4.6   1.3  14.0   14:55     S
 3  15.8  18.8   14:51  13.9   04:33   2.5   0.0   1.8   4.4  31.0   12:36   SSE
 4  16.1  20.7   14:46  13.6   23:35   2.3   0.1   2.6   2.5  18.0   11:36   WNW
 5  15.9  21.5   14:57  11.7   04:01   2.8   0.4   0.4   0.9  13.0   13:20   WSW
 6  17.3  22.4   15:22  11.5   03:20   2.0   1.0   0.0   3.8  27.0   16:46    SE
 7  16.3  21.5   15:33  10.9   23:51   2.4   0.3   0.6   4.4  32.0   17:47   SSW
 8  13.5  18.1   12:10   9.1   23:56   4.8   0.0   2.0   2.9  23.0   01:53   WNW
 9  12.3  16.7   13:08   8.2   00:39   6.0   0.0   0.0   2.6  19.0   15:24    NW
10  12.9  15.1   18:15  10.6   03:49   5.4   0.0   4.2   1.8  18.0   10:28   WNW
11  14.9  18.9   14:53  11.7   02:07   3.4   0.0   0.6   2.8  21.0   14:05   WSW
12  16.4  21.0   15:25  12.8   02:35   2.3   0.4   0.0   3.2  21.0   11:58    SE
13  15.3  18.3   17:00  12.7   04:50   3.0   0.0   0.6   2.0  16.0   00:25     W
14  15.0  17.9   14:37  12.9   05:39   3.3   0.0   0.0   0.4   8.0   10:28   SSE
15  16.0  23.3   15:15   6.7   06:15   3.7   1.3   0.0   2.9  23.0   12:12   SSE
16  17.5  25.2   15:25   8.4   04:09   2.9   2.2   0.0   2.1  16.0   13:18   SSE
17  16.7  19.7   14:51  14.0   22:49   1.7   0.1  11.6   1.6  14.0   00:11   SSE
18  16.3  19.8   17:30  13.3   05:47   2.2   0.2   0.0   1.5  16.0   13:21    NE
19  15.9  20.8   13:21  13.2   05:47   2.6   0.2   6.4   7.1  32.0   07:37   SSE
20  15.4  18.8   14:51  14.1   06:54   2.9   0.0  15.6   6.0  34.0   06:29   SSW
21  15.8  17.9   18:23  12.8   07:20   2.5   0.0   3.4   3.1  19.0   13:11   SSE
22  18.2  22.6   17:11  15.4   22:47   0.9   0.8   1.6   2.5  18.0   03:24     S
23  15.4  18.1   15:20  12.9   23:50   2.9   0.0  13.4   0.7  10.0   09:37   WSW
24  15.1  22.5   16:45   8.4   06:18   4.0   0.7   0.0   0.3  13.0   14:44   SSE
25  15.3  23.7   15:38   7.6   06:39   3.9   1.1   0.0   1.4  23.0   10:33   SSE
26  15.1  21.1   14:04  10.2   06:04   3.6   0.4   0.2   1.9  18.0   12:40     S
27  15.1  22.3   15:53   8.2   06:42   3.8   0.6   0.0   2.5  18.0   18:09   ENE
28  15.7  21.8   14:32   9.9   23:57   3.0   0.4   0.0   2.5  16.0   14:34     N
29  15.0  23.3   16:25   5.6   06:41   4.4   1.2   0.0   1.1  16.0   16:45   SSE
30  16.5  20.7   16:00  13.3   05:24   2.0   0.3   0.0   3.8  32.0   15:25   SSE
31  14.6  18.2   12:21   9.2   23:57   3.7   0.0   3.0   3.4  24.0   00:19    SW
----------------------------------------------------------------------------------
    15.6  25.2    16     5.6    29    96.3  12.7  72.6   2.6  34.0    20       S

Max >=  27.0:  0
Max <=   0.0:  0
Min <=   0.0:  0
Min <= -18.0:  0
Max Rain: 15.6 on day 20
Days of Rain: 17 (>= 0.2 mm)  10 (>= 2.0 mm)  0 (>= 20.0 mm)
Heat Base: 18.3  Cool Base: 18.3  Method: Integration