NOAA-Style Climate Reports


Report for 2016 July
                   Monthly Climatological Summary for Jul 2016

Name: Naas South   City: Naas   State: Kildare
Elevation: 116 m  Lat: N 54° 12' 28"   Lon: W 006° 40' 35"

                  Temperature (°C), Rain (mm), Wind Speed (km/h)

                                      Heat  Cool        Avg
    Mean                              Deg   Deg         Wind                 Dom
Day Temp  High   Time   Low    Time   Days  Days  Rain  Speed High   Time    Dir
----------------------------------------------------------------------------------
 1  11.6  15.4   12:10   7.6   23:55   6.7   0.0   7.6   2.3  24.0   12:23    SW
 2  12.3  17.1   16:42   7.2   02:08   6.0   0.0   0.6   3.1  23.0   11:46     W
 3  14.2  20.8   16:01   8.7   03:44   4.3   0.2   0.0   1.4  13.0   14:52    SW
 4  13.8  19.2   14:16   7.3   02:23   4.6   0.0   1.0   3.6  24.0   11:38    SE
 5  13.4  18.1   18:30   8.3   03:19   4.9   0.0   0.0   1.7  18.0   11:58   WNW
 6  15.3  19.0   14:21  10.7   00:00   3.0   0.0   0.0   3.2  24.0   19:34    SE
 7  16.9  22.8   16:44  12.2   06:05   2.4   1.0   1.4   3.6  19.0   19:53   SSE
 8  16.6  21.4   15:09  13.9   05:12   2.1   0.4   0.0   3.9  23.0   06:51   SSW
 9  17.7  22.3   15:31  14.8   23:41   1.4   0.8   5.2   5.0  31.0   13:24    SE
10  15.4  18.6   10:14  13.8   02:14   2.9   0.0   4.0   6.8  34.0   11:48   SSE
11  14.5  19.8   16:21  11.6   23:58   3.9   0.1   4.6   2.9  18.0   04:22     W
12  12.7  17.1   16:31   7.9   03:50   5.6   0.0   0.0   1.2  13.0   18:53   WNW
13  12.5  16.8   14:09   9.5   06:05   5.8   0.0   4.8   1.8  14.0   10:37   WNW
14  13.5  19.4   14:54   7.9   05:22   4.8   0.0   0.0   1.8  19.0   23:44   SSW
15  17.8  24.1   14:49  11.4   01:47   2.0   1.5   8.0   6.2  32.0   13:30   SSW
16  17.0  22.0   17:44  12.6   23:42   1.9   0.6   1.2   2.3  18.0   10:37   WSW
17  17.9  24.3   15:26  12.1   01:29   2.0   1.6   0.0   2.8  19.0   12:41    SW
18  21.5  27.3   16:22  16.1   04:07   0.4   3.7   0.0   2.8  18.0   11:20   SSE
19  22.7  30.3   13:28  13.3   04:54   1.0   5.5   0.0   1.9  19.0   22:24   SSE
20  18.4  20.8   14:39  14.8   22:36   0.5   0.6   0.6   2.1  19.0   15:31     W
21  17.6  23.0   15:30  14.3   05:32   1.6   0.9   0.0   4.0  23.0   14:14    SE
22  16.8  20.1   15:05  13.6   07:48   1.7   0.2   2.0   1.7  14.0   14:45   WNW
23  17.1  20.8   16:57  14.6   23:24   1.6   0.4   0.0   2.0  19.0   10:25    SE
24  15.8  21.4   16:14  12.2   03:03   2.8   0.3   2.2   1.9  21.0   18:53     W
25  14.4  18.8   15:18  11.1   01:40   3.9   0.0   1.6   1.4  16.0   13:15    SW
26  15.9  20.3   16:04  13.2   00:52   2.6   0.1   7.8   1.4  13.0   12:59   SSE
27  15.7  19.8   19:26  12.6   08:11   2.6   0.1   1.6   1.9  13.0   01:23   NNW
28  16.5  20.3   15:15  13.8   04:44   2.0   0.2   1.4   2.1  16.0   10:17   WSW
29  15.6  21.4   16:01  12.1   08:05   3.0   0.3   1.4   3.0  16.0   06:33   NNE
30  14.7  18.6   15:05  11.9   05:34   3.6   0.0   1.4   1.2  11.0   10:47    NW
31  14.2  19.1   18:51   9.2   06:19   4.1   0.0   0.8   1.1  13.0   15:08   WNW
----------------------------------------------------------------------------------
    15.8  30.3    19     7.2     2    95.7  18.5  59.2   2.7  34.0    10     SSW

Max >=  27.0:  2
Max <=   0.0:  0
Min <=   0.0:  0
Min <= -18.0:  0
Max Rain: 8.0 on day 15
Days of Rain: 20 (>= 0.2 mm)  9 (>= 2.0 mm)  0 (>= 20.0 mm)
Heat Base: 18.3  Cool Base: 18.3  Method: Integration