NOAA-Style Climate Reports


Report for 2016 June
                   Monthly Climatological Summary for Jun 2016

Name: Naas South   City: Naas   State: Kildare
Elevation: 116 m  Lat: N 54° 12' 28"   Lon: W 006° 40' 35"

                  Temperature (°C), Rain (mm), Wind Speed (km/h)

                                      Heat  Cool        Avg
    Mean                              Deg   Deg         Wind                 Dom
Day Temp  High   Time   Low    Time   Days  Days  Rain  Speed High   Time    Dir
----------------------------------------------------------------------------------
 1  14.4  21.0   14:44   6.7   05:32   4.3   0.3   0.0   5.3  26.0   20:16    NE
 2  13.9  19.3   16:20   7.1   05:06   4.5   0.1   0.0   5.6  26.0   10:25    NE
 3  14.5  23.4   16:20   3.1   04:50   4.8   1.0   0.0   1.4  19.0   17:13    NE
 4  15.7  23.9   14:26   4.8   05:01   3.7   1.1   0.0   2.6  19.0   13:29    NE
 5  18.7  24.2   12:53  13.8   05:18   1.4   1.9   0.0   1.5  18.0   15:30    SE
 6  18.1  24.2   18:15  10.3   05:25   2.1   1.8   0.4   0.9  18.0   12:57   SSE
 7  18.9  25.1   17:52  15.3   06:21   1.1   1.7   0.0   0.7   8.0   11:01    SE
 8  18.0  22.9   14:19  12.4   05:30   1.6   1.3   0.0   4.0  21.0   14:26    NE
 9  16.9  23.2   16:51   9.8   02:40   1.1   0.5   0.0   0.9  14.0   14:10    SE
10  16.6  20.8   14:53  13.2   04:45   2.1   0.4   0.6   0.4  11.0   19:30   SSE
11  16.7  22.0   12:45  13.4   04:45   2.1   0.5   3.8   1.7  18.0   19:55    SE
12  16.2  22.3   16:51  12.7   23:59   2.8   0.6   4.4   1.7  27.0   16:52   WNW
13  14.6  20.6   15:41  11.6   04:59   3.8   0.1  19.4   1.0  14.0   15:25    SE
14  14.0  17.9   16:54  12.6   05:29   4.3   0.0  15.8   2.2  19.0   17:01    NE
15  13.5  18.8   14:30   8.1   03:53   4.8   0.0   1.8   1.5  19.0   14:38     N
16  11.6  13.0   18:48   8.8   03:08   6.7   0.0   2.4   3.8  21.0   20:35     N
17  12.1  14.9   15:10   9.9   02:10   6.2   0.0   0.0   3.6  18.0   12:00     N
18  12.7  19.7   16:53   5.7   04:58   5.7   0.0   0.4   1.1  10.0   11:33    NW
19  15.4  17.6   13:01  12.6   00:00   2.9   0.0  13.0   3.6  26.0   14:26   SSE
20  15.3  18.7   13:52  12.9   23:59   3.0   0.0   1.6   2.5  18.0   15:23     W
21  15.3  20.2   14:47  11.8   05:00   3.1   0.2   0.0   3.5  27.0   18:07    SE
22  15.4  20.4   18:53  11.2   05:01   3.1   0.2   0.0   2.2  16.0   15:32   SSE
23  14.8  20.1   13:33   9.2   02:46   3.7   0.2   3.0   2.4  23.0   16:35    SE
24  13.3  16.1   15:39  11.4   05:19   5.0   0.0   6.8   1.9  21.0   13:24   WSW
25  13.6  16.9   15:43  11.3   01:28   4.7   0.0   1.0   2.4  16.0   08:40   WNW
26  13.9  17.4   15:47  10.1   01:57   4.4   0.0   3.0   1.8  21.0   17:53   WSW
27  14.1  18.4   15:07   9.7   23:39   4.2   0.0   0.0   2.7  19.0   11:58     W
28  12.2  17.1   17:51   8.4   01:12   6.1   0.0   4.4   1.8  14.0   10:05    SE
29  13.4  18.1   13:32  10.4   00:41   4.9   0.0  14.8   3.2  24.0   13:35    SW
30  12.0  15.3   13:33   7.4   03:52   6.3   0.0   0.8   2.4  18.0   12:55    SE
----------------------------------------------------------------------------------
    14.9  25.1     7     3.1     3   114.5  11.9  97.4   2.4  27.0    12     ENE

Max >=  27.0:  0
Max <=   0.0:  0
Min <=   0.0:  0
Min <= -18.0:  0
Max Rain: 19.4 on day 13
Days of Rain: 18 (>= 0.2 mm)  11 (>= 2.0 mm)  0 (>= 20.0 mm)
Heat Base: 18.3  Cool Base: 18.3  Method: Integration