NOAA-Style Climate Reports


Report for 2016 May
                   Monthly Climatological Summary for May 2016

Name: Naas South   City: Naas   State: Kildare
Elevation: 116 m  Lat: N 54° 12' 28"   Lon: W 006° 40' 35"

                  Temperature (°C), Rain (mm), Wind Speed (km/h)

                                      Heat  Cool        Avg
    Mean                              Deg   Deg         Wind                 Dom
Day Temp  High   Time   Low    Time   Days  Days  Rain  Speed High   Time    Dir
----------------------------------------------------------------------------------
 1  11.6  16.2   18:22   6.5   00:37   6.7   0.0   2.2   3.9  23.0   06:41    SE
 2   9.9  13.4   14:01   5.1   23:02   8.4   0.0   4.8   5.2  29.0   16:30     W
 3   9.4  14.8   18:07   4.6   02:14   8.9   0.0   0.0   2.7  23.0   11:23   SSW
 4  10.1  14.2   13:14   6.2   02:04   8.2   0.0   0.0   7.9  39.0   13:32     S
 5  11.9  17.2   15:00   8.6   06:23   6.4   0.0   0.0   4.1  29.0   01:16   SSW
 6  10.4  15.8   15:55   4.5   06:07   7.9   0.0   0.0   5.8  24.0   13:39    NE
 7  10.2  13.7   14:29   6.7   04:53   8.1   0.0   8.2   5.8  26.0   09:06   NNE
 8  16.1  22.8   17:03  11.7   01:35   3.1   0.9   1.4   2.5  21.0   16:36    SE
 9  15.6  20.3   15:26  12.2   00:11   2.3   0.2   0.0   4.3  23.0   09:46    NE
10  13.1  18.1   16:32  10.6   05:34   5.2   0.0   3.6   6.0  26.0   16:38    NE
11  13.0  16.1   13:12  10.7   05:09   5.3   0.0   2.8   6.1  26.0   14:37    NE
12  14.5  19.6   16:01  10.7   07:29   4.0   0.1   0.0   8.4  37.0   15:25    NE
13  13.3  17.9   14:28   9.4   05:50   5.0   0.0   0.0   7.7  26.0   10:57    NE
14  11.4  17.0   19:52   6.9   23:18   6.9   0.0   0.0   3.8  23.0   01:11    NE
15  11.1  18.8   15:49   1.9   05:29   7.2   0.0   0.0   1.9  18.0   12:09   NNE
16  12.1  20.8   16:57   2.8   03:58   6.4   0.3   0.0   1.1  16.0   17:46     N
17  13.1  17.2   12:00   8.2   05:23   5.2   0.0   2.8   2.9  23.0   17:42    SE
18  11.0  15.8   17:04   6.0   23:59   7.3   0.0   2.2   1.9  19.0   14:28    NW
19  11.3  18.4   15:45   4.7   01:59   7.0   0.0   4.6   3.3  24.0   08:37     S
20  11.8  14.7   12:56   9.3   05:42   6.5   0.0   3.6   3.9  29.0   13:45    SE
21  12.1  17.7   12:38   8.2   23:55   6.2   0.0  24.0   3.7  21.0   02:31   SSE
22  10.4  15.7   15:28   5.0   04:16   7.9   0.0   4.8   1.2  21.0   16:31   WNW
23  10.4  16.7   17:28   4.6   05:53   7.9   0.0   0.0   1.2  14.0   09:19   NNW
24  11.3  18.3   14:26   1.5   04:49   7.0   0.0   0.0   4.0  26.0   14:46    NE
25  10.0  14.7   14:48   7.7   00:34   8.3   0.0   0.0   5.7  26.0   15:34    NE
26   9.7  13.3   13:57   6.8   01:03   8.6   0.0   0.0   2.7  14.0   20:18    NE
27  11.8  18.1   12:00   2.4   05:12   6.5   0.0   0.2   2.2  14.0   15:49    NE
28  13.5  19.5   12:59   8.4   05:12   4.8   0.0   1.2   3.2  19.0   12:23    NE
29  15.2  21.7   15:00   8.2   05:45   3.8   0.6   0.0   3.1  19.0   14:42    NE
30  14.9  21.9   15:03   5.8   05:20   4.2   0.8   0.0   2.9  21.0   10:31   NNE
31  15.7  22.7   14:15   6.4   05:07   3.8   1.2   0.0   2.9  21.0   18:19     N
----------------------------------------------------------------------------------
    12.1  22.8     8     1.5    24   195.0   4.1  66.4   4.0  39.0     4      NE

Max >=  27.0:  0
Max <=   0.0:  0
Min <=   0.0:  0
Min <= -18.0:  0
Max Rain: 24.0 on day 21
Days of Rain: 14 (>= 0.2 mm)  11 (>= 2.0 mm)  1 (>= 20.0 mm)
Heat Base: 18.3  Cool Base: 18.3  Method: Integration