NOAA-Style Climate Reports


Report for 2016 April
                   Monthly Climatological Summary for Apr 2016

Name: Naas South   City: Naas   State: Kildare
Elevation: 116 m  Lat: N 54° 12' 28"   Lon: W 006° 40' 35"

                  Temperature (°C), Rain (mm), Wind Speed (km/h)

                                      Heat  Cool        Avg
    Mean                              Deg   Deg         Wind                 Dom
Day Temp  High   Time   Low    Time   Days  Days  Rain  Speed High   Time    Dir
----------------------------------------------------------------------------------
 1   7.5   9.4   15:50   4.6   00:00  10.6   0.0   9.8   7.6  56.0   15:05   SSE
 2   7.3   9.2   16:15   5.2   06:30  11.0   0.0   5.0   4.9  35.0   17:38    SE
 3   7.6  10.3   15:18   5.7   23:18  10.7   0.0   2.6   5.3  27.0   00:28   SSE
 4   7.9  11.8   16:25   5.6   23:57  10.4   0.0   2.8   1.2  16.0   16:38   NNW
 5   6.9  12.2   17:22   1.3   04:24  11.4   0.0   0.4   2.5  21.0   23:49    SW
 6   6.2   9.0   16:19   3.5   23:34  12.1   0.0   3.0   6.9  35.0   12:55     W
 7   6.9  11.6   16:08   3.0   03:07  11.4   0.0   0.2   6.6  31.0   15:35   WNW
 8   6.1   8.6   16:54   0.8   23:48  12.2   0.0   4.4   4.4  31.0   14:52   SSW
 9   3.5   9.9   14:44  -0.6   07:19  14.8   0.0   0.6   2.4  16.0   14:49   SSW
10   5.6  10.7   15:44  -0.8   03:47  12.6   0.0   0.8  10.4  47.0   17:42   ENE
11   7.7   9.0   16:05   6.6   00:42  10.6   0.0   6.2   5.8  29.0   00:08    NE
12   9.6  15.2   16:16   3.7   23:59   8.7   0.0   0.0   1.5  11.0   11:12    SE
13   7.1  14.2   12:53   0.4   06:38  11.2   0.0   2.6   2.3  13.0   13:45    NE
14   8.1  10.8   15:22   5.1   23:39  10.2   0.0   2.2   6.8  29.0   16:26    NE
15   5.5   9.9   15:30   2.4   05:35  12.8   0.0   1.2   6.5  29.0   15:47     N
16   3.7   9.1   14:30  -0.8   05:55  14.5   0.0   0.0   5.5  34.0   16:23     N
17   5.2  10.7   14:41  -1.9   04:38  13.1   0.0   0.0   2.0  13.0   11:43     W
18   8.9  12.9   15:53   5.9   04:08   9.4   0.0   0.4   4.2  19.0   07:59     W
19   9.2  13.4   16:44   3.3   23:59   9.1   0.0   0.0   3.1  14.0   19:34    NE
20   8.5  17.2   15:04  -1.1   05:19   9.8   0.0   0.0   4.2  31.0   18:39    NE
21   9.4  13.0   14:46   4.7   06:13   8.9   0.0   0.0   7.4  31.0   13:33    NE
22   9.3  12.3   13:12   4.8   23:28   9.0   0.0   0.0   8.2  29.0   12:50    NE
23   6.8  13.0   15:24  -0.4   06:03  11.5   0.0   0.0   4.8  23.0   14:48     N
24   7.3  11.3   14:23   0.1   05:46  11.0   0.0   0.0   3.4  21.0   13:42    NW
25   7.7  12.9   14:00   2.8   23:50  10.6   0.0   0.2   8.7  34.0   16:34   NNW
26   4.6   9.2   15:48   1.1   03:56  13.7   0.0   0.2   9.0  34.0   15:50     N
27   4.5  11.1   14:26  -2.0   06:03  13.8   0.0   1.0   2.6  23.0   14:29    NW
28   4.0  10.1   15:48  -0.2   04:06  14.2   0.0   4.6   3.9  34.0   18:20     W
29   5.0  11.2   13:36   0.7   04:27  13.3   0.0   0.8   3.1  24.0   14:13    NW
30   5.9  10.9   18:28   1.3   05:54  12.4   0.0   6.4   1.1  13.0   09:09   SSW
----------------------------------------------------------------------------------
     6.8  17.2    20    -2.0    27   345.0   0.0  55.4   4.8  56.0     1       N

Max >=  27.0:  0
Max <=   0.0:  0
Min <=   0.0:  8
Min <= -18.0:  0
Max Rain: 9.8 on day 1
Days of Rain: 21 (>= 0.2 mm)  11 (>= 2.0 mm)  0 (>= 20.0 mm)
Heat Base: 18.3  Cool Base: 18.3  Method: Integration