NOAA-Style Climate Reports


Report for 2016 March
                   Monthly Climatological Summary for Mar 2016

Name: Naas South   City: Naas   State: Kildare
Elevation: 116 m  Lat: N 54° 12' 28"   Lon: W 006° 40' 35"

                  Temperature (°C), Rain (mm), Wind Speed (km/h)

                                      Heat  Cool        Avg
    Mean                              Deg   Deg         Wind                 Dom
Day Temp  High   Time   Low    Time   Days  Days  Rain  Speed High   Time    Dir
----------------------------------------------------------------------------------
 1   7.9  10.8   10:36   2.1   23:20  10.4   0.0   9.8   7.5  34.0   03:19    SW
 2   3.7   7.1   14:36   0.6   02:01  14.6   0.0   9.6   8.7  45.0   06:29     W
 3   4.4   8.3   12:40  -0.2   23:48  13.9   0.0   5.8   4.2  24.0   16:33    SW
 4   2.5   6.7   16:25  -1.2   03:35  15.8   0.0   3.4   9.2  35.0   15:51     N
 5   3.1   7.8   13:01  -0.3   23:44  15.2   0.0   0.2   6.3  32.0   15:34     N
 6   1.8   5.1   15:44  -2.8   04:05  16.5   0.0   0.0   1.2  10.0   12:29    NW
 7   3.2   8.5   14:39  -1.3   01:53  14.9   0.0   0.2   2.6  23.0   15:13   NNW
 8   5.5   8.7   12:28   2.4   00:00  12.8   0.0   6.6   3.6  26.0   05:12   SSW
 9   5.0   9.7   14:50   1.1   23:59  13.2   0.0   0.4   8.3  31.0   12:59   NNW
10   6.8  12.3   16:33   0.9   00:02  11.5   0.0   0.0   1.5  13.0   20:47   SSE
11   9.4  12.8   15:09   7.1   06:53   8.9   0.0   0.0   6.1  29.0   14:13   SSE
12  10.4  13.2   12:17   8.1   07:31   7.9   0.0   0.0   5.3  24.0   13:00     S
13   9.6  13.5   12:30   5.4   23:01   8.7   0.0   0.0   2.1  16.0   13:01   ESE
14   6.5  11.6   12:35  -1.2   06:38  11.8   0.0   0.0   4.7  24.0   15:28    NE
15   7.7  12.1   12:33   2.2   06:28  10.5   0.0   0.0   6.4  29.0   00:39   ENE
16   7.5  10.0   13:54   5.3   23:44  10.8   0.0   0.0   7.0  24.0   10:28    NE
17   4.3  10.7   15:38  -2.4   06:43  14.0   0.0   0.0   2.3  19.0   09:43   ENE
18   3.3   9.3   13:58  -4.4   05:11  15.0   0.0   0.0   5.9  26.0   18:14   NNE
19   6.0   7.3   13:42   3.9   22:01  11.6   0.0   0.0   5.8  24.0   09:51    NE
20   5.6  10.0   15:58   2.1   23:45  12.7   0.0   0.0   2.9  13.0   06:55   NNE
21   5.2   8.1   14:40   1.4   00:57  13.1   0.0   0.0   1.4  13.0   11:06   WSW
22   6.2   8.6   14:39   5.1   05:31  12.1   0.0   0.0   1.4  11.0   13:45   SSW
23   7.2  11.2   13:26   4.8   02:09  11.1   0.0   0.0   2.9  21.0   11:12   SSW
24   7.2  11.1   13:02   2.6   23:36  11.1   0.0   3.2   5.2  29.0   07:02   SSW
25   7.9  13.2   13:32   2.9   03:10  10.4   0.0   0.0  10.0  55.0   19:57     S
26   7.7  10.2   14:04   3.6   21:13  10.6   0.0  10.0  11.8  47.0   03:21     S
27   5.9   9.0   13:53   2.2   23:47  11.8   0.0   2.0   9.4  42.0   14:05     S
28   5.0  11.2   15:54  -0.7   02:36  13.3   0.0   0.0   2.5  18.0   14:30   WSW
29   4.9  10.4   14:30   1.1   22:48  13.4   0.0   0.0   4.8  29.0   14:10   SSW
30   4.6  10.6   16:08   0.6   05:42  13.7   0.0   0.2   3.1  29.0   16:15   WSW
31   5.3  12.5   17:06  -0.8   05:25  12.9   0.0   0.0   2.1  21.0   22:50   SSW
----------------------------------------------------------------------------------
     5.8  13.5    13    -4.4    18   384.2   0.0  51.4   5.0  55.0    25     SSW

Max >=  27.0:  0
Max <=   0.0:  0
Min <=   0.0: 10
Min <= -18.0:  0
Max Rain: 10.0 on day 26
Days of Rain: 12 (>= 0.2 mm)  8 (>= 2.0 mm)  0 (>= 20.0 mm)
Heat Base: 18.3  Cool Base: 18.3  Method: Integration