NOAA-Style Climate Reports


Report for 2016 February
                   Monthly Climatological Summary for Feb 2016

Name: Naas South   City: Naas   State: Kildare
Elevation: 116 m  Lat: N 54° 12' 28"   Lon: W 006° 40' 35"

                  Temperature (°C), Rain (mm), Wind Speed (km/h)

                                      Heat  Cool        Avg
    Mean                              Deg   Deg         Wind                 Dom
Day Temp  High   Time   Low    Time   Days  Days  Rain  Speed High   Time    Dir
----------------------------------------------------------------------------------
 1   8.9  11.3   01:16   4.9   23:14   9.4   0.0   1.2  10.7  48.0   14:41    SW
 2   3.8   6.6   14:43   1.1   23:43  14.5   0.0   0.8   5.7  29.0   05:01    SW
 3   4.6   7.6   14:36   0.7   01:14  13.7   0.0   0.6   5.9  27.0   21:58   WSW
 4   9.5  11.1   13:13   6.6   00:00   8.8   0.0   1.2   5.0  26.0   22:30    SW
 5   6.6   9.0   11:04   2.2   21:39  11.7   0.0   8.0   8.6  42.0   07:09   SSW
 6   5.3   9.1   12:48   2.5   00:00  12.9   0.0   2.6   9.0  39.0   11:29     S
 7   4.3   7.7   17:32   1.7   03:22  14.0   0.0   5.2  10.4  37.0   14:19   SSW
 8   5.2   7.5   12:37   2.8   23:38  13.1   0.0   6.4   9.6  39.0   00:33    SW
 9   2.2   4.1   16:35   0.7   05:18  16.1   0.0   8.4   6.6  31.0   17:37   WSW
10   2.8   7.3   14:10   0.2   22:13  15.5   0.0   0.2   1.1  11.0   13:51   WSW
11   2.4   7.1   13:04  -2.1   23:25  15.9   0.0   0.0   0.9  13.0   04:39   ENE
12   2.8   6.1   14:16  -2.8   03:12  15.5   0.0   1.8   2.8  32.0   23:27     E
13   4.9   6.3   11:21   3.9   19:42  13.4   0.0   0.4   7.0  27.0   01:13     E
14   2.6   6.2   12:56  -1.3   23:35  15.7   0.0   1.6   5.4  32.0   12:57    NE
15   0.7   6.7   15:55  -4.6   06:27  17.6   0.0   0.0   1.4  18.0   23:07    SE
16   6.4   8.7   21:48   2.8   00:00  11.9   0.0  17.0  12.0  50.0   12:18   SSE
17   2.2   5.4   15:02  -1.4   20:36  16.1   0.0   9.4   1.6  16.0   16:19     W
18   1.9   7.5   14:19  -1.9   04:40  16.4   0.0   0.2   3.2  19.0   14:20     S
19   6.5   9.7   15:50   1.3   00:00  11.8   0.0   0.8   7.3  34.0   07:27     S
20   7.9   9.7   12:20   6.2   09:07  10.4   0.0   6.0   6.0  27.0   06:37    SW
21   9.5  11.3   12:07   4.9   23:41   8.8   0.0   9.8   7.0  32.0   03:16   SSW
22   4.4   7.6   13:41   0.3   23:57  13.9   0.0   0.0   2.4  14.0   11:13     W
23   2.1   7.9   13:49  -3.9   23:58  16.1   0.0   0.0   1.9  18.0   10:41   NNE
24   0.3   7.8   13:43  -6.2   07:34  18.0   0.0   0.2   0.7  11.0   14:42    NW
25   1.3   5.2   14:09  -4.3   01:03  16.9   0.0   0.0   1.6  14.0   21:21    SE
26   5.1   7.8   11:03   2.9   02:50  13.2   0.0   0.0   3.0  19.0   10:57   SSE
27   3.5   5.7   14:10   0.6   21:16  14.8   0.0   0.4   1.4  11.0   10:23    NE
28   3.4   7.1   13:21   1.4   00:11  14.9   0.0   0.0   1.6  11.0   13:22     E
29   5.1   9.8   23:04   1.1   00:36  13.2   0.0  10.0   7.9  40.0   12:41     S
----------------------------------------------------------------------------------
     4.4  11.3     1    -6.2    24   404.2   0.0  92.2   5.1  50.0    16     SSW

Max >=  27.0:  0
Max <=   0.0:  0
Min <=   0.0:  9
Min <= -18.0:  0
Max Rain: 17.0 on day 16
Days of Rain: 22 (>= 0.2 mm)  10 (>= 2.0 mm)  0 (>= 20.0 mm)
Heat Base: 18.3  Cool Base: 18.3  Method: Integration