NOAA-Style Climate Reports


Report for 2016 January
                   Monthly Climatological Summary for Jan 2016

Name: Naas South   City: Naas   State: Kildare
Elevation: 116 m  Lat: N 54° 12' 28"   Lon: W 006° 40' 35"

                  Temperature (°C), Rain (mm), Wind Speed (km/h)

                                      Heat  Cool        Avg
    Mean                              Deg   Deg         Wind                 Dom
Day Temp  High   Time   Low    Time   Days  Days  Rain  Speed High   Time    Dir
----------------------------------------------------------------------------------
 1   5.7   8.7   17:07   0.7   00:47  12.6   0.0   2.0   7.9  42.0   15:47    SE
 2   7.9   9.6   11:59   4.8   23:59  10.4   0.0   2.0   3.8  29.0   00:10   ESE
 3   7.2   9.8   13:48   4.2   01:02  11.1   0.0   3.2   6.1  37.0   07:44     S
 4   5.5   9.6   14:31   1.6   20:55  12.8   0.0   0.2   1.4  13.0   00:17     S
 5   5.3   6.3   11:09   2.9   00:00  13.0   0.0  15.6   5.9  24.0   13:30   NNE
 6   5.3   7.9   23:58   2.4   09:07  13.0   0.0   6.2   4.0  43.0   22:39   SSE
 7   4.3   9.1   01:01   1.3   17:07  14.0   0.0   0.2   5.3  40.0   06:13    SW
 8   4.2   6.8   14:06   2.7   23:33  14.1   0.0   0.6   3.6  23.0   14:09   SSW
 9   3.5   5.8   12:47   0.7   02:20  14.8   0.0  14.0   2.7  24.0   10:40     E
10   2.8   6.1   14:04   1.5   08:22  15.5   0.0   0.4   5.2  24.0   13:24    SW
11   2.6   4.5   15:07   0.0   06:04  15.7   0.0   0.2   3.1  21.0   21:35     W
12   2.9   6.1   13:30  -0.6   23:59  15.4   0.0   0.2   6.2  31.0   12:22    NW
13   1.7   3.9   12:47  -1.3   00:30  16.6   0.0   1.0   2.1  14.0   13:05   SSE
14   0.9   4.4   14:13  -0.8   03:58  17.4   0.0   1.2   1.9  23.0   17:41   WNW
15   0.5   4.0   15:21  -2.2   22:39  17.8   0.0   0.2   1.5  13.0   01:13     W
16   1.7   4.9   20:08  -2.9   03:38  16.6   0.0   0.2   0.7  10.0   12:16    SE
17   6.2   8.3   13:13   3.3   06:45  12.1   0.0   0.4   3.9  23.0   19:03   SSE
18   6.4   7.6   00:00   2.7   23:56  11.9   0.0   0.0   2.2  18.0   00:53    SE
19   4.2   7.1   13:10   1.1   03:33  14.0   0.0   0.0   0.7  11.0   19:55   SSE
20   2.3   6.0   12:36  -3.2   08:05  15.8   0.0   1.6   3.2  23.0   12:59   SSE
21   9.6  11.5   23:26   5.4   00:00   8.7   0.0   0.6  11.1  37.0   09:01    SE
22   9.9  11.9   02:37   6.5   23:52   8.4   0.0   2.6   5.4  32.0   00:36   ESE
23   9.2  11.9   22:52   6.2   01:18   9.1   0.0   0.6   6.3  34.0   16:33    SE
24  12.5  13.5   14:19  11.7   00:00   5.8   0.0   0.0   8.1  40.0   20:41   SSE
25   9.8  12.9   05:24   5.8   19:56   8.5   0.0   1.2  10.8  48.0   04:52   SSW
26  10.2  13.3   14:22   8.3   00:00   8.1   0.0  11.8  13.0  58.0   05:39   SSW
27   7.1  12.3   01:49   1.1   23:42  11.2   0.0   3.4   8.4  40.0   07:11    SW
28   6.2  11.1   23:56   1.2   00:16  12.0   0.0   6.8  10.8  47.0   14:50   SSW
29   8.6  11.2   00:15   5.2   23:53   9.7   0.0   3.0  10.2  53.0   06:34    SW
30   2.6   5.2   00:00   1.0   09:20  15.7   0.0   0.2   5.9  24.0   07:58    SW
31   8.8  11.9   13:01   2.4   00:00   9.5   0.0   3.6   6.6  29.0   16:52    SW
----------------------------------------------------------------------------------
     5.7  13.5    24    -3.2    20   391.3   0.0  83.2   5.4  58.0    26       S

Max >=  27.0:  0
Max <=   0.0:  0
Min <=   0.0:  7
Min <= -18.0:  0
Max Rain: 15.6 on day 5
Days of Rain: 28 (>= 0.2 mm)  12 (>= 2.0 mm)  0 (>= 20.0 mm)
Heat Base: 18.3  Cool Base: 18.3  Method: Integration