NOAA-Style Climate Reports


Report for 2016
                   Annual Climatological Summary for 2016

Name: Naas South   City: Naas   State: Kildare
Elevation: 116 m  Lat: N 54° 12' 28"   Lon: W 006° 40' 35"

                  Temperature (°C), Heat Base: 18.3  Cool Base: 18.3
                          Dep.  Heat  Cool                       Max  Max  Min  Min
        Mean  Mean        From  Deg   Deg                        >=   <=   <=   <=
 YR MO  Max   Min   Mean  Norm  Days  Days  Hi  Date  Low  Date 27.0  0.0  0.0 -18.0
------------------------------------------------------------------------------------
 16  1   8.5   2.4   5.7   0.0   391     0  13.5  24  -3.2   20    0    0    7    0
 16  2   7.8   0.7   4.4   0.0   404     0  11.3   1  -6.2   24    0    0    9    0
 16  3  10.1   1.6   5.8   0.0   384     0  13.5  13  -4.4   18    0    0   10    0
 16  4  11.3   2.2   6.8   0.0   345     0  17.2  20  -2.0   27    0    0    8    0
 16  5  17.5   6.8  12.1   0.0   195     4  22.8   8   1.5   24    0    0    0    0
 16  6  19.8  10.2  14.9   0.0   114    11  25.1   7   3.1    3    0    0    0    0
 16  7  20.7  11.6  15.8   0.0    95    18  30.3  19   7.2    2    2    0    0    0
 16  8  20.4  11.2  15.6   0.0    96    12  25.2  16   5.6   29    0    0    0    0
 16  9  18.4  10.5  14.1   0.0   129     6  26.3   5   4.6   22    0    0    0    0
 16 10  14.2   6.4  10.3   0.0   231     0  16.9   2   0.5    2    0    0    0    0
 16 11   8.5   1.0   5.0   0.0   398     0  14.8  14  -4.8   23    0    1   15    0
 16 12   9.4   3.1   6.6   0.0   364     0  13.8   7  -5.7    2    0    0    6    0
------------------------------------------------------------------------------------
        13.9   5.6   9.8   0.0  3149    53  30.3 Jul  -6.2  Feb    2    1   55    0

                                Precipitation (mm)

              Dep.   Max        Days of Rain
              From   Obs.           >=
 YR MO Total  Norm   Day Date  0.2  2.0 20.0
---------------------------------------------
 16  1  83.2   0.0  15.6   5    28   12    0
 16  2  92.2   0.0  17.0  16    22   10    0
 16  3  51.4   0.0  10.0  26    12    8    0
 16  4  55.4   0.0   9.8   1    21   11    0
 16  5  66.4   0.0  24.0  21    14   11    1
 16  6  97.4   0.0  19.4  13    18   11    0
 16  7  59.2   0.0   8.0  15    20    9    0
 16  8  72.6   0.0  15.6  20    17   10    0
 16  9  95.0   0.0  14.8   3    23   13    0
 16 10  36.4   0.0  26.0  15    12    2    1
 16 11  41.6   0.0  14.2   8    19    3    0
 16 12  72.0   0.0  24.6  14    21   10    1
---------------------------------------------
       822.8   0.0  26.0  Oct  227  110    3

                                Wind Speed (km/h)
                          Dom
 YR MO   Avg.  Hi   Date  Dir
------------------------------
 16  1   5.4  58.0   26     S
 16  2   5.1  50.0   16   SSW
 16  3   5.0  55.0   25   SSW
 16  4   4.8  56.0    1   NNE
 16  5   4.0  39.0    4    NE
 16  6   2.4  27.0   12    NE
 16  7   2.7  34.0   10   SSW
 16  8   2.6  34.0   20     S
 16  9   4.3  55.0   11     S
 16 10   2.2  37.0    3   ESE
 16 11   2.8  37.0   11    NE
 16 12   4.2  48.0   23   SSW
------------------------------
         3.8  58.0  Jan   SSE