NOAA-Style Climate Reports


Report for 2015 December
                   Monthly Climatological Summary for Dec 2015

Name: Naas South   City: Naas   State: Kildare
Elevation: 116 m  Lat: N 54° 12' 28"   Lon: W 006° 40' 35"

                  Temperature (°C), Rain (mm), Wind Speed (km/h)

                                      Heat  Cool        Avg
    Mean                              Deg   Deg         Wind                 Dom
Day Temp  High   Time   Low    Time   Days  Days  Rain  Speed High   Time    Dir
----------------------------------------------------------------------------------
 1  11.2  13.4   14:22   4.6   00:14   7.1   0.0   1.6   9.9  37.0   17:12   SSW
 2   9.3  11.9   09:28   4.8   20:47   9.0   0.0   1.8   6.3  40.0   07:15   SSW
 3   4.1   5.8   00:05   1.9   21:32  14.2   0.0  25.6   2.3  27.0   13:24   NNE
 4   8.5  11.4   18:17   3.1   00:00   9.8   0.0   2.6  10.0  51.0   17:51     S
 5  11.0  12.3   20:25  10.1   01:36   7.3   0.0  14.2  15.6  58.0   17:44     S
 6   7.5  12.6   05:03   4.2   17:59  10.8   0.0   2.6   5.6  51.0   01:41   SSW
 7  12.1  13.1   14:54   7.8   00:06   6.2   0.0   4.4  12.5  53.0   10:38     S
 8   6.9  12.0   00:00   2.8   22:23  11.4   0.0   1.0   8.6  40.0   12:00     S
 9   8.9  10.9   12:13   3.5   00:25   9.4   0.0  10.4  13.6  53.0   03:21     S
10   6.1   8.7   00:08   4.2   23:33  12.2   0.0   3.0   6.4  39.0   00:29   SSW
11   4.3   7.3   13:53   2.9   08:12  14.0   0.0   0.6   5.3  24.0   10:39   SSW
12   4.8  11.6   10:50   1.6   22:38  13.5   0.0  26.0   4.5  35.0   09:05   ENE
13   6.0   9.3   18:25   2.1   00:47  12.3   0.0   1.4   1.6  19.0   19:10    SE
14   9.4  10.5   14:34   7.9   23:05   8.9   0.0   6.4   3.0  18.0   13:01    SE
15  10.7  12.7   18:51   7.5   00:52   7.6   0.0   2.8   5.3  27.0   13:45   ESE
16  12.4  13.4   21:48  11.3   08:56   5.9   0.0   1.6   7.5  40.0   22:17     S
17  11.7  13.4   00:00   9.7   23:45   6.6   0.0   4.0   9.8  45.0   02:38     S
18  11.7  14.0   22:42   9.6   00:39   6.6   0.0   1.6  11.3  47.0   23:12     S
19  12.5  13.9   00:00   9.1   22:44   5.8   0.0   5.8  11.5  45.0   06:24     S
20   7.9   9.3   12:50   4.9   23:14  10.4   0.0   0.6   9.7  47.0   06:10   SSW
21   7.6  10.6   09:59   3.6   02:51  10.7   0.0   2.8   8.9  51.0   23:56     S
22   9.4  13.1   03:59   6.4   20:01   8.9   0.0   4.2  11.0  48.0   01:10   SSW
23   7.1  10.8   20:55   3.3   06:31  11.2   0.0   3.2  12.9  58.0   20:26     S
24   4.8  10.3   00:00   1.2   21:51  13.6   0.0  11.8   8.6  63.0   00:28   SSW
25   5.9  11.2   21:07   1.6   01:38  12.4   0.0  12.0   4.1  21.0   14:21   ESE
26   7.1  11.6   02:27   2.1   23:23  11.2   0.0  17.0   1.7  18.0   00:03   SSE
27   6.5  12.1   17:25  -0.7   06:49  11.8   0.0   0.4   5.2  43.0   17:47   SSE
28  11.3  13.0   14:16   7.7   22:53   7.0   0.0   8.6  13.6  63.0   09:27     S
29   8.9  12.6   23:14   5.7   08:50   9.4   0.0   6.8  14.8  64.0   20:37   SSW
30   8.1  12.8   03:11   4.0   16:33  10.2   0.0  14.6  12.5  66.0   12:28   SSW
31   3.4   6.4   13:40   0.9   21:57  14.9   0.0   1.8   6.9  35.0   09:18    SW
----------------------------------------------------------------------------------
     8.3  14.0    18    -0.7    27   310.3   0.0 201.2   8.4  66.0    30       S

Max >=  27.0:  0
Max <=   0.0:  0
Min <=   0.0:  1
Min <= -18.0:  0
Max Rain: 26.0 on day 12
Days of Rain: 31 (>= 0.2 mm)  21 (>= 2.0 mm)  2 (>= 20.0 mm)
Heat Base: 18.3  Cool Base: 18.3  Method: Integration