NOAA-Style Climate Reports


Report for 2015 November
                   Monthly Climatological Summary for Nov 2015

Name: Naas South   City: Naas   State: Kildare
Elevation: 116 m  Lat: N 54° 12' 28"   Lon: W 006° 40' 35"

                  Temperature (°C), Rain (mm), Wind Speed (km/h)

                                      Heat  Cool        Avg
    Mean                              Deg   Deg         Wind                 Dom
Day Temp  High   Time   Low    Time   Days  Days  Rain  Speed High   Time    Dir
----------------------------------------------------------------------------------
 1   9.9  14.2   14:59   4.1   04:44   8.4   0.0   0.2   1.0  16.0   10:01   SSW
 2  10.3  16.9   14:26   3.1   22:56   8.0   0.0   0.2   1.5  16.0   10:23   SSW
 3   9.1  14.7   12:12   3.2   02:59   9.2   0.0   0.2   0.5   8.0   02:13     E
 4   9.0  11.5   15:56   5.4   22:32   9.3   0.0   0.0   0.2   5.0   01:32   ENE
 5  10.8  14.0   14:32   5.9   00:30   7.5   0.0   5.0   1.2  24.0   13:58     S
 6  12.3  15.4   13:38   8.9   22:00   6.0   0.0   1.8   5.8  42.0   07:28     S
 7  10.1  11.9   12:10   7.8   23:51   8.2   0.0  12.8   3.5  26.0   10:57   SSW
 8  10.1  14.3   10:51   5.9   20:15   8.2   0.0  14.0   9.0  47.0   06:46     S
 9  12.8  15.9   20:46   7.1   00:00   5.5   0.0   6.6  12.7  43.0   03:48   SSW
10  15.2  16.1   13:21  13.7   23:59   3.1   0.0   0.4  11.6  39.0   12:46   SSW
11  11.9  14.8   12:34   7.9   23:46   6.4   0.0  12.6   6.5  29.0   03:57   SSW
12   9.7  14.0   13:10   6.2   22:14   8.6   0.0   1.8  10.6  55.0   12:39   SSW
13   4.7   8.4   14:21   2.2   08:23  13.6   0.0   5.8   7.3  34.0   10:31    SW
14   9.6  13.9   23:53   4.5   00:00   8.7   0.0  25.0   6.5  32.0   19:02     S
15  13.9  14.9   14:05  10.1   23:56   4.4   0.0   2.6   8.5  51.0   22:50     S
16   7.1  10.1   00:00   5.3   07:18  11.2   0.0   0.6   6.0  29.0   11:03    SW
17   8.6  13.6   12:53   5.9   00:21   8.9   0.0   3.6   6.8  56.0   16:03    SW
18   9.8  11.8   11:37   6.8   00:36   8.5   0.0  12.6   8.7  42.0   15:46    SW
19   7.4   9.2   11:55   3.4   23:58  10.9   0.0   0.0   3.5  19.0   00:58    SW
20   3.5   7.7   12:52   0.6   20:59  14.8   0.0   0.2   4.2  24.0   13:11     W
21   3.2   4.9   14:46   1.4   00:00  15.1   0.0   0.4   4.9  37.0   02:33   NNW
22   2.8   7.5   13:01  -2.0   23:23  15.5   0.0   0.0   1.4  18.0   11:37   NNE
23   4.3   9.1   20:42  -2.2   01:59  14.0   0.0   4.6   4.2  29.0   16:25   SSW
24   7.6   8.8   13:41   6.0   01:35  10.7   0.0   1.0   4.0  23.0   19:07     W
25   8.8  10.0   13:07   6.9   19:10   9.5   0.0   1.6   4.2  24.0   14:32    NW
26  10.8  11.7   16:26   9.9   00:00   7.5   0.0   2.0   3.3  19.0   21:54   WSW
27   6.7  10.5   00:00   1.0   22:28  11.6   0.0   3.2   6.9  48.0   11:10    SW
28   5.1   7.3   15:02   1.2   00:02  13.2   0.0  11.2   8.5  40.0   08:38    SW
29   7.4  11.4   11:03   3.4   20:57  10.9   0.0   3.8   8.5  45.0   11:32   WSW
30   6.7  12.0   11:57   3.1   21:06  11.5   0.0  13.4   5.6  37.0   08:48    SW
----------------------------------------------------------------------------------
     8.6  16.9     2    -2.2    23   288.9   0.0 147.2   5.6  56.0    17      SW

Max >=  27.0:  0
Max <=   0.0:  0
Min <=   0.0:  2
Min <= -18.0:  0
Max Rain: 25.0 on day 14
Days of Rain: 27 (>= 0.2 mm)  16 (>= 2.0 mm)  1 (>= 20.0 mm)
Heat Base: 18.3  Cool Base: 18.3  Method: Integration