NOAA-Style Climate Reports


Report for 2015 October
                   Monthly Climatological Summary for Oct 2015

Name: Naas South   City: Naas   State: Kildare
Elevation: 116 m  Lat: N 54° 12' 28"   Lon: W 006° 40' 35"

                  Temperature (°C), Rain (mm), Wind Speed (km/h)

                                      Heat  Cool        Avg
    Mean                              Deg   Deg         Wind                 Dom
Day Temp  High   Time   Low    Time   Days  Days  Rain  Speed High   Time    Dir
----------------------------------------------------------------------------------
 1  10.6  19.1   13:40   3.3   08:00   7.6   0.0   0.2   1.5  18.0   15:13   NNE
 2   9.9  14.1   15:45   7.5   00:20   8.4   0.0   0.2   0.8   8.0   11:00   NNE
 3   8.3  11.8   14:05   4.7   04:05  10.0   0.0   0.0   0.3   6.0   11:25    SE
 4   9.4  14.3   13:15   1.7   04:30   8.9   0.0   0.0   2.1  18.0   11:50    SE
 5  14.3  17.9   15:25  12.1   07:45   4.0   0.0   1.8   3.8  23.0   01:55   ESE
 6  13.9  17.7   10:25   9.4   22:05   4.4   0.0   2.6   1.7  21.0   19:20   SSE
 7  10.5  16.1   14:15   4.4   08:05   7.6   0.0   0.0   0.7  14.0   16:30   WNW
 8  10.8  17.9   15:55   5.2   05:25   6.5   0.0   0.0   1.3  14.0   12:30   SSE
 9  12.6  16.9   13:22   8.7   23:13   5.7   0.0   0.0   3.2  19.0   11:48   SSE
10  11.4  14.6   13:08   7.9   02:04   6.9   0.0   0.0   2.2  21.0   13:49   ESE
11  10.2  14.8   14:29   4.1   23:39   8.1   0.0   0.0   0.3   6.0   16:25   NNW
12   8.4  13.4   15:25   4.1   00:21   9.6   0.0   0.0   0.9  16.0   13:30   NNE
13   6.3  14.1   14:42  -1.2   05:33  12.0   0.0   0.0   0.8  14.0   14:19    NE
14   6.3  13.1   11:39  -0.6   05:05  11.9   0.0   0.0   0.7  10.0   09:24    SE
15   5.8  12.9   14:24  -0.3   05:21  12.5   0.0   0.0   0.7  13.0   14:29    NE
16   7.4  13.9   13:59  -0.2   04:26  10.8   0.0   0.2   2.4  18.0   12:37    NE
17   9.3  13.4   11:31   5.4   01:47   9.0   0.0   0.0   2.4  21.0   15:04   NNE
18   9.3  11.6   13:25   6.4   06:26   9.0   0.0   0.0   2.0  14.0   15:33   NNE
19   9.6  13.1   14:56   4.2   22:21   8.7   0.0   2.0   0.3   8.0   15:17   NNW
20   9.1  11.6   13:48   4.5   00:00   9.2   0.0   6.0   2.0  23.0   23:43     S
21  13.0  15.0   13:02  10.6   00:00   5.3   0.0   0.8   5.7  27.0   23:06    SW
22  11.2  14.2   14:55   9.4   23:23   7.1   0.0   0.0   3.5  24.0   01:24     W
23  11.4  13.6   13:44   8.7   07:11   6.9   0.0   0.0   7.3  34.0   14:52     S
24   8.7  12.8   00:25   3.7   23:58   9.6   0.0   7.8   4.5  34.0   02:43    SW
25   8.0  12.3   12:38   3.5   00:16  10.7   0.0   0.4   6.3  34.0   21:09     S
26  12.6  14.3   20:23  10.0   00:00   5.6   0.0   0.4   9.4  35.0   00:21    SE
27  12.1  14.1   00:31   9.8   23:48   6.2   0.0  10.8   2.1  19.0   01:38    SE
28  11.2  14.4   12:43   7.4   02:58   7.1   0.0   0.0   4.6  32.0   21:32    SE
29  10.6  13.5   13:17   7.3   07:39   7.8   0.0   4.8   3.9  35.0   01:07    SE
30  12.7  15.0   23:59  10.1   01:13   5.6   0.0   3.4   6.7  39.0   23:55   SSE
31  12.9  16.7   14:24   6.8   23:21   5.4   0.0   0.2   3.8  40.0   00:22     S
----------------------------------------------------------------------------------
    10.3  19.1     1    -1.2    13   248.1   0.0  41.6   3.2  40.0    31     SSE

Max >=  27.0:  0
Max <=   0.0:  0
Min <=   0.0:  4
Min <= -18.0:  0
Max Rain: 10.8 on day 27
Days of Rain: 15 (>= 0.2 mm)  7 (>= 2.0 mm)  0 (>= 20.0 mm)
Heat Base: 18.3  Cool Base: 18.3  Method: Integration