NOAA-Style Climate Reports


Report for 2015 September
                   Monthly Climatological Summary for Sep 2015

Name: Naas South   City: Naas   State: Kildare
Elevation: 116 m  Lat: N 54° 12' 28"   Lon: W 006° 40' 35"

                  Temperature (°C), Rain (mm), Wind Speed (km/h)

                                      Heat  Cool        Avg
    Mean                              Deg   Deg         Wind                 Dom
Day Temp  High   Time   Low    Time   Days  Days  Rain  Speed High   Time    Dir
----------------------------------------------------------------------------------
 1  12.3  17.4   13:25   9.7   00:00   6.0   0.0   0.6   2.7  21.0   17:15     N
 2  11.3  15.3   14:20   8.4   03:35   6.9   0.0   0.0   2.5  16.0   13:25     N
 3  11.3  14.2   16:30   8.7   06:35   6.9   0.0   0.0   4.6  18.0   09:24     N
 4  12.5  16.9   17:05   9.9   07:20   5.8   0.0   0.0   3.7  21.0   18:20     N
 5  12.1  17.3   16:29   7.5   00:00   6.1   0.0   0.0   5.1  23.0   09:53   NNE
 6  10.4  15.5   16:45   3.4   03:45   7.8   0.0   0.0   1.5  10.0   12:06     N
 7  12.1  16.0   15:50   7.7   00:00   6.1   0.0   0.0   0.8   8.0   03:50    NE
 8  12.0  20.3   15:57   3.4   04:10   6.4   0.2   0.0   2.5  14.0   19:00   SSE
 9  12.8  18.9   14:05   6.6   01:30   5.5   0.0   0.0   2.4  23.0   13:50   SSE
10  15.1  19.9   16:41  11.1   05:20   3.3   0.1   0.0   5.0  24.0   11:50   SSE
11  14.7  17.6   11:00  12.6   03:40   3.5   0.0  10.6   3.4  26.0   10:17   SSE
12  12.7  15.6   17:00   9.3   00:00   5.6   0.0   1.6   2.8  19.0   00:20   SSE
13  12.6  17.3   17:20   8.7   01:10   5.7   0.0   0.8   2.6  19.0   15:55   SSE
14  11.4  13.3   10:50   8.6   02:15   6.7   0.0   0.6   2.9  23.0   13:05   NNE
15  12.1  16.6   13:25   8.5   07:50   6.1   0.0   0.0   1.5  13.0   12:00   NNW
16  11.2  16.7   12:55   7.4   07:40   6.9   0.0   0.2   1.5  16.0   13:00    NE
17  12.1  18.7   16:50   5.6   02:35   6.2   0.0   0.0   0.8  10.0   12:15   SSE
18  13.1  16.5   14:15   9.8   00:00   5.2   0.0   0.4   1.4  13.0   00:44   NNW
19  12.3  18.3   13:25   6.2   02:25   6.0   0.0   0.0   1.2  18.0   14:25   SSW
20  13.1  16.2   12:35  10.7   00:00   5.2   0.0   6.2   6.5  26.0   16:50   SSW
21  11.8  15.8   15:10   8.6   00:00   6.5   0.0  30.6   2.2  19.0   00:20    SW
22  10.1  14.9   15:40   5.9   22:00   8.1   0.0   0.0   2.6  16.0   10:25   NNW
23  11.4  16.9   13:50   6.1   00:10   6.9   0.0   0.0   4.2  23.0   09:50    SW
24  10.2  14.2   16:00   7.4   07:30   8.1   0.0   5.6   4.6  24.0   11:15    SW
25  10.8  16.1   13:30   5.3   07:30   7.4   0.0   0.2   1.4  13.0   14:34    SW
26  12.6  17.8   15:40   7.9   07:25   5.6   0.0   0.0   3.9  23.0   17:45     S
27  11.2  18.2   15:30   4.3   06:40   7.0   0.0   0.0   3.5  21.0   13:18   SSE
28  11.8  17.7   15:35   6.8   05:10   6.5   0.0   0.0   3.7  31.0   16:05     S
29  11.1  20.7   15:10   4.2   07:50   7.3   0.2   0.0   0.7  13.0   17:10   SSE
30  10.9  16.4   12:50   5.3   05:30   7.2   0.0   0.2   2.1  26.0   14:30   ENE
----------------------------------------------------------------------------------
    12.0  20.7    29     3.4     6   188.5   0.5  57.6   2.8  31.0    28     SSE

Max >=  27.0:  0
Max <=   0.0:  0
Min <=   0.0:  0
Min <= -18.0:  0
Max Rain: 30.6 on day 21
Days of Rain: 12 (>= 0.2 mm)  4 (>= 2.0 mm)  1 (>= 20.0 mm)
Heat Base: 18.3  Cool Base: 18.3  Method: Integration