NOAA-Style Climate Reports


Report for 2015 August
                   Monthly Climatological Summary for Aug 2015

Name: Naas South   City: Naas   State: Kildare
Elevation: 116 m  Lat: N 54° 12' 28"   Lon: W 006° 40' 35"

                  Temperature (°C), Rain (mm), Wind Speed (km/h)

                                      Heat  Cool        Avg
    Mean                              Deg   Deg         Wind                 Dom
Day Temp  High   Time   Low    Time   Days  Days  Rain  Speed High   Time    Dir
----------------------------------------------------------------------------------
 1  13.7  19.6   17:25   8.3   03:50   4.6   0.0   0.2   2.8  18.0   13:45    SW
 2  14.6  17.9   14:35  11.2   02:50   3.7   0.0   4.2   8.9  45.0   16:54   SSE
 3  15.7  19.3   14:51  11.8   22:12   2.6   0.0   2.0  12.5  45.0   17:18     S
 4  15.0  18.9   13:25  12.5   01:45   3.3   0.0   0.8   8.7  42.0   00:05   SSW
 5  14.3  17.9   15:40  11.3   05:05   3.9   0.0   5.4   6.1  43.0   11:40     S
 6  14.5  20.0   15:40  10.4   05:05   3.9   0.1   0.0   1.1  13.0   10:55   WNW
 7  14.2  20.2   20:05   9.0   05:35   4.1   0.1   0.0   0.8  11.0   11:05    NE
 8  13.5  19.3   12:25   6.8   04:25   4.8   0.1   1.0   2.7  24.0   12:15    SE
 9  16.3  21.3   16:41  13.6   00:00   2.3   0.3   0.0   2.6  19.0   19:20   SSE
10  15.8  19.8   14:10  12.8   23:50   2.5   0.1   2.0   3.8  24.0   18:10   SSW
11  14.4  19.7   16:25   9.7   23:00   4.0   0.0   0.0   1.4  11.0   11:45   NNW
12  15.7  23.2   15:30  10.4   00:10   3.5   0.9   0.0   1.3  16.0   18:30    NE
13  15.2  23.6   14:50   5.9   06:15   4.2   1.1   0.0   3.0  16.0   14:40    NE
14  13.5  19.0   16:05  10.2   02:15   4.8   0.0   0.4   1.7  18.0   17:00   NNW
15  12.1  16.9   17:50   5.8   06:15   6.1   0.0   0.0   1.1  16.0   14:15   SSE
16  14.5  19.7   12:30   8.3   04:50   3.9   0.1   0.0   1.6  14.0   10:55   SSE
17  16.7  23.8   17:25  12.1   01:15   2.5   1.0   0.0   1.6  13.0   14:26   SSE
18  17.1  25.1   16:51   9.1   06:20   3.0   1.8   0.0   1.1  13.0   18:10    SW
19  16.1  20.3   14:20  11.7   00:00   2.5   0.3   7.8   3.6  26.0   08:41     S
20  16.2  20.6   17:35  11.6   00:05   2.3   0.3   0.2   4.6  31.0   16:20   SSE
21  17.7  22.3   15:45  13.3   23:55   1.4   0.8   0.0   4.1  24.0   03:15    SE
22  15.0  19.7   13:40  10.8   06:25   3.4   0.1   0.2   1.9  16.0   15:55    SE
23  12.7  13.9   14:55  12.0   22:15   5.4   0.0  41.4   0.9  13.0   00:36   NNW
24  13.0  18.8   14:25   6.7   00:00   5.3   0.0   0.0   0.8  14.0   16:25   WNW
25  12.2  16.9   17:13   6.4   00:10   5.8   0.0   7.6   2.5  21.0   18:10     S
26  13.7  18.4   13:25   9.4   06:20   4.6   0.0   8.2   2.9  21.0   19:00    SE
27  13.1  19.2   14:35   8.4   06:40   5.3   0.0   0.6   2.7  23.0   16:00    SE
28  13.8  19.1   13:05   9.6   06:05   4.4   0.0   0.8   3.6  23.0   16:54    SE
29  14.3  20.9   14:15  10.9   06:05   4.1   0.1   5.4   2.3  14.0   06:55   SSE
30  14.3  19.1   15:02   9.8   06:15   4.0   0.0   0.2   0.9  10.0   11:16   NNE
----------------------------------------------------------------------------------
    14.6  25.1    18     5.8    15   116.2   7.2  88.4   3.5  45.0     2       S

Max >=  27.0:  0
Max <=   0.0:  0
Min <=   0.0:  0
Min <= -18.0:  0
Max Rain: 41.4 on day 23
Days of Rain: 18 (>= 0.2 mm)  9 (>= 2.0 mm)  1 (>= 20.0 mm)
Heat Base: 18.3  Cool Base: 18.3  Method: Integration