NOAA-Style Climate Reports


Report for 2015 July
                   Monthly Climatological Summary for Jul 2015

Name: Naas South   City: Naas   State: Kildare
Elevation: 116 m  Lat: N 54° 12' 28"   Lon: W 006° 40' 35"

                  Temperature (°C), Rain (mm), Wind Speed (km/h)

                                      Heat  Cool        Avg
    Mean                              Deg   Deg         Wind                 Dom
Day Temp  High   Time   Low    Time   Days  Days  Rain  Speed High   Time    Dir
----------------------------------------------------------------------------------
 1  19.5  23.9   17:36  14.2   05:50   0.8   2.0   0.0   2.6  22.5   20:55   SSW
 2  17.0  20.4   17:20  13.5   00:00   1.7   0.4   0.0   4.4  30.6   19:45     S
 3  17.0  21.7   15:24  11.1   04:30   1.9   0.7   0.0   8.4  32.2   13:56   ESE
 4  17.7  22.6   14:31  12.6   23:20   1.2   0.6   0.8   4.6  22.5   12:49    SE
 5  14.8  19.3   14:37  11.8   05:05   3.4   0.0   3.8   2.9  19.3   15:39   ESE
 6  14.6  19.4   16:20   9.9   04:30   3.7   0.1   8.2   6.4  32.2   12:55   ESE
 7  14.2  18.4   12:00  12.2   20:42   4.1   0.0   4.0   3.2  20.9   12:35   ESE
 8  14.3  18.4   17:25  11.1   00:00   3.9   0.0   0.4   4.2  22.5   11:45   WNW
 9  13.8  18.9   16:25   6.6   05:25   4.4   0.0   0.0   2.2  19.3   13:50   ESE
10  16.4  20.4   13:50  13.9   04:45   2.1   0.3   0.0   5.1  37.0   13:05   ESE
11  14.6  17.7   10:45  10.4   04:30   3.6   0.0   0.8   3.9  25.7   17:40   ESE
12  15.0  18.8   13:05  12.4   07:10   3.3   0.0   0.2   1.6  16.1   12:55   WSW
13  16.1  20.3   14:16  13.4   00:00   2.3   0.2   6.0   2.7  16.1   12:41    SW
14  14.9  19.7   14:20  11.4   05:55   3.5   0.1   0.4   2.8  17.7   18:25     N
15  14.4  20.2   16:00   7.2   05:30   4.0   0.2   0.0   1.9  12.9   11:15   NNW
16  13.1  16.8   21:28   7.0   03:25   5.1   0.0   6.2   3.6  24.1   21:29   ESE
17  14.6  17.4   18:15  11.3   00:00   3.7   0.0   0.8   5.4  32.2   03:50   ESE
18  14.0  19.4   16:50   8.6   05:00   4.3   0.1   3.0   4.1  25.7   17:55   ESE
19  13.5  18.6   20:20   6.8   05:25   4.7   0.0   9.4   2.1  19.3   11:15   WSW
20  15.9  21.0   17:25  11.4   05:15   2.8   0.5   1.8   3.7  27.4   08:59    SE
21  15.0  18.6   12:30  11.7   00:00   3.3   0.0   0.0   2.8  19.3   11:45    SE
22  13.4  18.1   17:25   8.9   02:20   4.8   0.0   0.2   1.6  16.1   20:00   WSW
23  13.8  19.3   15:43   9.6   02:30   4.5   0.0   0.0   1.6  14.5   13:15   SSW
24  12.8  18.0   15:45  10.2   04:40   5.4   0.0   0.6   2.5  17.7   11:50     N
25  12.8  18.2   17:55   7.0   05:25   5.5   0.0   0.0   1.4  17.7   21:45   SSE
26  14.2  17.4   13:15  11.6   00:10   4.1   0.0   3.4   3.6  29.0   13:11    SE
27  13.5  17.1   15:45  11.3   23:55   4.8   0.0   3.2   2.9  20.9   21:20   WSW
28  12.2  16.8   12:51   9.8   22:20   6.0   0.0   6.0   3.1  22.5   00:35     W
29  12.5  17.4   14:55   8.2   23:30   5.7   0.0   0.0   3.3  20.9   08:30   WNW
30  11.9  17.3   15:15   5.4   02:50   6.3   0.0   0.0   1.4  15.0   11:40     W
----------------------------------------------------------------------------------
    14.6  23.9     1     5.4    30   114.9   5.2  59.2   3.4  37.0    10      SE

Max >=  27.0:  0
Max <=   0.0:  0
Min <=   0.0:  0
Min <= -18.0:  0
Max Rain: 9.4 on day 19
Days of Rain: 19 (>= 0.2 mm)  10 (>= 2.0 mm)  0 (>= 20.0 mm)
Heat Base: 18.3  Cool Base: 18.3  Method: Integration