NOAA-Style Climate Reports


Report for 2015 June
                   Monthly Climatological Summary for Jun 2015

Name: Naas South   City: Naas   State: Kildare
Elevation: 116 m  Lat: N 54° 12' 28"   Lon: W 006° 40' 35"

                  Temperature (°C), Rain (mm), Wind Speed (km/h)

                                      Heat  Cool        Avg
    Mean                              Deg   Deg         Wind                 Dom
Day Temp  High   Time   Low    Time   Days  Days  Rain  Speed High   Time    Dir
----------------------------------------------------------------------------------
 1   7.8  11.4   10:14   3.8   01:55  10.4   0.0   5.6  12.1  53.1   15:25     S
 2  10.7  15.1   17:12   6.7   01:45   7.5   0.0   1.0   7.2  33.8   14:13    SW
 3  11.9  16.3   16:05   4.7   05:10   6.3   0.0   0.0   3.5  16.1   09:03   SSW
 4  12.7  17.3   14:09   6.9   03:35   5.6   0.0   0.0   5.8  27.4   14:41   SSE
 5  12.1  16.4   14:25   8.5   23:55   6.2   0.0   5.8   7.7  40.2   16:44   SSW
 6  10.8  15.7   16:32   6.8   03:45   7.5   0.0   0.6   8.5  40.2   08:40    SW
 7  10.5  16.6   15:44   2.9   05:00   7.8   0.0   0.0   3.3  17.7   12:10    NW
 8  10.0  14.4   17:06   3.7   03:40   8.3   0.0   0.0   2.9  17.7   10:49     N
 9  11.7  19.1   14:19   1.6   05:25   6.6   0.0   0.0   3.0  19.3   15:42   NNE
10  12.8  19.1   13:48   3.2   05:15   5.5   0.1   0.0   5.5  24.1   10:40    NE
11  13.0  18.9   12:27   7.7   02:05   5.2   0.0   0.0   6.7  25.7   17:29    NE
12  14.4  17.1   16:42  11.7   05:09   3.9   0.0   0.0   6.3  24.1   10:00    NE
13  13.3  19.8   15:30  10.1   05:02   5.0   0.0   0.0   3.4  19.3   14:26     N
14  12.3  18.6   14:19   4.1   05:03   6.0   0.0   0.0   3.1  17.7   07:54     N
15  14.4  20.8   13:35   6.2   00:50   4.2   0.4   0.0   1.6  12.9   13:15   SSE
16  17.0  22.4   15:21  10.7   05:25   2.4   1.1   0.0   2.1  12.9   11:12    SE
17  16.3  18.8   14:28  10.2   23:25   2.0   0.0   1.0   3.4  20.9   13:17     W
18  13.8  20.1   16:55   8.7   01:55   4.6   0.3   0.0   3.0  19.3   15:50    NW
19  14.4  19.3   14:11   9.9   05:10   3.9   0.1   0.8   2.0  14.5   03:56   WNW
20  17.0  22.0   13:22  13.0   23:55   1.9   0.6   0.8   3.3  24.1   19:15   WNW
21  13.1  17.5   15:50   9.9   06:20   5.1   0.0   0.8   4.0  24.1   19:01     W
22  13.6  19.2   17:45   8.3   05:15   4.7   0.0   0.0   2.9  19.3   09:55    NW
23  15.3  22.9   15:23   4.3   05:15   3.9   1.0   0.0   1.7  14.5   22:02   SSE
24  15.2  19.8   16:51   9.0   05:10   3.1   0.1   0.0   4.0  22.5   16:53     S
25  15.6  19.7   12:35  13.3   05:25   2.7   0.0   0.0   7.3  32.2   20:20     S
26  16.8  21.4   17:48  12.5   23:20   2.0   0.6   2.6   5.0  29.0   01:17    SW
27  15.2  19.9   14:53  10.9   02:10   3.1   0.1   1.4   7.7  32.2   22:47     S
28  16.5  20.4   17:57  12.7   00:00   2.0   0.3   1.4   6.3  33.8   03:50    SW
29  15.6  21.3   13:23  10.7   02:55   3.0   0.3   0.0   8.8  38.6   20:12     S
30  19.8  24.6   17:49  16.3   00:00   0.5   2.0   0.0   8.5  35.4   08:10     S
----------------------------------------------------------------------------------
    13.8  24.6    30     1.6     9   140.9   7.0  21.8   5.0  53.1     1     SSW

Max >=  27.0:  0
Max <=   0.0:  0
Min <=   0.0:  0
Min <= -18.0:  0
Max Rain: 5.8 on day 5
Days of Rain: 11 (>= 0.2 mm)  3 (>= 2.0 mm)  0 (>= 20.0 mm)
Heat Base: 18.3  Cool Base: 18.3  Method: Integration