NOAA-Style Climate Reports


Report for 2015 May
                   Monthly Climatological Summary for May 2015

Name: Naas South   City: Naas   State: Kildare
Elevation: 116 m  Lat: N 54° 12' 28"   Lon: W 006° 40' 35"

                  Temperature (°C), Rain (mm), Wind Speed (km/h)

                                      Heat  Cool        Avg
    Mean                              Deg   Deg         Wind                 Dom
Day Temp  High   Time   Low    Time   Days  Days  Rain  Speed High   Time    Dir
----------------------------------------------------------------------------------
 1   7.7  12.7   13:24   2.3   00:00  10.6   0.0   0.0   3.1  22.5   12:04     E
 2   7.8  10.6   17:23   5.6   07:47  10.5   0.0  16.6   5.0  24.1   22:00    SE
 3  11.5  15.8   12:44   8.0   00:00   6.8   0.0  24.4   3.2  25.7   01:59    SE
 4  10.0  14.1   12:28   5.7   05:50   8.2   0.0   0.4   5.0  25.7   14:11    SE
 5   8.8  12.8   13:44   5.9   22:35   9.5   0.0  13.4   3.5  22.5   14:46   ESE
 6   8.9  13.3   17:22   6.2   03:15   9.4   0.0   5.8   5.3  33.8   12:02   WNW
 7   9.3  16.9   14:22   5.7   06:05   8.9   0.0   1.0   1.1  11.3   10:16     S
 8   7.2  10.6   10:10   5.9   05:38  11.1   0.0  11.6   3.7  29.0   15:35   NNE
 9   9.9  15.4   17:18   6.2   01:43   8.4   0.0   0.8   1.8  17.7   22:10   SSE
10  12.2  15.0   14:05   9.5   01:15   6.1   0.0   3.2   7.1  33.8   19:40    SE
11  12.4  16.9   15:16   7.9   23:10   5.8   0.0   0.6   5.4  32.2   20:03    SE
12  10.5  15.4   17:11   5.6   00:00   7.7   0.0   0.2   4.5  25.7   12:12     W
13   9.3  15.3   14:53   1.4   05:10   8.9   0.0   0.0   3.8  19.3   14:54   ENE
14   9.9  12.6   13:59   5.3   23:01   8.3   0.0   0.0   3.5  29.0   12:14   ESE
15   9.7  14.6   12:49   2.3   02:05   8.5   0.0   1.2   3.3  20.9   19:36    SE
16  10.0  14.6   14:24   5.6   05:50   8.3   0.0   0.0   4.5  24.1   14:21   WNW
17   9.6  13.3   14:09   6.6   02:55   8.6   0.0   3.8   2.4  17.7   11:42   SSE
18   8.5  12.2   14:56   6.1   00:00   9.7   0.0   5.0   4.9  29.0   15:04     W
19   7.8  12.1   16:57   4.7   05:50  10.5   0.0   2.0   8.4  35.4   18:09    NW
20   8.8  15.0   18:10   1.8   04:50   9.4   0.0   0.0   3.6  19.3   18:19   WNW
21  11.3  18.2   14:32   3.7   02:05   7.0   0.0   0.6   3.9  20.9   13:34    SW
22  13.8  16.6   14:30   9.0   00:00   4.5   0.0   0.4   3.3  17.7   16:11     W
23  12.6  19.6   14:56   4.6   05:50   5.7   0.1   0.0   2.5  16.1   12:24   SSW
24  12.8  16.9   17:29   8.8   08:40   5.4   0.0   0.6   5.0  22.5   16:49   WNW
25  12.1  16.1   15:19   8.9   05:40   6.2   0.0   0.0   4.5  24.1   16:23   WNW
26  12.3  16.7   14:08   9.1   23:30   6.0   0.0   0.0   5.1  22.5   15:19    NW
27  10.0  13.4   18:18   7.4   03:25   8.3   0.0   3.0   6.1  24.1   14:13    SW
28  10.1  14.9   14:36   6.6   05:13   8.2   0.0   0.2   5.2  27.4   13:17     W
29   8.7  13.1   15:52   4.9   23:58   9.5   0.0   6.8   5.9  29.0   16:55    NW
30   8.7  13.7   15:08   2.1   03:45   9.5   0.0   3.0   7.6  35.4   19:37     S
31   9.4  12.4   17:33   5.6   00:00   8.8   0.0   2.6   6.6  32.2   15:41     W
----------------------------------------------------------------------------------
    10.1  19.6    23     1.4    13   254.3   0.1 107.2   4.4  35.4    19     WSW

Max >=  27.0:  0
Max <=   0.0:  0
Min <=   0.0:  0
Min <= -18.0:  0
Max Rain: 24.4 on day 3
Days of Rain: 23 (>= 0.2 mm)  13 (>= 2.0 mm)  1 (>= 20.0 mm)
Heat Base: 18.3  Cool Base: 18.3  Method: Integration