NOAA-Style Climate Reports


Report for 2015 April
                   Monthly Climatological Summary for Apr 2015

Name: Naas South   City: Naas   State: Kildare
Elevation: 116 m  Lat: N 54° 12' 28"   Lon: W 006° 40' 35"

                  Temperature (°C), Rain (mm), Wind Speed (km/h)

                                      Heat  Cool        Avg
    Mean                              Deg   Deg         Wind                 Dom
Day Temp  High   Time   Low    Time   Days  Days  Rain  Speed High   Time    Dir
----------------------------------------------------------------------------------
 1   6.3  10.0   19:53   2.1   02:00  11.9   0.0   1.6   5.9  27.4   21:23     W
 2   7.8  10.7   16:25   4.7   06:10  10.4   0.0   3.6   5.4  20.9   17:57   SSE
 3   8.7  11.2   14:57   6.6   21:34   9.4   0.0   4.6  11.7  38.6   14:24   NNW
 4   9.3  14.4   18:24   6.4   08:30   8.9   0.0   0.0   2.7  17.7   18:34     N
 5   9.5  14.6   17:38   4.0   04:00   8.7   0.0   0.0   1.7  11.3   19:38    NE
 6   9.7  18.8   17:26   1.3   07:00   8.5   0.0   0.0   2.1  12.9   15:59     N
 7  11.3  20.2   17:58   1.8   06:50   7.1   0.1   0.0   1.2  12.9   12:07    SW
 8  10.2  17.6   16:24   2.3   06:13   8.1   0.0   0.0   3.2  25.7   17:27   SSW
 9  10.5  17.8   16:31   1.4   06:50   7.7   0.0   0.0   5.2  25.7   13:35   SSW
10   9.4  15.6   12:58   2.0   06:20   8.8   0.0   0.0  10.5  38.6   14:35   SSW
11   6.2  10.2   13:53   1.7   06:20  11.9   0.0   7.0   6.5  30.6   20:25   WSW
12   6.5  10.8   18:02   2.8   23:35  11.7   0.0   9.0   4.1  53.1   08:05    SW
13   9.4  15.2   15:34   2.2   02:45   8.7   0.0   0.0   9.9  30.6   11:32   SSW
14  12.1  18.6   16:59   7.7   00:00   6.1   0.0   0.0   6.5  24.1   01:10    SW
15   8.1  12.9   16:28   4.0   00:00  10.1   0.0   0.6   3.6  20.9   12:03     W
16   7.7  12.9   13:30   1.9   06:40  10.5   0.0   0.0   6.8  27.4   14:21   ENE
17   8.4  13.8   14:11   2.3   06:10   9.8   0.0   0.0   9.1  24.1   13:35    NE
18   8.9  13.5   14:24   5.0   06:10   9.3   0.0   0.0  11.7  38.6   17:22     E
19   7.2  10.7   16:48   2.6   05:43  11.1   0.0   0.0   7.7  37.0   13:54   ENE
20   9.6  14.8   12:22   2.4   01:20   8.5   0.0   0.0   3.7  14.5   14:21    NE
21   9.5  15.7   14:35   0.5   05:30   8.6   0.0   0.0   7.2  29.0   16:51   ENE
22  10.8  17.1   14:35   5.5   06:00   7.4   0.0   0.0   7.6  27.4   13:44    NE
23  11.6  19.2   13:20   1.9   05:45   6.7   0.1   0.0   2.3  16.1   14:14   SSW
24  10.0  14.3   13:40   4.1   03:30   8.2   0.0  12.8   6.2  27.4   14:34   SSW
25   7.4  10.3   09:35   2.6   23:40  10.8   0.0   5.4   5.8  27.4   09:44     N
26   5.1  13.2   13:52  -2.5   06:25  13.1   0.0   0.0   2.7  19.3   19:27   NNW
27   4.2   9.9   11:49  -2.1   03:49  14.1   0.0   4.2   2.6  25.7   17:09     W
28   5.3  10.6   17:25  -0.3   04:41  13.0   0.0   3.6   3.4  27.4   21:27   SSE
29   6.8  12.3   16:41   1.6   06:07  11.5   0.0   1.2   3.3  25.7   16:53   WSW
30   7.5  14.4   14:22   1.6   06:09  10.8   0.0   0.0   2.2  19.3   12:05   NNE
----------------------------------------------------------------------------------
     8.5  20.2     7    -2.5    26   291.4   0.2  53.6   5.2  53.1    12      SE

Max >=  27.0:  0
Max <=   0.0:  0
Min <=   0.0:  3
Min <= -18.0:  0
Max Rain: 12.8 on day 24
Days of Rain: 11 (>= 0.2 mm)  8 (>= 2.0 mm)  0 (>= 20.0 mm)
Heat Base: 18.3  Cool Base: 18.3  Method: Integration