NOAA-Style Climate Reports


Report for 2015 March
                   Monthly Climatological Summary for Mar 2015

Name: Naas South   City: Naas   State: Kildare
Elevation: 116 m  Lat: N 54° 12' 28"   Lon: W 006° 40' 35"

                  Temperature (°C), Rain (mm), Wind Speed (km/h)

                                      Heat  Cool        Avg
    Mean                              Deg   Deg         Wind                 Dom
Day Temp  High   Time   Low    Time   Days  Days  Rain  Speed High   Time    Dir
----------------------------------------------------------------------------------
 1   3.1   5.8   00:00   0.3   13:13  15.1   0.0   4.6   5.6  33.8   09:37     S
 2   1.8   4.9   13:49   0.1   06:48  16.5   0.0   2.8   7.7  33.8   16:04     S
 3   2.1   5.3   14:47  -0.6   06:04  16.2   0.0   2.8   6.4  29.0   14:26     S
 4   4.5   8.7   13:57  -1.0   07:10  13.8   0.0   0.0   3.8  20.9   13:34   SSW
 5   8.2  10.6   15:17   6.1   00:00  10.1   0.0   0.0   8.7  32.2   11:18   SSE
 6   8.6  10.9   12:36   7.3   03:59   9.7   0.0   0.0  13.5  46.7   13:13   SSE
 7  10.6  13.3   14:43   8.6   00:07   7.7   0.0   0.0  14.6  43.5   17:32   SSE
 8   6.9  10.7   01:27   1.7   23:45  11.3   0.0   3.8   5.2  35.4   01:50    SW
 9   7.3  12.4   12:39   1.7   00:05  10.9   0.0   3.2  10.6  57.9   08:25   SSE
10   5.5  11.0   13:35   0.6   06:00  12.8   0.0   0.0   3.5  24.1   23:52    SE
11   7.4  11.7   15:19   3.8   20:07  10.9   0.0   3.4  11.4  56.3   09:01    SE
12   7.4  11.1   10:06   1.7   23:50  10.8   0.0  12.6   5.0  49.9   10:01    SE
13   2.9   8.9   15:46  -2.6   07:10  15.1   0.0   0.0   3.7  19.3   12:03   NNW
14   3.3   6.8   12:13  -1.8   00:11  14.9   0.0   0.0   6.8  24.1   10:20     E
15   5.1   6.7   13:52   2.4   06:00  13.2   0.0   0.0   5.5  27.4   11:37     E
16   5.2   7.4   12:58   1.0   23:35  13.0   0.0   0.0   4.3  17.7   13:08   ENE
17   3.8   8.2   12:05  -1.2   06:40  14.4   0.0   0.8   1.2  11.3   11:18   NNE
18   3.4  10.7   14:52  -3.3   06:37  14.9   0.0   0.0   2.2  17.7   14:12    NE
19   4.7  12.1   14:45  -3.6   06:15  13.5   0.0   0.2   1.5  11.3   13:32   NNW
20   7.1  10.7   15:16   2.2   01:05  11.1   0.0   0.6   5.7  22.5   23:53   NNW
21   6.4  13.1   15:23  -0.1   06:00  11.8   0.0   0.0   4.3  19.3   10:30   NNE
22   6.5  14.6   15:01  -2.3   06:00  11.6   0.0   0.0   1.5  14.5   14:46   SSE
23   7.0  11.4   14:48   1.4   23:05  11.2   0.0   0.0   3.0  19.3   13:52    NW
24   3.9   9.8   13:03  -0.8   06:45  14.3   0.0   0.0   3.6  27.4   13:51    NW
25   3.5   9.7   12:33  -2.5   05:46  14.8   0.0   6.4   3.9  38.6   22:00    SE
26   6.9  11.5   15:36   0.9   23:15  11.2   0.0   0.8   5.0  33.8   09:17   WNW
27   6.9  11.8   14:42   0.9   00:55  11.2   0.0   0.0   3.1  20.9   23:45    SE
28  10.4  12.9   10:10   7.8   23:08   7.8   0.0   4.0   6.2  33.8   19:32   WSW
29   6.7   9.6   08:44   2.9   23:35  11.1   0.0   9.6   4.8  29.0   14:11     W
30   6.7  11.4   21:50   1.7   06:55  11.5   0.0   7.8   6.6  46.7   22:53   WSW
31   6.2   8.8   00:00   3.2   23:40  12.1   0.0   2.6  10.9  49.9   17:33    NW
----------------------------------------------------------------------------------
     5.8  14.6    22    -3.6    19   384.5   0.0  66.0   6.1  57.9     9     SSE

Max >=  27.0:  0
Max <=   0.0:  0
Min <=   0.0: 11
Min <= -18.0:  0
Max Rain: 12.6 on day 12
Days of Rain: 16 (>= 0.2 mm)  12 (>= 2.0 mm)  0 (>= 20.0 mm)
Heat Base: 18.3  Cool Base: 18.3  Method: Integration