NOAA-Style Climate Reports


Report for 2015 February
                   Monthly Climatological Summary for Feb 2015

Name: Naas South   City: Naas   State: Kildare
Elevation: 116 m  Lat: N 54° 12' 28"   Lon: W 006° 40' 35"

                  Temperature (°C), Rain (mm), Wind Speed (km/h)

                                      Heat  Cool        Avg
    Mean                              Deg   Deg         Wind                 Dom
Day Temp  High   Time   Low    Time   Days  Days  Rain  Speed High   Time    Dir
----------------------------------------------------------------------------------
 1   0.1   3.9   13:44  -3.1   23:28  18.1   0.0   0.0   2.0  20.9   11:39    NW
 2  -1.3   3.6   14:48  -5.3   23:54  19.6   0.0   0.2   0.3  14.5   15:02    NW
 3  -2.2   2.4   14:30  -6.9   07:58  20.5   0.0   0.2   0.0   6.4   14:32   ---
 4  -1.3   4.1   15:27  -6.7   07:42  19.6   0.0   0.0   0.2  22.5   15:12    NW
 5   2.8   6.8   14:38  -1.1   05:49  15.5   0.0   0.2   0.7  19.3   14:51     N
 6   4.0   5.8   13:06   0.3   07:45  14.2   0.0   0.0   2.0  12.9   11:20   NNE
 7   4.4   6.9   17:06  -0.9   23:59  13.9   0.0   0.0   3.2  19.3   17:47   NNE
 8   0.1   1.9   15:21  -1.6   03:16  18.2   0.0   0.2   0.3   9.7   14:24   SSW
 9   2.6   4.1   15:34   0.6   00:00  15.7   0.0   0.2   0.3   9.7   13:46    NW
10   1.2   2.6   00:00  -0.4   10:00  15.9   0.0   0.0   0.3  11.3   21:39    SE
11   3.9   5.2   11:59   1.6   01:05  14.3   0.0   0.0   0.6  12.9   11:19   SSE
12   5.1   7.6   12:46   3.4   01:20  13.1   0.0   0.0   6.0  30.6   23:16     S
13   6.0   7.3   12:30   5.0   23:03  12.3   0.0   5.0   6.2  41.8   04:25   SSE
14   5.2   8.9   13:22   0.0   21:40  13.1   0.0   0.0   2.7  16.1   14:26     N
15   4.5   8.6   12:41  -1.7   04:08  13.8   0.0   8.0   6.2  37.0   13:42    SE
16   4.0   6.9   00:00  -1.0   23:56  14.2   0.0   0.0   3.1  27.4   11:36   WNW
17   4.0   8.3   14:22  -1.7   00:45  14.2   0.0   0.2   7.3  27.4   13:26   SSE
18   8.6  11.1   13:30   6.8   01:40   9.6   0.0   0.0  14.2  43.5   17:44    SE
19   6.0   9.2   02:25   0.7   23:04  12.1   0.0   5.4   4.0  35.4   00:35     S
20   2.1   6.4   14:57  -0.3   05:25  16.2   0.0   2.4   2.1  24.1   16:52     S
21   1.9   5.3   14:03   0.2   02:00  16.4   0.0   0.4   2.1  22.5   15:53   WSW
22   4.6   9.8   14:17  -0.2   00:37  13.7   0.0   8.6   8.5  45.1   08:02   SSE
23   2.7   4.8   12:16   0.4   05:21  15.5   0.0   7.2  10.5  45.1   20:37     S
24   4.7   6.8   12:29   2.4   07:07  13.5   0.0   1.8   5.9  30.6   11:47    SW
25   9.1  11.4   15:12   5.7   00:21   9.2   0.0   3.2   4.1  22.5   22:45     S
26   5.8  11.1   00:00   0.5   22:11  12.4   0.0   3.6   6.4  32.2   13:34    SW
27   4.0   7.6   13:39  -0.4   05:35  14.2   0.0   0.0  10.9  45.1   21:55   SSE
28   7.8  11.2   18:07   5.8   23:36  10.4   0.0   1.8  11.4  49.9   15:08   SSE
----------------------------------------------------------------------------------
     3.6  11.4    25    -6.9     3   409.4   0.0  48.6   4.1  49.9    28     SSE

Max >=  27.0:  0
Max <=   0.0:  0
Min <=   0.0: 15
Min <= -18.0:  0
Max Rain: 8.6 on day 22
Days of Rain: 17 (>= 0.2 mm)  8 (>= 2.0 mm)  0 (>= 20.0 mm)
Heat Base: 18.3  Cool Base: 18.3  Method: Integration