NOAA-Style Climate Reports


Report for 2015 January
                   Monthly Climatological Summary for Jan 2015

Name: Naas South   City: Naas   State: Kildare
Elevation: 116 m  Lat: N 54° 12' 28"   Lon: W 006° 40' 35"

                  Temperature (°C), Rain (mm), Wind Speed (km/h)

                                      Heat  Cool        Avg
    Mean                              Deg   Deg         Wind                 Dom
Day Temp  High   Time   Low    Time   Days  Days  Rain  Speed High   Time    Dir
----------------------------------------------------------------------------------
 1  10.6  13.3   17:41   7.3   23:56   7.6   0.0   8.0  13.2  49.9   09:09   SSE
 2   5.1   7.3   00:00   3.0   08:24  13.2   0.0   0.0   5.6  27.4   00:10     S
 3   3.0   5.9   00:32  -1.2   22:18  15.3   0.0   8.4   3.3  27.4   00:45     N
 4   4.4   7.2   23:56  -1.4   03:50  13.9   0.0   0.2   4.6  27.4   20:40    SE
 5   9.1  10.7   12:22   7.2   00:00   9.2   0.0   0.2   8.7  33.8   22:17    SE
 6   5.0   8.9   00:00   1.4   08:40  13.3   0.0   1.6   6.3  41.8   03:02   SSE
 7   8.6  11.3   17:50   5.4   00:00   9.7   0.0  11.4  13.3  48.3   09:44    SE
 8   6.2   9.3   23:51   4.2   07:41  12.1   0.0   3.4   8.0  41.8   19:35   SSE
 9  10.7  14.8   14:24   7.2   07:48   7.6   0.0   2.6  10.0  40.2   14:11     S
10   5.6  12.8   00:01   1.1   22:57  12.7   0.0   5.0   8.3  51.5   01:11   WSW
11   5.0   7.3   23:57   1.3   00:20  13.3   0.0   0.0   9.3  40.2   19:03   SSW
12   6.3   9.7   06:54   4.0   19:50  12.0   0.0   3.4  10.1  46.7   00:16   SSW
13   1.4   4.6   00:00  -1.1   20:24  16.9   0.0   0.2   7.5  33.8   13:46   SSW
14   3.1   9.7   20:55  -1.4   06:45  15.2   0.0   6.4  13.3  64.4   21:17     S
15   3.5   5.7   00:00   1.8   23:57  14.7   0.0   3.6  13.3  48.3   05:11   SSW
16   1.5   3.8   14:59   0.5   18:34  16.8   0.0   0.0   3.6  22.5   23:31    SW
17   1.1   3.8   14:09  -1.2   23:16  17.2   0.0   0.2   4.3  24.1   12:47   SSW
18   1.1   5.1   14:09  -1.9   23:55  17.2   0.0   0.0   4.6  32.2   12:42   NNW
19  -1.2   2.4   23:59  -5.7   08:23  19.5   0.0   0.0   1.1  14.5   21:37    SE
20   3.2   5.4   15:04   1.9   23:10  15.1   0.0   0.8   1.8  14.5   00:07   ESE
21   2.2   4.2   13:57   0.5   09:29  16.1   0.0   0.2   2.9  17.7   03:10   NNW
22   2.0   6.5   14:03  -0.6   09:06  16.3   0.0   0.0   0.9  17.7   23:35   SSE
23   6.1   9.8   14:50   2.0   23:43  12.1   0.0   4.0   7.8  33.8   07:06     S
24   3.2   7.0   14:32  -0.9   08:31  15.1   0.0   0.2   2.5  24.1   22:58   SSW
25   7.9  10.9   14:39   3.8   02:55  10.3   0.0   1.4   7.6  30.6   11:11     S
26   5.3   8.7   00:00   2.8   07:50  12.9   0.0   0.4   2.6  24.1   02:05     W
27   5.8   7.8   23:43   3.6   07:10  12.5   0.0   0.2   6.0  32.2   19:13     S
28   4.1   8.9   04:04   0.8   15:00  14.2   0.0   4.0   6.8  45.1   06:27   WSW
29   1.5   2.9   21:36   0.3   14:22  16.8   0.0   7.4   4.2  35.4   23:11     W
30   2.8   5.4   12:25   0.8   20:22  15.5   0.0   1.2   3.7  40.2   00:38   WNW
31   1.9   4.3   13:23  -0.1   22:21  16.3   0.0   0.0   9.8  43.5   12:09    NW
----------------------------------------------------------------------------------
     4.4  14.8     9    -5.7    19   430.6   0.0  74.4   6.6  64.4    14       S

Max >=  27.0:  0
Max <=   0.0:  0
Min <=   0.0: 10
Min <= -18.0:  0
Max Rain: 11.4 on day 7
Days of Rain: 24 (>= 0.2 mm)  12 (>= 2.0 mm)  0 (>= 20.0 mm)
Heat Base: 18.3  Cool Base: 18.3  Method: Integration