NOAA-Style Climate Reports


Report for 2015
                   Annual Climatological Summary for 2015

Name: Naas South   City: Naas   State: Kildare
Elevation: 116 m  Lat: N 54° 12' 28"   Lon: W 006° 40' 35"

                  Temperature (°C), Heat Base: 18.3  Cool Base: 18.3
                          Dep.  Heat  Cool                       Max  Max  Min  Min
        Mean  Mean        From  Deg   Deg                        >=   <=   <=   <=
 YR MO  Max   Min   Mean  Norm  Days  Days  Hi  Date  Low  Date 27.0  0.0  0.0 -18.0
------------------------------------------------------------------------------------
 15  1   7.6   1.5   4.4   0.0   430     0  14.8   9  -5.7   19    0    0   10    0
 15  2   6.6   0.1   3.5   0.0   410     0  11.4  25  -6.9    3    0    0   16    0
 15  3  10.1   1.2   5.8   0.0   384     0  14.6  22  -3.6   19    0    0   11    0
 15  4  14.0   2.6   8.5   0.0   291     0  20.2   7  -2.5   26    0    0    3    0
 15  5  14.5   5.8  10.1   0.0   254     0  19.6  23   1.4   13    0    0    0    0
 15  6  18.9   8.3  13.8   0.0   140     7  24.6  30   1.6    9    0    0    0    0
 15  7  19.0  10.4  14.5   0.0   120     5  23.9   1   5.4   30    0    0    0    0
 15  8  19.8   9.9  14.6   0.0   122     7  25.1  18   5.8   15    0    0    0    0
 15  9  16.9   7.5  12.0   0.0   188     0  20.7  29   3.4    6    0    0    0    0
 15 10  14.5   5.8  10.3   0.0   248     0  19.1   1  -1.2   13    0    0    4    0
 15 11  11.9   4.9   8.6   0.0   288     0  16.9   2  -2.2   23    0    0    2    0
 15 12  11.4   4.8   8.3   0.0   310     0  14.0  18  -0.7   27    0    0    1    0
------------------------------------------------------------------------------------
        13.8   5.2   9.5   0.0  3190    20  25.1 Aug  -6.9  Feb    0    0   47    0

                                Precipitation (mm)

              Dep.   Max        Days of Rain
              From   Obs.           >=
 YR MO Total  Norm   Day Date  0.2  2.0 20.0
---------------------------------------------
 15  1  74.4   0.0  11.4   7    24   12    0
 15  2  48.6   0.0   8.6  22    17    8    0
 15  3  66.0   0.0  12.6  12    16   12    0
 15  4  53.6   0.0  12.8  24    11    8    0
 15  5 107.2   0.0  24.4   3    23   13    1
 15  6  21.8   0.0   5.8   5    11    3    0
 15  7  64.2   0.0   9.4  19    20   11    0
 15  8  88.4   0.0  41.4  23    18    9    1
 15  9  57.6   0.0  30.6  21    12    4    1
 15 10  41.6   0.0  10.8  27    15    7    0
 15 11 147.2   0.0  25.0  14    27   16    1
 15 12 201.2   0.0  26.0  12    31   21    2
---------------------------------------------
       971.8   0.0  41.4  Aug  225  124    6

                                Wind Speed (km/h)
                          Dom
 YR MO   Avg.  Hi   Date  Dir
------------------------------
 15  1   6.6  64.4   14     S
 15  2   4.1  49.9   28     S
 15  3   6.1  57.9    9   SSE
 15  4   5.2  53.1   12   ESE
 15  5   4.4  35.4   19   WSW
 15  6   5.0  53.1    1   SSW
 15  7   3.4  37.0   10    SE
 15  8   3.5  45.0    2     S
 15  9   2.8  31.0   28    SE
 15 10   3.2  40.0   31   SSE
 15 11   5.6  56.0   17    SW
 15 12   8.4  66.0   30     S
------------------------------
         4.9  66.0  Dec     S