NOAA-Style Climate Reports


Report for 2014 December
                   Monthly Climatological Summary for Dec 2014

Name: Naas South   City: Naas   State: Kildare
Elevation: 116 m  Lat: N 54° 12' 28"   Lon: W 006° 40' 35"

                  Temperature (°C), Rain (mm), Wind Speed (km/h)

                                      Heat  Cool        Avg
    Mean                              Deg   Deg         Wind                 Dom
Day Temp  High   Time   Low    Time   Days  Days  Rain  Speed High   Time    Dir
----------------------------------------------------------------------------------
 1   6.2   7.8   12:06   4.6   23:54  12.1   0.0   2.2   2.9  33.8   18:12   WSW
 2   1.6   5.6   14:15  -0.9   07:10  16.7   0.0   0.2   1.2  14.5   07:49    NW
 3   0.7   4.8   14:24  -1.9   21:52  17.6   0.0   0.2   0.0   3.2   00:56   ---
 4   2.0   5.0   13:35  -0.4   00:00  16.3   0.0   0.2   0.0   3.2   10:53   ---
 5   2.6   4.9   14:37  -0.3   08:41  15.7   0.0   1.2   1.8  20.9   13:00     W
 6   5.6   9.4   21:51   0.3   00:01  12.6   0.0   0.4   5.8  29.0   21:49     S
 7   4.6   9.4   01:01   1.4   23:58  13.7   0.0   3.2   6.0  32.2   13:35    SW
 8   2.1   5.0   14:27   0.4   05:28  16.2   0.0   0.2   2.7  16.1   12:16    SW
 9   7.4  11.6   13:17   2.2   00:09  10.8   0.0   4.4  11.2  43.5   09:54     S
10   4.3   6.4   12:24   2.8   04:35  14.0   0.0   3.0   7.8  35.4   13:57    SW
11   4.3   5.1   12:55   3.3   07:05  14.0   0.0  13.0   6.1  37.0   21:08    SW
12   1.8   4.4   00:00  -1.4   23:42  16.5   0.0   1.8   2.3  25.7   02:51   WSW
13   0.9   5.2   23:50  -3.3   07:25  17.4   0.0   0.2   4.2  25.7   23:47     S
14   6.1   8.2   13:30   4.2   21:05  12.2   0.0   0.6   7.8  29.0   05:40   SSW
15   4.4   7.1   14:59   1.2   22:43  13.9   0.0   0.2   2.3  16.1   01:27   SSW
16   5.3  10.3   21:30   0.9   00:16  12.9   0.0  14.0   4.8  29.0   18:10     S
17  10.6  11.2   12:12  10.2   00:00   7.7   0.0   5.4   5.1  25.7   00:15    SW
18  10.6  12.1   12:26   6.7   23:55   7.7   0.0  10.4   8.0  35.4   05:18    SW
19   5.3   7.2   13:57   4.3   06:15  13.0   0.0   0.0   4.8  22.5   06:16    SW
20   6.0   8.0   14:24   4.3   07:01  12.3   0.0   0.2   4.4  22.5   19:19   SSW
21  10.1  12.6   15:26   6.4   00:00   8.2   0.0   0.0  10.7  35.4   23:13     S
22  11.2  12.6   00:00  10.3   22:42   7.1   0.0   4.2  10.5  38.6   00:36   SSW
23  10.0  11.6   12:21   5.6   23:58   8.3   0.0   5.0  10.1  45.1   10:36   SSW
24   4.0   6.7   14:31   1.8   21:54  14.3   0.0   0.0   3.5  19.3   13:25   SSW
25   1.8   5.5   14:11   0.2   06:20  16.4   0.0   0.2   0.9  14.5   14:12    SW
26   3.3   6.7   13:52   0.9   00:00  14.9   0.0   8.4   5.4  29.0   13:02     N
27   1.3   3.2   12:46  -0.8   23:19  16.9   0.0   0.8   2.8  20.9   14:59   WNW
28  -1.7   2.6   14:04  -4.5   23:58  19.9   0.0   0.0   0.2   8.0   01:50     N
29   1.0   5.3   13:44  -4.7   00:06  17.2   0.0   0.4   3.7  20.9   19:13   SSE
30   5.7   8.1   13:31   2.7   00:47  12.6   0.0   0.0   9.1  40.2   22:38   SSE
31   9.2  10.7   17:44   7.6   00:00   9.1   0.0   7.4  11.5  40.2   08:22    SE
----------------------------------------------------------------------------------
     4.8  12.6    21    -4.7    29   418.2   0.0  87.4   5.2  45.1    23     SSW

Max >=  27.0:  0
Max <=   0.0:  0
Min <=   0.0:  9
Min <= -18.0:  0
Max Rain: 14.0 on day 16
Days of Rain: 26 (>= 0.2 mm)  12 (>= 2.0 mm)  0 (>= 20.0 mm)
Heat Base: 18.3  Cool Base: 18.3  Method: Integration