NOAA-Style Climate Reports


Report for 2014 November
                   Monthly Climatological Summary for Nov 2014

Name: Naas South   City: Naas   State: Kildare
Elevation: 116 m  Lat: N 54° 12' 28"   Lon: W 006° 40' 35"

                  Temperature (°C), Rain (mm), Wind Speed (km/h)

                                      Heat  Cool        Avg
    Mean                              Deg   Deg         Wind                 Dom
Day Temp  High   Time   Low    Time   Days  Days  Rain  Speed High   Time    Dir
----------------------------------------------------------------------------------
 1  11.0  13.8   18:12   7.9   06:32   7.3   0.0   6.4   9.7  53.1   16:23   SSE
 2   8.5  11.6   11:59   6.0   06:59   9.8   0.0   0.4   7.2  29.0   00:58     S
 3   5.0   9.1   13:57   1.4   22:42  13.3   0.0   1.0   4.7  25.7   08:11     S
 4   6.5  11.2   13:33   2.3   00:00  11.4   0.0   0.8   5.2  25.7   11:52    NW
 5   6.2   9.6   14:00   3.7   07:51  12.1   0.0   0.0   2.2  20.9   23:15    SW
 6  11.2  13.6   12:22   6.9   00:00   7.1   0.0  24.0  12.3  46.7   05:51   SSE
 7   7.4  10.9   14:48   3.5   08:18  10.9   0.0   2.8   4.2  25.7   17:32     S
 8   6.4   8.3   10:06   4.4   01:18  11.8   0.0  10.8   4.2  22.5   11:47   SSE
 9   6.7  10.4   14:19   4.9   06:23  11.6   0.0   1.0   2.9  16.1   08:10   SSE
10   7.9  11.4   19:15   4.7   02:57  10.4   0.0   4.6   5.2  40.2   16:19    SE
11   8.8  10.8   10:33   5.6   21:56   9.5   0.0   9.4   1.1  19.3   02:07    SE
12   7.8   9.2   23:53   5.8   01:15  10.5   0.0   5.0   3.5  25.7   12:21   SSE
13   9.2  12.4   09:01   6.6   17:07   9.1   0.0  26.0   6.2  40.2   09:00    SE
14   9.7  11.9   01:15   5.3   08:22   8.6   0.0  12.6   7.1  40.2   02:00    SE
15   8.5  13.2   12:59   4.6   20:20   9.8   0.0   0.2   1.3  16.1   01:31    SE
16   6.2  10.8   14:26   2.4   22:06  12.1   0.0   0.6   1.3  16.1   15:56   NNW
17   7.5  10.4   12:28   2.8   00:15  10.8   0.0   1.6   3.3  20.9   13:18    NW
18   7.9  10.9   11:29   3.8   04:22  10.4   0.0   0.2   1.9  20.9   22:38   ESE
19   9.4  10.9   11:10   5.2   23:27   8.4   0.0   5.6   3.3  27.4   08:58   ESE
20   5.1   7.1   13:51   2.2   06:44  13.2   0.0   0.6   0.3  11.3   16:26    NE
21   9.7  12.8   18:22   6.4   00:00   8.6   0.0   9.4   5.3  25.7   07:31    SE
22   7.9  12.3   00:00   2.1   23:58  10.5   0.0   2.4   0.7  16.1   00:37     S
23   2.2   7.1   15:06  -1.0   08:06  16.1   0.0   0.4   0.1   6.4   12:23     S
24   5.1   8.2   13:33   0.9   01:18  13.2   0.0   0.2   1.9  11.3   11:55   ESE
25   6.6   9.4   14:59   2.7   22:50  11.7   0.0   0.4   0.5   8.0   09:51    SE
26   0.7   4.5   13:46  -2.7   08:09  17.6   0.0   0.2   0.0   6.4   15:23     N
27   3.9   9.2   23:20  -2.6   02:53  14.4   0.0   0.2   1.6  17.7   22:16   ESE
28   9.9  12.7   13:04   8.7   03:37   8.4   0.0   0.0   5.7  35.4   09:49   ENE
29   6.2   9.3   00:00   0.8   08:44  12.1   0.0   0.2   0.6  11.3   21:20   SSE
30   6.4   8.9   00:46   3.4   05:45  11.9   0.0   0.0   0.8  11.3   14:13     E
----------------------------------------------------------------------------------
     7.2  13.8     1    -2.7    26   332.6   0.0 127.0   3.5  53.1     1     SSE

Max >=  27.0:  0
Max <=   0.0:  0
Min <=   0.0:  3
Min <= -18.0:  0
Max Rain: 26.0 on day 13
Days of Rain: 27 (>= 0.2 mm)  12 (>= 2.0 mm)  2 (>= 20.0 mm)
Heat Base: 18.3  Cool Base: 18.3  Method: Integration