NOAA-Style Climate Reports


Report for 2014 October
                   Monthly Climatological Summary for Oct 2014

Name: Naas South   City: Naas   State: Kildare
Elevation: 116 m  Lat: N 54° 12' 28"   Lon: W 006° 40' 35"

                  Temperature (°C), Rain (mm), Wind Speed (km/h)

                                      Heat  Cool        Avg
    Mean                              Deg   Deg         Wind                 Dom
Day Temp  High   Time   Low    Time   Days  Days  Rain  Speed High   Time    Dir
----------------------------------------------------------------------------------
 1  11.9  16.4   15:23   5.7   21:25   6.4   0.0   0.4   3.4  22.5   08:24    SW
 2  13.7  17.3   15:29   4.7   06:17   1.7   0.0   0.0   9.9  45.1   14:07     S
 3  13.0  16.3   08:21   9.4   23:47   5.3   0.0  26.6   4.8  35.4   04:15     S
 4   8.8  14.1   15:15   4.7   06:59   9.5   0.0   8.2   2.6  20.9   15:03   WSW
 5  10.5  13.8   12:24   7.1   03:22   7.8   0.0   4.2   9.6  66.0   23:19   SSE
 6  10.1  13.4   13:56   5.9   21:47   8.2   0.0   8.0   6.2  57.9   01:11    SE
 7   7.6  13.4   15:32   1.7   07:56  10.7   0.0   0.2   2.7  19.3   22:56   ESE
 8  10.7  13.3   14:57   8.4   21:23   7.6   0.0   3.8   5.0  29.0   05:09     E
 9   9.0  13.0   15:05   5.4   23:27   9.3   0.0  10.2   1.9  16.1   00:07   SSW
10   8.7  14.4   15:44   4.7   08:08   9.6   0.0   0.2   2.2  19.3   12:00     S
11   8.2  15.4   16:22   3.6   07:33  10.1   0.0   0.2   0.6   9.7   14:18    SW
12   7.6  14.8   15:39   0.5   07:38  10.7   0.0   0.2   1.1  16.1   17:35   NNE
13   8.3  13.6   13:37   4.3   06:12  10.0   0.0   0.2   2.2  29.0   13:39     N
14   9.3  13.3   14:02   4.3   04:02   8.9   0.0   0.0   3.3  24.1   12:28   ENE
15  12.3  14.3   17:32   9.4   00:00   5.9   0.0   2.2  ----  40.2   14:22     E
16  12.5  16.0   11:50   7.2   03:12   5.8   0.0   3.6  ----  25.7   10:07    SE
17  14.2  16.1   19:51  10.9   05:53   4.1   0.0   6.0  ----  51.5   18:53    SE
18  15.1  17.2   13:35  13.8   08:44   3.2   0.0   4.0  ----  46.7   07:52   SSE
19  13.2  15.8   14:23  10.2   21:11   5.1   0.0   0.8  ----  41.8   08:52     S
20  11.8  14.4   16:00   9.9   07:34   6.5   0.0   3.2  ----  38.6   22:39     S
21   8.7  12.9   01:28   5.8   20:28   9.6   0.0   2.0  ----  40.2   00:32     W
22   9.5  12.1   16:14   5.4   03:31   8.8   0.0   0.8  ----  24.1   06:46     S
23  13.2  16.1   14:48   9.7   23:54   5.1   0.0   0.8  ----  29.0   13:08     S
24   9.8  11.9   13:10   8.0   21:24   8.5   0.0   0.4  ----  24.1   13:05     S
25  10.7  13.2   13:36   8.1   01:42   7.6   0.0   0.0  ----  35.4   16:52     S
26  13.3  15.5   14:11  11.1   00:00   5.2   0.0   0.0  ----  40.2   10:22     S
27  14.9  15.7   13:49  14.4   04:09   3.4   0.0   0.0  ----  40.2   13:49   SSE
28  10.7  15.5   06:38   1.4   23:58   7.6   0.0  16.2  ----  48.3   01:24     S
29   6.7  12.9   23:21  -0.7   05:55  11.6   0.0   0.8  ----  24.1   12:58   ENE
30  14.7  16.6   14:18  12.7   00:00   3.6   0.0   0.0  ----  29.0   01:01   SSE
31  15.0  17.6   10:52  11.7   23:55   3.3   0.0   3.8  ----  38.6   10:55   SSE
----------------------------------------------------------------------------------
    11.1  17.6    31    -0.7    29   220.7   0.0 107.0   3.7  66.0     5     SSE

Max >=  27.0:  0
Max <=   0.0:  0
Min <=   0.0:  1
Min <= -18.0:  0
Max Rain: 26.6 on day 3
Days of Rain: 25 (>= 0.2 mm)  14 (>= 2.0 mm)  1 (>= 20.0 mm)
Heat Base: 18.3  Cool Base: 18.3  Method: Integration