NOAA-Style Climate Reports


Report for 2014 September
                   Monthly Climatological Summary for Sep 2014

Name: Naas South   City: Naas   State: Kildare
Elevation: 116 m  Lat: N 54° 12' 28"   Lon: W 006° 40' 35"

                  Temperature (°C), Rain (mm), Wind Speed (km/h)

                                      Heat  Cool        Avg
    Mean                              Deg   Deg         Wind                 Dom
Day Temp  High   Time   Low    Time   Days  Days  Rain  Speed High   Time    Dir
----------------------------------------------------------------------------------
 1  14.4  16.8   13:27  12.2   06:53   3.9   0.0   0.0   1.8  17.7   13:25    NW
 2  14.0  17.7   14:56   7.6   23:41   4.3   0.0   0.0   1.7  11.3   10:21     E
 3  14.4  21.3   14:40   6.5   00:59   4.3   0.5   0.0   1.6  19.3   15:01   SSE
 4  16.3  24.1   16:38   9.9   06:09   3.1   1.2   0.0   0.9  14.5   12:10     S
 5  15.0  20.9   14:32   9.0   05:29   3.7   0.4   0.0   1.6  17.7   18:28   NNE
 6  12.4  16.1   14:37   9.1   07:06   5.9   0.0   1.2   2.9  19.3   14:13     N
 7  11.0  17.3   16:12   3.1   07:05   7.3   0.0   0.0   1.7  16.1   11:06   NNE
 8   9.6  17.1   14:21   2.2   05:39   8.7   0.0   0.2   1.5  14.5   11:48     N
 9  11.2  19.6   16:46   3.7   05:18   7.1   0.1   0.0   0.8  12.9   19:00   NNE
10  13.4  22.7   16:34   4.1   05:41   5.7   0.8   0.0   0.9  12.9   14:53     S
11  14.1  23.1   16:28   7.3   04:28   4.8   0.6   0.0   0.9  14.5   18:35   ESE
12  13.0  20.5   13:29   5.7   07:05   5.5   0.2   0.0   2.1  19.3   14:20    SE
13  14.0  23.1   15:24   6.7   04:45   4.7   0.4   0.0   1.6  17.7   16:31   ENE
14  13.4  17.5   13:33   7.7   07:25   4.9   0.0   0.0   2.6  19.3   10:36     E
15  14.5  18.2   13:56   9.4   01:16   3.8   0.0   0.0   3.0  25.7   11:53   ENE
16  15.8  20.1   13:48  12.3   07:46   2.8   0.2   0.0   2.1  20.9   16:54    NE
17  15.3  18.1   15:35  13.7   01:53   3.0   0.0   0.2   3.1  30.6   13:56    NE
18  15.9  19.1   12:53  13.7   00:00   2.5   0.0   0.0   3.8  27.4   13:02    NE
19  15.2  16.8   13:26  13.8   23:51   3.1   0.0   1.4   2.1  16.1   19:14    NE
20  14.0  17.9   16:03   6.0   23:59   4.3   0.0   1.0   2.9  19.3   05:36     N
21  11.2  21.1   15:06   2.8   03:57   7.3   0.2   0.2   0.6  11.3   11:02     N
22  12.8  19.9   16:48   7.7   05:00   5.6   0.1   0.0   0.7  16.1   16:50    SW
23  13.0  16.3   15:26  10.8   00:42   5.3   0.0   1.4   1.3  14.5   18:16   SSW
24  12.2  17.2   16:44   8.3   07:41   5.9   0.0   0.2   1.4  17.7   14:19   WNW
25  14.9  18.1   13:28  10.7   00:00   3.4   0.0   0.0   1.4  14.5   04:25   SSE
26  13.5  19.2   16:02   6.7   23:57   4.2   0.0   0.2   1.5  16.1   00:19   WSW
27  13.2  19.7   14:56   6.0   01:15   5.0   0.1   0.0   2.8  20.9   16:59     S
28  15.7  20.6   15:07  13.2   23:55   2.7   0.2   0.0   2.0  14.5   01:23     S
29  15.4  20.4   16:14  11.1   03:00   3.1   0.3   0.0   2.1  16.1   19:37   SSE
30  15.1  19.0   16:51  11.1   23:52   3.2   0.0   1.6   6.5  35.4   12:38   SSE
----------------------------------------------------------------------------------
    13.8  24.1     4     2.2     8   139.1   5.3   7.6   2.0  35.4    30       E

Max >=  27.0:  0
Max <=   0.0:  0
Min <=   0.0:  0
Min <= -18.0:  0
Max Rain: 1.6 on day 30
Days of Rain: 10 (>= 0.2 mm)  0 (>= 2.0 mm)  0 (>= 20.0 mm)
Heat Base: 18.3  Cool Base: 18.3  Method: Integration