NOAA-Style Climate Reports


Report for 2014 August
                   Monthly Climatological Summary for Aug 2014

Name: Naas South   City: Naas   State: Kildare
Elevation: 116 m  Lat: N 54° 12' 28"   Lon: W 006° 40' 35"

                  Temperature (°C), Rain (mm), Wind Speed (km/h)

                                      Heat  Cool        Avg
    Mean                              Deg   Deg         Wind                 Dom
Day Temp  High   Time   Low    Time   Days  Days  Rain  Speed High   Time    Dir
----------------------------------------------------------------------------------
 1  15.6  22.1   16:53  11.1   00:22   3.2   0.5   2.6   0.8  12.9   20:05   SSE
 2  13.3  15.2   12:12  12.0   21:12   5.0   0.0  42.6   3.1  20.9   07:54   WNW
 3  13.8  17.4   15:59  10.3   23:55   4.5   0.0   8.4   3.5  25.7   08:11   WSW
 4  15.5  22.8   15:45   7.4   05:09   3.7   0.9   0.0   2.3  19.3   12:44    SE
 5  17.4  21.9   12:43  14.1   05:59   1.8   0.9   4.8   1.8  16.1   18:03    SE
 6  17.2  22.7   13:20  10.3   23:58   2.1   0.9   0.2   1.8  22.5   14:38     W
 7  15.1  21.8   15:53   7.6   05:03   3.7   0.6   0.0   2.2  16.1   14:46    SE
 8  15.1  19.7   17:48   9.1   23:57   3.2   0.1   3.2   2.6  19.3   08:45    SE
 9  13.8  20.4   16:08   8.7   00:51   4.6   0.1   3.6   2.2  19.3   16:41    SE
10  12.9  18.5   14:22  10.2   23:51   5.4   0.0  16.0   2.9  22.5   15:11   WNW
11  13.5  18.6   16:14   9.3   04:20   4.7   0.0   0.8   3.9  25.7   13:12    SW
12  13.2  17.6   14:21   9.0   06:07   5.1   0.0   1.0   4.2  22.5   10:08    SW
13  15.2  20.1   17:15  12.2   00:00   3.2   0.1   0.4   4.5  25.7   13:47    NW
14  14.1  18.3   14:43  11.4   23:56   4.2   0.0   3.0   3.1  29.0   15:14   NNW
15  13.3  17.9   12:25   9.2   06:08   5.0   0.0   0.0   3.0  22.5   11:55   NNW
16  13.7  16.4   15:26  10.8   01:18   4.6   0.0   0.2   4.1  22.5   14:48   WSW
17  13.2  17.2   12:56  10.7   23:14   5.1   0.0   1.6   6.3  35.4   15:55    NW
18  12.7  16.7   14:21   9.6   23:59   5.6   0.0   0.0   5.8  25.7   08:34   NNW
19  11.6  16.6   13:36   8.1   23:57   6.7   0.0   0.2   3.0  24.1   17:11   NNW
20  10.9  15.9   16:37   4.8   01:58   7.4   0.0   0.0   2.0  14.5   10:43    NW
21  12.2  17.7   15:32   8.6   06:07   6.1   0.0   1.0   4.0  25.7   12:18    SW
22  11.7  16.4   14:14   7.2   01:07   6.6   0.0   0.0   3.3  22.5   11:24   NNW
23  10.6  17.2   16:57   4.9   03:06   7.7   0.0   0.0   2.4  20.9   17:05   NNW
24  11.3  16.4   11:43   4.7   03:08   7.0   0.0   1.4   4.0  27.4   16:24    SE
25  15.1  17.2   12:35  13.8   00:00   3.2   0.0   5.0   4.2  25.7   18:40     E
26  14.9  17.1   17:05  13.2   23:58   3.4   0.0   0.0   5.4  27.4   12:42   ENE
27  14.8  17.3   18:20  12.4   00:54   3.5   0.0   0.0   9.6  51.5   15:58   ESE
28  15.3  19.3   15:49  12.0   03:30   3.0   0.0   0.4   8.3  41.8   23:48     S
29  14.4  17.7   15:25  12.7   06:54   3.9   0.0   4.2   7.4  32.2   01:52    SW
30  13.9  17.2   16:19   9.4   23:48   4.4   0.0   2.2   3.0  22.5   17:57     W
31  14.3  20.5   15:20   7.6   05:13   4.3   0.3   0.4   3.7  25.7   19:12   SSW
----------------------------------------------------------------------------------
    13.9  22.8     4     4.7    24   141.9   4.4 103.2   3.8  51.5    27     WSW

Max >=  27.0:  0
Max <=   0.0:  0
Min <=   0.0:  0
Min <= -18.0:  0
Max Rain: 42.6 on day 2
Days of Rain: 22 (>= 0.2 mm)  11 (>= 2.0 mm)  1 (>= 20.0 mm)
Heat Base: 18.3  Cool Base: 18.3  Method: Integration