NOAA-Style Climate Reports


Report for 2014 July
                   Monthly Climatological Summary for Jul 2014

Name: Naas South   City: Naas   State: Kildare
Elevation: 116 m  Lat: N 54° 12' 28"   Lon: W 006° 40' 35"

                  Temperature (°C), Rain (mm), Wind Speed (km/h)

                                      Heat  Cool        Avg
    Mean                              Deg   Deg         Wind                 Dom
Day Temp  High   Time   Low    Time   Days  Days  Rain  Speed High   Time    Dir
----------------------------------------------------------------------------------
 1  16.4  23.0   15:30   8.4   04:52   3.2   1.3   0.0   2.1  19.3   10:52   ENE
 2  16.9  21.7   15:46  10.2   02:37   2.3   0.9   0.0   5.5  35.4   17:27    SW
 3  17.0  21.5   13:57  13.6   05:03   1.7   0.4   0.4   4.1  22.5   13:01    SW
 4  15.4  16.5   13:46  12.3   23:39   2.9   0.0   5.6   5.2  27.4   03:12   SSW
 5  12.7  18.2   16:34   5.9   05:54   5.6   0.0   4.6   2.0  20.9   17:37    SW
 6  12.6  18.5   16:51   6.9   02:46   5.7   0.0   2.0   2.5  19.3   19:04     W
 7  13.1  19.5   14:23   8.4   01:27   5.3   0.0   1.6   1.9  19.3   18:06     S
 8  13.4  18.5   16:50   9.0   02:11   4.9   0.0   2.4   3.6  30.6   15:26     N
 9  14.8  20.8   15:46   8.0   05:50   3.8   0.4   0.0   3.3  19.3   09:30   NNW
10  16.7  21.4   15:14  13.3   23:40   1.9   0.3   2.2   1.6  12.9   14:58    NW
11  17.6  22.6   14:36  13.5   00:00   1.6   0.9   0.0   1.3  16.1   13:09    SW
12  17.2  19.9   16:05  14.0   23:59   1.3   0.2   1.6   2.3  16.1   13:50    SW
13  14.9  19.8   17:52  11.8   07:38   3.5   0.1   0.6   2.5  19.3   13:09    NW
14  15.5  20.8   17:27  10.6   03:35   3.1   0.3   0.2   5.2  35.4   09:04    SW
15  16.0  20.6   15:07  11.3   05:43   2.6   0.3   0.0   3.5  25.7   21:34   SSW
16  18.2  23.3   18:09  14.4   23:39   1.2   1.1   0.2   5.2  30.6   01:12    SW
17  18.7  27.2   16:30   9.8   05:46   2.2   2.6   0.0   1.9  22.5   11:23   SSE
18  18.8  25.1   17:24  14.2   02:47   1.2   1.6   2.6   3.8  27.4   10:18    SE
19  18.9  26.1   16:13  16.4   05:31   0.7   1.3   3.2   1.4  20.9   18:25     S
20  18.7  21.1   17:37  13.3   23:59   0.2   0.4   0.0   1.4  12.9   09:35   WNW
21  17.7  23.6   15:16  10.6   04:16   2.2   1.5   0.0   2.0  16.1   14:12    SW
22  20.5  26.3   12:50  14.9   05:59   0.6   2.9   0.0   0.9   9.7   04:13    NE
23  21.1  27.2   14:05  14.4   05:38   0.8   3.6   0.0   2.1  22.5   14:52   ESE
24  19.8  26.9   14:18  14.7   23:57   0.6   2.1   1.8   1.1  25.7   15:43   ENE
25  20.1  28.2   15:14  10.5   05:43   1.8   3.6   0.0   1.6  19.3   12:45     E
26  17.4  21.8   16:07  12.0   23:58   1.3   0.4   0.4   1.4  12.9   14:02    NW
27  15.4  21.8   15:26  10.6   01:54   3.2   0.4   0.8   3.3  25.7   16:35    NW
28  16.6  21.4   15:40  13.7   01:13   2.1   0.4   0.0   4.3  20.9   13:11   NNW
29  16.4  20.3   15:37  13.8   05:31   2.1   0.2   0.6   2.8  19.3   14:56   NNW
30  16.5  21.3   19:13  11.5   04:41   2.4   0.6   0.0   3.2  17.7   12:51     W
31  16.7  22.4   16:23  11.5   23:57   2.2   0.6   1.4   3.3  22.5   14:05   WSW
----------------------------------------------------------------------------------
    16.8  28.2    25     5.9     5    74.2  28.4  32.2   2.8  35.4     2     WSW

Max >=  27.0:  3
Max <=   0.0:  0
Min <=   0.0:  0
Min <= -18.0:  0
Max Rain: 5.6 on day 4
Days of Rain: 18 (>= 0.2 mm)  7 (>= 2.0 mm)  0 (>= 20.0 mm)
Heat Base: 18.3  Cool Base: 18.3  Method: Integration