NOAA-Style Climate Reports


Report for 2014 June
                   Monthly Climatological Summary for Jun 2014

Name: Naas South   City: Naas   State: Kildare
Elevation: 116 m  Lat: N 54° 12' 28"   Lon: W 006° 40' 35"

                  Temperature (°C), Rain (mm), Wind Speed (km/h)

                                      Heat  Cool        Avg
    Mean                              Deg   Deg         Wind                 Dom
Day Temp  High   Time   Low    Time   Days  Days  Rain  Speed High   Time    Dir
----------------------------------------------------------------------------------
 1  15.0  18.3   16:59  10.3   05:14   3.3   0.0   0.0   4.7  30.6   16:26   SSW
 2  14.0  17.3   17:04  11.6   23:46   4.2   0.0   0.0   2.6  14.5   16:09   WNW
 3  11.9  16.1   16:05   8.9   23:47   6.4   0.0   2.6   2.2  25.7   17:33    SW
 4  10.2  15.0   15:41   7.0   06:33   8.1   0.0   9.8   4.5  29.0   16:07   NNW
 5  11.4  18.6   15:30   3.8   05:21   6.9   0.0   0.0   1.9  22.5   15:38    SW
 6  13.0  17.5   15:58   5.9   04:20   5.3   0.0   0.0   5.0  29.0   13:07   ESE
 7  15.3  19.3   15:19  12.2   23:55   3.0   0.0   3.0   5.2  29.0   15:34     S
 8  14.4  19.0   15:19  10.1   03:25   3.9   0.0   2.4   6.7  38.6   11:17   SSW
 9  15.0  19.3   12:56  10.9   00:28   3.3   0.0   0.4   5.5  29.0   18:26   SSE
10  13.4  18.4   11:44  10.8   22:51   4.9   0.0   1.8   4.4  25.7   11:06     S
11  14.5  19.8   18:05   9.0   05:07   3.9   0.1   0.2   2.6  16.1   22:51   SSW
12  16.0  22.9   16:53   8.6   05:18   3.1   0.8   0.0   3.5  20.9   16:29   SSW
13  16.7  21.8   15:18  11.1   03:43   2.1   0.5   0.0   1.8  16.1   13:50   WNW
14  16.0  19.3   17:07  12.8   06:02   2.4   0.1   0.0   1.7   9.7   09:33   NNW
15  15.6  19.3   16:02  12.3   03:37   2.8   0.1   0.0   2.4  17.7   16:17     N
16  15.0  20.3   17:14   8.2   04:22   3.7   0.3   0.0   2.2  25.7   16:32   ENE
17  17.6  25.2   16:15   8.3   04:49   2.7   2.0   0.0   1.8  17.7   17:56   ENE
18  19.6  26.2   18:08  10.0   05:14   1.9   3.2   0.0   2.2  19.3   22:24     N
19  15.7  20.3   16:38  11.3   05:35   2.8   0.2   0.0   3.5  25.7   14:25   NNE
20  14.3  20.0   18:02   6.7   04:49   4.1   0.1   0.0   2.3  16.1   08:22   NNE
21  15.7  21.7   15:21   6.8   05:13   3.1   0.5   0.0   2.5  19.3   09:36   NNE
22  15.4  21.2   15:13   8.5   05:12   3.3   0.4   0.0   1.8  16.1   11:42    NE
23  16.7  23.2   16:29  10.6   05:17   2.3   0.8   0.0   1.9  19.3   11:41   NNE
24  16.3  21.5   16:52   8.2   05:21   2.8   0.9   0.0   1.4  11.3   11:37   NNE
25  16.2  20.4   11:58  13.4   04:38   2.3   0.1   1.4   0.4  14.5   15:53   SSE
26  15.0  18.9   12:12  12.2   22:51   3.3   0.0   6.4   2.8  22.5   12:34   ESE
27  14.3  18.6   14:09   9.6   06:08   4.0   0.0   1.4   2.4  24.1   17:53     E
28  13.3  16.9   16:31   7.5   23:55   5.0   0.0   0.0   2.2  20.9   14:21   ENE
29  11.8  19.3   16:11   3.1   05:38   6.6   0.0   0.0   1.1  17.7   17:26    SE
30  15.1  19.5   13:35   9.3   04:55   3.4   0.1   0.0   2.2  25.7   14:00     E
----------------------------------------------------------------------------------
    14.8  26.2    18     3.1    29   114.9  10.2  29.4   2.8  38.6     8      SE

Max >=  27.0:  0
Max <=   0.0:  0
Min <=   0.0:  0
Min <= -18.0:  0
Max Rain: 9.8 on day 4
Days of Rain: 10 (>= 0.2 mm)  5 (>= 2.0 mm)  0 (>= 20.0 mm)
Heat Base: 18.3  Cool Base: 18.3  Method: Integration