NOAA-Style Climate Reports


Report for 2014 May
                   Monthly Climatological Summary for May 2014

Name: Naas South   City: Naas   State: Kildare
Elevation: 116 m  Lat: N 54° 12' 28"   Lon: W 006° 40' 35"

                  Temperature (°C), Rain (mm), Wind Speed (km/h)

                                      Heat  Cool        Avg
    Mean                              Deg   Deg         Wind                 Dom
Day Temp  High   Time   Low    Time   Days  Days  Rain  Speed High   Time    Dir
----------------------------------------------------------------------------------
 1  11.3  14.6   12:56   9.4   23:53   6.9   0.0   2.4   3.4  19.3   20:41   ENE
 2  10.1  11.8   10:38   7.9   23:55   8.2   0.0   0.0   3.2  14.5   01:11     E
 3  10.9  13.8   15:18   6.6   01:05   7.4   0.0   0.6   4.9  27.4   14:36   SSW
 4  10.9  12.6   11:50   8.6   23:59   7.4   0.0   0.2   7.3  29.0   15:22   SSW
 5  10.7  15.3   15:27   8.4   01:07   7.6   0.0   3.0  10.1  49.9   14:20   SSW
 6   9.8  14.7   11:38   5.3   05:29   8.5   0.0   2.4   6.7  32.2   12:24   SSW
 7  10.1  13.7   16:08   6.7   03:53   8.2   0.0   1.8   6.6  30.6   09:42   WSW
 8  11.3  16.6   14:53   8.4   05:18   7.0   0.0   4.4   4.5  29.0   22:25   WSW
 9  10.8  15.3   14:35   7.6   03:33   7.5   0.0   8.0   6.3  29.0   03:19   WSW
10  10.8  14.2   12:49   8.9   23:31   7.5   0.0  10.8   7.1  37.0   00:06    SW
11   9.2  11.7   12:57   7.9   23:35   9.1   0.0   9.8   5.3  25.7   12:24   WNW
12   9.3  14.5   14:26   5.0   05:59   9.0   0.0   9.2   2.6  19.3   18:09   WSW
13  10.7  16.1   16:08   5.9   03:45   7.6   0.0   0.2   3.8  27.4   14:32    NW
14  11.1  15.5   16:20   6.3   03:09   7.2   0.0   0.0   2.6  16.1   09:51   SSW
15  14.5  20.2   17:16   9.4   05:10   3.9   0.1   0.0   1.8  16.1   17:07   SSW
16  14.7  19.9   17:46   8.6   23:59   3.7   0.2   0.0   3.5  19.3   11:50    SW
17  13.3  20.1   16:15   5.6   05:24   5.1   0.1   0.0   6.0  33.8   15:49   SSW
18  11.1  12.8   10:15   8.8   23:14   7.2   0.0   8.8   5.2  33.8   08:55   SSW
19  12.0  15.4   16:37   8.8   01:02   6.3   0.0   3.8   3.3  24.1   14:21   ENE
20  13.3  18.9   14:18   9.1   23:30   5.0   0.0   5.0   3.5  25.7   15:51   ESE
21  13.0  20.2   19:01   7.7   03:33   5.3   0.0   0.2   3.6  24.1   13:30   SSW
22  10.2  14.7   12:39   5.6   04:05   8.1   0.0   4.6   3.2  24.1   15:56    NE
23   9.6  13.1   10:41   8.4   23:06   8.7   0.0   2.2   7.3  35.4   08:57    NE
24  10.2  13.1   17:20   8.2   01:41   8.1   0.0  16.8   5.6  25.7   21:13   NNE
25  11.0  15.7   14:15   9.2   04:51   7.3   0.0   8.0   3.0  20.9   00:41   NNE
26  11.8  18.4   15:18   8.5   23:58   6.5   0.0   7.8   1.3  22.5   15:52     S
27  12.9  20.1   16:24   5.1   04:17   5.5   0.1   0.2   1.5  14.5   18:04     S
28  12.7  19.7   14:44   4.8   04:22   5.7   0.0   0.0   2.6  19.3   18:39    NE
29  11.6  13.8   16:12  10.1   02:33   6.7   0.0   0.4   3.7  20.9   15:34    NE
30  12.7  16.7   13:44  10.2   02:42   5.6   0.0   0.0   3.3  22.5   11:29   ENE
31  15.9  21.4   15:44  11.1   02:56   3.1   0.7   0.0   2.0  17.7   15:03     W
----------------------------------------------------------------------------------
    11.5  21.4    31     4.8    28   210.9   1.2 110.6   4.3  49.9     5     SSW

Max >=  27.0:  0
Max <=   0.0:  0
Min <=   0.0:  0
Min <= -18.0:  0
Max Rain: 16.8 on day 24
Days of Rain: 23 (>= 0.2 mm)  16 (>= 2.0 mm)  0 (>= 20.0 mm)
Heat Base: 18.3  Cool Base: 18.3  Method: Integration