NOAA-Style Climate Reports


Report for 2014 April
                   Monthly Climatological Summary for Apr 2014

Name: Naas South   City: Naas   State: Kildare
Elevation: 116 m  Lat: N 54° 12' 28"   Lon: W 006° 40' 35"

                  Temperature (°C), Rain (mm), Wind Speed (km/h)

                                      Heat  Cool        Avg
    Mean                              Deg   Deg         Wind                 Dom
Day Temp  High   Time   Low    Time   Days  Days  Rain  Speed High   Time    Dir
----------------------------------------------------------------------------------
 1   9.3  16.1   15:52   3.3   06:24   9.0   0.0   0.2   5.2  24.1   23:15     E
 2  10.3  12.7   13:21   7.5   03:28   8.0   0.0   9.8   6.5  30.6   11:30   ESE
 3  11.4  15.3   15:58   7.0   07:26   6.9   0.0   1.2   3.7  20.9   10:01   SSW
 4  10.7  14.5   15:33   8.2   06:35   7.6   0.0   0.0   6.0  35.4   23:11   SSW
 5  12.0  15.7   15:00   9.7   00:00   6.3   0.0   3.2  10.1  38.6   23:35   SSW
 6  12.2  16.0   16:00   7.2   22:02   6.1   0.0   1.6  10.4  48.3   10:39   SSW
 7   8.4  13.8   14:24   3.9   23:50   9.9   0.0   8.6   3.7  20.9   15:03    SW
 8   7.2  12.6   15:15   2.7   06:44   9.6   0.0   0.0   5.1  22.5   13:24     W
 9   9.7  13.2   14:48   6.3   05:33   8.6   0.0   0.0   4.9  27.4   11:49    SW
10   9.5  14.1   13:24   5.3   06:21   8.8   0.0   0.6   4.1  20.9   18:21   WSW
11   7.1  11.7   14:14   0.3   04:24  11.2   0.0   0.2   2.1  17.7   14:04    SW
12   8.9  13.3   16:18   5.8   00:14   9.4   0.0   1.8   6.1  24.1   11:27   WSW
13   9.0  13.3   17:39   6.6   02:50   9.3   0.0   0.0   3.8  25.7   15:18     W
14   8.8  14.4   14:24   2.4   06:57   9.5   0.0   0.0   3.4  19.3   10:53   NNE
15   9.1  15.9   15:54   0.4   05:07   9.2   0.0   0.0   5.1  33.8   13:31   SSW
16  10.1  15.7   17:09   3.6   00:59   8.2   0.0   0.0   7.6  30.6   09:35   SSW
17  10.0  11.7   13:28   8.0   23:30   8.3   0.0   0.0   4.6  20.9   08:05   WNW
18   9.0  16.6   15:16   1.0   06:48   9.3   0.0   0.0   2.4  14.5   12:47    NE
19   8.4  16.4   14:41   0.7   05:54   9.9   0.0   0.0   3.2  25.7   17:27   ESE
20   7.5  12.4   14:25   1.8   01:09  10.8   0.0   1.0   9.1  33.8   09:44    NE
21  12.2  17.3   15:42   8.4   06:28   6.1   0.0   2.6   9.6  33.8   01:15     E
22  10.6  13.1   15:17   8.2   06:05   7.7   0.0   0.2   5.1  25.7   10:48     E
23  12.0  17.1   14:36   7.7   23:57   6.3   0.0   0.8   7.9  32.2   16:46   SSW
24  10.7  16.9   14:32   5.6   06:04   7.6   0.0   0.0   4.0  24.1   08:36     S
25  11.8  17.6   14:34   3.7   06:33   6.5   0.0   0.0   7.9  35.4   22:26   ESE
26   9.8  12.0   11:03   6.4   05:43   8.0   0.0   5.2  11.4  38.6   00:03   ESE
27  10.5  14.5   15:37   5.2   05:08   7.8   0.0   0.0   6.3  29.0   12:09    NE
28  11.5  15.2   17:37   7.7   00:30   6.8   0.0   0.0   1.2   9.7   11:39     N
29  12.4  19.9   15:57   4.5   05:40   5.9   0.1   0.0   1.8  20.9   19:19   SSE
30  11.0  14.3   15:55   7.4   01:22   7.3   0.0   0.2   6.1  32.2   15:29     S
----------------------------------------------------------------------------------
    10.0  19.9    29     0.3    11   245.9   0.1  37.2   5.6  48.3     6     SSE

Max >=  27.0:  0
Max <=   0.0:  0
Min <=   0.0:  0
Min <= -18.0:  0
Max Rain: 9.8 on day 2
Days of Rain: 15 (>= 0.2 mm)  5 (>= 2.0 mm)  0 (>= 20.0 mm)
Heat Base: 18.3  Cool Base: 18.3  Method: Integration