NOAA-Style Climate Reports


Report for 2014 March
                   Monthly Climatological Summary for Mar 2014

Name: Naas South   City: Naas   State: Kildare
Elevation: 116 m  Lat: N 54° 12' 28"   Lon: W 006° 40' 35"

                  Temperature (°C), Rain (mm), Wind Speed (km/h)

                                      Heat  Cool        Avg
    Mean                              Deg   Deg         Wind                 Dom
Day Temp  High   Time   Low    Time   Days  Days  Rain  Speed High   Time    Dir
----------------------------------------------------------------------------------
 1   4.9   8.2   14:47   0.5   01:12  13.4   0.0   1.4   2.7  29.0   21:26    SE
 2   5.3   8.9   14:20   0.9   23:02  13.0   0.0   6.2   2.3  22.5   12:32     S
 3   4.7   8.9   14:08   0.6   00:55  13.5   0.0   0.2   3.2  19.3   23:19   NNW
 4   5.2  10.1   13:50   1.9   23:39  13.1   0.0   0.4   1.0  14.5   00:00   WSW
 5   6.5   9.9   14:21   2.4   00:00  11.8   0.0   1.2   3.6  25.7   16:14    SE
 6  10.0  12.3   13:26   7.9   00:00   8.3   0.0   5.2   4.4  29.0   13:23    SE
 7   7.8  10.2   14:31   3.9   19:52  10.5   0.0   8.0   4.1  24.1   11:58     W
 8   9.1  10.2   15:00   6.9   00:04   9.2   0.0   0.0   8.4  40.2   09:06   SSE
 9   9.4  14.1   15:19   5.2   23:50   8.9   0.0   4.2   3.9  24.1   00:55    SE
10   5.4  11.9   15:07  -0.2   05:01  12.9   0.0   0.2   1.1  12.9   13:32    NE
11   4.0  12.8   14:22  -2.4   04:43  14.3   0.0   0.0   1.9  14.5   11:05    NE
12   3.0   9.4   14:14  -2.7   06:47  15.3   0.0   0.2   1.3  12.9   09:05   WNW
13   3.3   7.4   17:05  -1.3   06:36  15.0   0.0   0.0   1.9  11.3   17:00    NE
14   6.9  10.5   17:09   3.4   04:01  11.4   0.0   0.4   2.9  14.5   11:38   WSW
15   9.7  14.8   15:14   6.7   06:02   8.6   0.0   0.0   4.1  22.5   14:56     W
16   8.3  10.3   14:56   6.4   01:56  10.0   0.0   0.8   2.8  16.1   00:15     W
17   8.2  10.9   13:38   5.7   23:57  10.1   0.0   0.0   3.1  19.3   13:01    SW
18   8.8  12.1   14:33   5.6   00:26   9.4   0.0   1.0   8.1  33.8   10:45   WSW
19  10.1  15.3   14:36   6.6   06:26   8.2   0.0   0.0  11.9  48.3   22:17   SSW
20   7.2  10.3   15:33   2.8   23:28  11.1   0.0  11.4  12.7  61.2   05:02   SSW
21   4.4  10.1   12:31   1.1   23:47  13.9   0.0   5.6   9.9  40.2   13:00    SW
22   3.3   8.3   12:29   0.4   04:06  15.0   0.0   2.2   6.5  30.6   15:55   WSW
23   4.7   9.8   16:57   1.4   23:16  13.6   0.0   0.2   4.2  29.0   12:09    NW
24   6.3   8.5   17:37   1.8   02:35  12.0   0.0   1.0  10.8  49.9   16:27     S
25   6.5  11.6   15:58   2.0   06:33  11.8   0.0   0.0   7.0  32.2   16:06     N
26   5.3   8.6   15:13   2.3   02:35  13.0   0.0   1.2   4.7  24.1   11:22   NNE
27   3.2   7.6   11:58  -1.1   04:34  14.9   0.0   1.0   4.2  29.0   12:06     E
28   6.1   9.2   14:05   3.1   00:00  12.1   0.0   5.4   7.4  33.8   15:21   ENE
29   8.2  11.8   22:01   3.7   03:45  10.1   0.0   1.8   6.6  30.6   21:45   ESE
30  10.7  14.2   16:33   7.3   23:59   7.3   0.0   0.4   4.2  29.0   02:48    SE
31  11.1  15.7   13:41   7.3   00:00   7.2   0.0   0.2   4.0  24.1   17:17   SSE
----------------------------------------------------------------------------------
     6.7  15.7    31    -2.7    12   358.9   0.0  59.8   5.0  61.2    20     SSW

Max >=  27.0:  0
Max <=   0.0:  0
Min <=   0.0:  5
Min <= -18.0:  0
Max Rain: 11.4 on day 20
Days of Rain: 24 (>= 0.2 mm)  8 (>= 2.0 mm)  0 (>= 20.0 mm)
Heat Base: 18.3  Cool Base: 18.3  Method: Integration