NOAA-Style Climate Reports


Report for 2014 February
                   Monthly Climatological Summary for Feb 2014

Name: Naas South   City: Naas   State: Kildare
Elevation: 116 m  Lat: N 54° 12' 28"   Lon: W 006° 40' 35"

                  Temperature (°C), Rain (mm), Wind Speed (km/h)

                                      Heat  Cool        Avg
    Mean                              Deg   Deg         Wind                 Dom
Day Temp  High   Time   Low    Time   Days  Days  Rain  Speed High   Time    Dir
----------------------------------------------------------------------------------
 1   4.2   7.7   16:14   0.6   00:47  14.1   0.0   5.0  15.8  59.5   11:16   SSW
 2   6.0   8.9   15:07   2.7   08:23  12.3   0.0   0.6  13.0  53.1   23:18   SSW
 3   6.5   8.7   02:06   3.2   23:22  11.8   0.0   2.6  14.8  75.6   09:10     S
 4   4.4   7.2   14:05   1.2   06:53  13.8   0.0   5.6  14.5  69.2   22:08   SSE
 5   7.0   9.3   13:04   6.0   21:47  11.3   0.0  13.2  11.3  51.5   06:40   SSE
 6   4.5   6.6   13:25   1.2   22:03  13.8   0.0   0.2   4.7  30.6   00:25   SSW
 7   4.0   7.7   21:55  -0.1   08:00  14.3   0.0   3.0   9.9  69.2   20:48     S
 8   6.2   8.7   13:50   4.7   03:54  12.0   0.0   5.8  17.5  70.8   06:47   SSW
 9   4.4   6.2   14:59   1.1   21:54  13.9   0.0   4.4   7.8  30.6   03:50    SW
10   2.5   5.4   15:56  -1.2   07:45  15.8   0.0   0.0   5.1  41.8   22:43   SSW
11   1.9   5.1   00:00  -0.1   17:39  16.4   0.0   5.0   8.5  54.7   02:01    SW
12   3.8   7.7   11:32   0.7   01:28  14.5   0.0   7.6  15.9  74.0   12:40    SW
13   2.8   6.6   14:21   0.7   05:37  15.5   0.0   0.8  11.3  45.1   00:28   WSW
14   5.5   9.9   13:48   2.3   00:38  12.8   0.0   7.6  10.7  59.5   11:04   SSW
15   4.3   8.1   13:19   1.3   23:48  14.0   0.0   7.8   7.3  48.3   15:35   NNW
16   4.0   7.6   15:53  -0.2   07:48  14.3   0.0   1.0   8.0  38.6   23:49    SW
17   8.0  10.8   13:07   5.6   22:30  10.3   0.0  13.6  10.4  41.8   01:47    SW
18   6.7  10.1   13:18   4.1   08:11  11.6   0.0   0.2   3.9  16.1   11:25   WSW
19   8.3  10.3   13:49   6.2   05:10  10.0   0.0   0.4   9.8  40.2   18:42    SW
20   6.4  10.5   01:22   1.7   23:13  11.9   0.0   1.8   8.0  54.7   00:59   WSW
21   4.4   7.6   12:00   1.6   03:15  13.9   0.0   2.0   4.3  35.4   14:05   ESE
22   6.8   9.7   21:27   3.7   07:02  11.5   0.0   0.0   5.5  40.2   18:21    SE
23   8.9  10.1   02:11   5.6   22:55   9.4   0.0   5.6   7.5  45.1   07:06    SE
24   6.4   9.4   12:32   4.6   06:42  11.9   0.0   6.0   6.8  48.3   20:31   SSE
25   5.8   8.6   15:46   3.7   23:01  12.5   0.0   3.4   6.2  43.5   08:26    SE
26   6.4  10.2   14:50   3.5   04:46  11.9   0.0   6.8   5.2  37.0   21:27    SE
27   5.2   9.3   13:05   2.7   07:42  13.1   0.0   0.8   2.9  22.5   12:42   WSW
28   4.4   9.4   13:54   0.7   23:49  13.9   0.0   0.2   3.2  19.3   02:42   NNW
----------------------------------------------------------------------------------
     5.3  10.8    17    -1.2    10   362.5   0.0 111.0   8.9  75.6     3     SSW

Max >=  27.0:  0
Max <=   0.0:  0
Min <=   0.0:  4
Min <= -18.0:  0
Max Rain: 13.6 on day 17
Days of Rain: 26 (>= 0.2 mm)  17 (>= 2.0 mm)  0 (>= 20.0 mm)
Heat Base: 18.3  Cool Base: 18.3  Method: Integration