NOAA-Style Climate Reports


Report for 2014 January
                   Monthly Climatological Summary for Jan 2014

Name: Naas South   City: Naas   State: Kildare
Elevation: 116 m  Lat: N 54° 12' 28"   Lon: W 006° 40' 35"

                  Temperature (°C), Rain (mm), Wind Speed (km/h)

                                      Heat  Cool        Avg
    Mean                              Deg   Deg         Wind                 Dom
Day Temp  High   Time   Low    Time   Days  Days  Rain  Speed High   Time    Dir
----------------------------------------------------------------------------------
 1   6.2  10.4   12:51   3.8   23:28  12.1   0.0   2.6   9.4  45.1   06:52    SW
 2   6.2   9.3   21:00   3.6   08:44  12.1   0.0   0.8  13.0  62.8   20:18    SW
 3   5.9   7.3   00:00   3.9   23:58  12.4   0.0   0.0  19.0  61.2   04:53   WSW
 4   3.2   5.9   14:03   1.1   22:36  15.1   0.0   4.8   3.9  20.9   00:02    SW
 5   6.5  11.4   15:07   1.2   00:17  11.8   0.0   5.6  11.9  66.0   12:12   SSW
 6   8.2   9.7   13:10   6.6   01:58  10.1   0.0   5.0  18.9  62.8   07:17    SW
 7   7.5   8.7   11:12   6.2   06:29  10.8   0.0   0.0  14.6  40.2   01:47    SW
 8   6.1   7.8   00:00   4.5   08:34  12.2   0.0   9.6   4.9  33.8   01:24    SW
 9   3.7   7.3   14:12   0.2   08:23  14.6   0.0   0.4   3.7  17.7   19:16   WSW
10   5.6   8.8   11:26   0.6   23:58  12.7   0.0   3.2   6.4  35.4   10:34    SW
11   2.4   6.7   14:24  -0.1   06:20  15.9   0.0   0.2   3.6  22.5   23:07   SSW
12   6.9   9.3   15:12   3.5   23:27  11.4   0.0   0.6  13.4  53.1   14:17   SSW
13   3.1   6.5   11:59  -1.2   22:22  15.2   0.0   1.0   5.5  41.8   08:31    SW
14   3.8   9.4   22:52  -1.6   00:23  14.5   0.0   4.2   8.3  38.6   16:32    SW
15   8.0   9.8   11:02   4.9   23:23  10.3   0.0   1.8  10.4  35.4   06:49    SW
16   5.5   7.8   12:37   3.3   23:25  12.8   0.0   4.6   5.8  25.7   05:49   SSW
17   5.1   6.7   14:08   3.6   00:00  13.2   0.0   0.8   3.4  17.7   19:16    SW
18   3.0   4.4   00:09   2.2   14:24  15.3   0.0   8.2   2.8  22.5   14:17     N
19   3.6   6.9   13:56   1.4   08:15  14.7   0.0   0.2   5.2  24.1   12:22    SW
20   4.1   7.8   14:23   2.3   09:23  14.2   0.0   0.0   3.9  27.4   23:18    SW
21   7.2   9.4   14:39   5.0   00:00  11.1   0.0   0.6  12.7  45.1   07:09    SW
22   5.5   8.9   14:11   3.0   21:02  12.8   0.0   0.2   5.5  27.4   01:56   WSW
23   4.7   6.1   04:21   3.6   08:33  11.8   0.0   3.6   6.2  25.7   02:17   WSW
24   8.8  11.1   15:12   4.6   00:00   9.5   0.0  10.8   7.5  32.2   03:11    SW
25   5.9   8.9   00:17   2.6   20:40  12.4   0.0   3.0   9.7  43.5   10:51   WSW
26   4.6   8.4   08:34   0.8   21:57  13.7   0.0   6.8  13.9  67.6   05:00   WSW
27   5.0   7.0   15:05   1.5   00:12  13.3   0.0   4.6   9.7  33.8   12:27   WSW
28   5.1   6.6   01:52   3.2   22:26  13.2   0.0   2.0  10.1  32.2   11:05   NNE
29   4.5   5.7   15:22   3.6   00:00  13.8   0.0   6.4   8.3  27.4   00:45   NNE
30   4.1   5.4   13:59   0.5   21:19  14.2   0.0   0.0   4.5  24.1   23:48     S
31   5.0   8.3   13:39   0.9   23:51  13.3   0.0   8.0  11.3  59.5   08:47   SSW
----------------------------------------------------------------------------------
     5.3  11.4     5    -1.6    14   400.5   0.0  99.6   8.6  67.6    26      SW

Max >=  27.0:  0
Max <=   0.0:  0
Min <=   0.0:  3
Min <= -18.0:  0
Max Rain: 10.8 on day 24
Days of Rain: 27 (>= 0.2 mm)  17 (>= 2.0 mm)  0 (>= 20.0 mm)
Heat Base: 18.3  Cool Base: 18.3  Method: Integration