NOAA-Style Climate Reports


Report for 2014
                   Annual Climatological Summary for 2014

Name: Naas South   City: Naas   State: Kildare
Elevation: 116 m  Lat: N 54° 12' 28"   Lon: W 006° 40' 35"

                  Temperature (°C), Heat Base: 18.3  Cool Base: 18.3
                          Dep.  Heat  Cool                       Max  Max  Min  Min
        Mean  Mean        From  Deg   Deg                        >=   <=   <=   <=
 YR MO  Max   Min   Mean  Norm  Days  Days  Hi  Date  Low  Date 27.0  0.0  0.0 -18.0
------------------------------------------------------------------------------------
 14  1   8.0   2.6   5.3   0.0   400     0  11.4   5  -1.6   14    0    0    3    0
 14  2   8.5   2.4   5.3   0.0   362     0  10.8  17  -1.2   10    0    0    4    0
 14  3  10.8   2.9   6.7   0.0   358     0  15.7  31  -2.7   12    0    0    5    0
 14  4  14.8   5.2  10.0   0.0   245     0  19.9  29   0.3   11    0    0    0    0
 14  5  16.0   7.8  11.5   0.0   210     1  21.4  31   4.8   28    0    0    0    0
 14  6  19.8   9.3  14.8   0.0   114    10  26.2  18   3.1   29    0    0    0    0
 14  7  22.2  11.7  16.8   0.0    74    28  28.2  25   5.9    5    3    0    0    0
 14  8  18.4   9.8  13.9   0.0   141     4  22.8   4   4.7   24    0    0    0    0
 14  9  19.3   8.4  13.8   0.0   139     5  24.1   4   2.2    8    0    0    0    0
 14 10  14.7   7.1  11.1   0.0   220     0  17.6  31  -0.7   29    0    0    1    0
 14 11  10.4   3.6   7.2   0.0   332     0  13.8   1  -2.7   26    0    0    3    0
 14 12   7.6   2.1   4.8   0.0   418     0  12.6  21  -4.7   29    0    0    9    0
------------------------------------------------------------------------------------
        14.2   6.1  10.1   0.0  3020    49  28.2 Jul  -4.7  Dec    3    0   25    0

                                Precipitation (mm)

              Dep.   Max        Days of Rain
              From   Obs.           >=
 YR MO Total  Norm   Day Date  0.2  2.0 20.0
---------------------------------------------
 14  1  99.6   0.0  10.8  24    27   17    0
 14  2 111.0   0.0  13.6  17    26   17    0
 14  3  59.8   0.0  11.4  20    24    8    0
 14  4  37.2   0.0   9.8   2    15    5    0
 14  5 110.6   0.0  16.8  24    23   16    0
 14  6  29.4   0.0   9.8   4    10    5    0
 14  7  32.2   0.0   5.6   4    18    7    0
 14  8 103.2   0.0  42.6   2    22   11    1
 14  9   7.6   0.0   1.6  30    10    0    0
 14 10 107.0   0.0  26.6   3    25   14    1
 14 11 127.0   0.0  26.0  13    27   12    2
 14 12  87.4   0.0  14.0  16    26   12    0
---------------------------------------------
       912.0   0.0  42.6  Aug  253  124    4

                                Wind Speed (km/h)
                          Dom
 YR MO   Avg.  Hi   Date  Dir
------------------------------
 14  1   8.6  67.6   26    SW
 14  2   8.9  75.6    3   SSW
 14  3   5.0  61.2   20   SSW
 14  4   5.6  48.3    6     S
 14  5   4.3  49.9    5   SSW
 14  6   2.8  38.6    8    SE
 14  7   2.8  35.4    2   WSW
 14  8   3.8  51.5   27   WSW
 14  9   2.0  35.4   30     E
 14 10   3.7  66.0    5   SSE
 14 11   3.5  53.1    1   SSE
 14 12   5.2  45.1   23   SSW
------------------------------
         4.7  75.6  Feb   SSW