NOAA-Style Climate Reports


Report for 2013 December
                   Monthly Climatological Summary for Dec 2013

Name: Naas South   City: Naas   State: Kildare
Elevation: 116 m  Lat: N 54° 12' 28"   Lon: W 006° 40' 35"

                  Temperature (°C), Rain (mm), Wind Speed (km/h)

                                      Heat  Cool        Avg
    Mean                              Deg   Deg         Wind                 Dom
Day Temp  High   Time   Low    Time   Days  Days  Rain  Speed High   Time    Dir
----------------------------------------------------------------------------------
 1   7.4   9.2   13:20   6.2   08:20  10.9   0.0   0.4   0.2   6.4   07:30   ESE
 2   6.9   7.9   14:11   5.7   08:10  11.4   0.0   0.6   1.7  16.1   21:55   SSW
 3   6.9   8.5   13:15   4.7   01:10  11.4   0.0   0.4   6.1  25.7   23:26    SW
 4   3.5   7.1   14:00   0.0   08:40  14.8   0.0   0.2   2.4  22.5   00:02     W
 5   6.3   9.8   10:47   2.1   23:53  12.0   0.0   2.2   9.4  43.5   11:22   WNW
 6   6.0   9.4   13:27   1.6   02:28  12.3   0.0   0.8   2.3  16.1   12:58   WSW
 7   7.0   8.7   14:32   5.4   07:47  11.3   0.0   0.2   7.2  24.1   13:09    SW
 8   9.0  10.9   15:36   6.4   00:00   9.3   0.0   0.0  10.5  32.2   13:29    SW
 9   8.8  10.8   12:57   7.1   05:32   9.4   0.0   0.0  10.0  33.8   20:24    SW
10  11.0  11.9   15:10   9.6   00:00   7.2   0.0   0.0  14.5  41.8   08:11    SW
11  10.2  11.3   00:00   9.3   09:08   8.1   0.0   0.0  15.4  48.3   21:40   SSW
12  12.4  13.6   12:40  11.1   00:00   5.9   0.0   0.0  14.8  43.5   04:10    SW
13   9.1  12.5   00:32   3.0   23:41   9.2   0.0   1.8  11.9  43.5   03:26    SW
14   8.5  11.2   16:04   2.8   00:14   9.8   0.0   0.4  16.6  62.8   10:59    SW
15   8.3  11.8   13:38   4.3   04:18  10.0   0.0   3.6  12.5  45.1   07:10    SW
16   5.3   9.1   00:00   2.5   23:36  13.0   0.0   7.2   6.4  29.0   02:35   WSW
17   5.0   8.7   23:28   1.5   05:04  13.3   0.0   0.0  11.4  48.3   19:03    SW
18   8.7  11.7   14:41   3.1   23:41   9.6   0.0   4.4  16.2  62.8   16:12    SW
19   2.2   4.7   14:07   0.7   16:37  16.1   0.0   4.6   9.2  29.0   00:04   WSW
20   6.7  11.2   20:37   1.8   00:00  11.6   0.0   2.8  15.9  61.2   16:52   WSW
21   6.2   8.9   06:27   2.9   21:06  12.1   0.0  11.4  12.2  48.3   07:43   WSW
22   2.6   4.4   00:04   0.7   15:22  15.7   0.0   6.0   9.8  30.6   01:31   WSW
23   7.6  10.8   13:13   1.8   00:00  10.7   0.0   6.6  15.9  64.4   08:31    SW
24   3.6   5.4   12:50   1.9   06:23  14.7   0.0   0.4  16.5  56.3   12:56   WSW
25   1.9   6.3   13:06  -0.6   18:38  16.4   0.0   0.0   3.8  20.9   00:14    SW
26   4.1   9.8   21:54   1.0   09:19  14.2   0.0   1.8  11.2  74.0   21:11    SW
27   5.9   8.1   00:27   2.7   22:56  12.4   0.0   3.0  16.7  66.0   04:53   WSW
28   3.0   6.5   13:17   0.6   23:41  15.3   0.0   0.0   5.2  22.5   02:02   WSW
29   4.7  10.2   23:33   0.1   05:56  13.6   0.0   0.2  13.2  56.3   20:13    SW
30   6.7  10.3   00:23   4.4   06:58  11.6   0.0  21.8  10.8  53.1   00:06   WSW
31   5.7   8.7   02:03   3.7   09:23  12.6   0.0   5.6  14.4  56.3   02:19    SW
----------------------------------------------------------------------------------
     6.5  13.6    12    -0.6    25   365.9   0.0  86.4  10.5  74.0    26      SW

Max >=  27.0:  0
Max <=   0.0:  0
Min <=   0.0:  2
Min <= -18.0:  0
Max Rain: 21.8 on day 30
Days of Rain: 23 (>= 0.2 mm)  12 (>= 2.0 mm)  1 (>= 20.0 mm)
Heat Base: 18.3  Cool Base: 18.3  Method: Integration