NOAA-Style Climate Reports


Report for 2013 November
                   Monthly Climatological Summary for Nov 2013

Name: Naas South   City: Naas   State: Kildare
Elevation: 116 m  Lat: N 54° 12' 28"   Lon: W 006° 40' 35"

                  Temperature (°C), Rain (mm), Wind Speed (km/h)

                                      Heat  Cool        Avg
    Mean                              Deg   Deg         Wind                 Dom
Day Temp  High   Time   Low    Time   Days  Days  Rain  Speed High   Time    Dir
----------------------------------------------------------------------------------
 1   7.1  11.6   14:51   2.6   23:58  11.2   0.0   0.0   2.9  19.3   00:19    SW
 2   6.7  10.2   09:53   2.3   00:05  11.6   0.0   5.4  10.4  59.5   08:01   WSW
 3   6.0  10.5   13:47   2.1   23:40  12.3   0.0   1.0   3.8  20.9   09:52   WSW
 4   3.6   9.1   13:38  -2.2   07:13  14.7   0.0   1.0   2.3  25.7   22:30    SW
 5   8.1   9.7   12:34   6.7   21:18  10.2   0.0   4.4   5.6  30.6   06:38     W
 6   7.1   9.2   13:51   3.3   22:47  11.2   0.0   3.2   3.4  17.7   00:48    SW
 7   6.4  10.4   12:59   3.2   05:14  11.9   0.0   0.2   7.8  33.8   14:42    SW
 8   5.0   9.2   13:30   1.8   22:22  13.3   0.0   0.0   4.6  19.3   01:08    SW
 9   4.5   8.0   12:33   1.3   04:43  13.8   0.0   0.4   3.9  22.5   11:10    SW
10   5.3  10.9   23:56   0.1   07:35  13.0   0.0   4.0   6.0  40.2   20:18   SSW
11  11.6  13.4   10:31   8.6   23:57   6.7   0.0   0.6   4.5  27.4   00:42    SW
12   6.1  10.5   13:10   1.9   21:46  12.1   0.0   0.2   1.5  19.3   14:25   WNW
13   6.7   9.5   14:04   2.6   01:40  11.6   0.0   1.4   8.3  35.4   14:42    SW
14   6.9   8.6   13:52   5.6   07:31  11.4   0.0   0.0   5.4  30.6   11:00   NNW
15   8.3  10.3   13:35   6.2   02:35  10.0   0.0   0.0   1.6  11.3   13:21    SW
16   9.4  10.4   14:37   8.1   20:43   8.9   0.0   0.0   4.4  20.9   12:07    SW
17  10.3  11.8   13:39   9.4   00:28   8.0   0.0   2.4   4.9  22.5   17:30    SW
18   5.1   9.8   00:00   1.6   23:45  13.2   0.0   4.2   3.1  29.0   13:28   NNW
19   2.2   5.2   23:58  -0.1   07:48  16.1   0.0   0.2   5.1  22.5   21:04   WNW
20   5.5   7.2   12:41   2.4   23:31  12.8   0.0   3.4  11.1  45.1   15:01     N
21   2.3   4.9   14:26  -0.4   19:30  16.0   0.0   0.0   5.4  25.7   10:49   NNE
22   0.3   4.9   14:04  -3.8   22:48  17.9   0.0   0.0   0.9   9.7   13:16   NNE
23   1.8   5.3   23:54  -4.4   02:30  16.5   0.0   0.2   0.4   6.4   12:06    SW
24   6.2   7.8   13:22   5.2   00:01  12.1   0.0   0.0   0.9   8.0   02:12   NNE
25   5.4   7.8   13:28   4.3   07:58  12.9   0.0   0.0   0.6   9.7   13:17   NNE
26   5.7   8.0   13:58   3.7   05:18  12.6   0.0   0.0   1.2  11.3   14:57    SW
27   7.3   9.1   14:16   5.1   04:12  11.0   0.0   0.0   0.3   8.0   13:08   WNW
28   7.8   8.9   16:42   6.8   00:08   7.8   0.0   0.4   0.4   8.0   22:58    SW
29   7.3   8.8   08:18   4.6   21:41  11.0   0.0   0.2   5.3  27.4   08:55    NW
30   5.1   7.5   15:34   1.5   08:58  13.2   0.0   0.2   0.8  19.3   04:25    NW
----------------------------------------------------------------------------------
     6.0  13.4    11    -4.4    23   365.0   0.0  33.0   3.9  59.5     2       W

Max >=  27.0:  0
Max <=   0.0:  0
Min <=   0.0:  5
Min <= -18.0:  0
Max Rain: 5.4 on day 2
Days of Rain: 19 (>= 0.2 mm)  7 (>= 2.0 mm)  0 (>= 20.0 mm)
Heat Base: 18.3  Cool Base: 18.3  Method: Integration