NOAA-Style Climate Reports


Report for 2013 October
                   Monthly Climatological Summary for Oct 2013

Name: Naas South   City: Naas   State: Kildare
Elevation: 116 m  Lat: N 54° 12' 28"   Lon: W 006° 40' 35"

                  Temperature (°C), Rain (mm), Wind Speed (km/h)

                                      Heat  Cool        Avg
    Mean                              Deg   Deg         Wind                 Dom
Day Temp  High   Time   Low    Time   Days  Days  Rain  Speed High   Time    Dir
----------------------------------------------------------------------------------
 1  15.5  17.1   15:42  13.8   08:24   2.8   0.0   7.8   7.6  30.6   09:39    SE
 2  16.6  19.6   14:02  15.0   04:27   1.8   0.1   9.4   5.3  29.0   13:42     S
 3  16.1  17.7   12:32  14.3   22:28   2.2   0.0  20.8   2.7  17.7   00:42     S
 4  14.3  17.0   15:16  10.9   23:59   4.0   0.0   0.4   0.7  11.3   11:17   WNW
 5  13.3  19.9   15:37   8.6   01:38   5.1   0.1   0.0   1.2  16.1   13:27     S
 6  15.6  19.1   14:38  11.8   00:32   2.7   0.0   0.2   5.7  27.4   10:34   SSW
 7  16.5  18.1   12:21  15.3   07:37   1.8   0.0   0.0   7.3  30.6   14:04   SSW
 8  14.1  16.0   13:54  10.4   21:06   4.2   0.0   0.2   2.1  16.1   03:09     W
 9   9.5  12.3   11:14   4.6   23:08   8.8   0.0   0.8   4.9  35.4   16:22     N
10   6.4  12.2   15:25   1.0   07:04  11.8   0.0   0.2   3.5  27.4   12:51    NE
11   8.0  13.7   13:53   3.0   03:46  10.3   0.0   0.0   3.0  25.7   15:12    NE
12  10.7  12.7   15:19   9.3   06:12   7.6   0.0   0.0   4.2  25.7   15:26   ENE
13   9.9  11.3   00:00   5.6   21:18   8.4   0.0   0.0   2.7  14.5   12:16    NE
14   8.8  12.8   15:29   4.8   22:08   9.5   0.0   0.6   1.8  17.7   15:52    NE
15   8.7  15.3   15:42   2.4   06:42   9.6   0.0   0.2   2.3  17.7   14:46   ESE
16  11.4  14.9   16:31   8.9   23:31   6.9   0.0  22.4   4.0  25.7   05:55   SSE
17  11.9  17.2   14:02   8.5   06:42   6.3   0.0   0.2   1.1  11.3   21:48     S
18  13.1  14.2   23:29  11.3   13:18   5.2   0.0   8.0   6.4  38.6   19:34   SSW
19  13.6  15.8   12:01  10.9   23:54   4.7   0.0   5.0   7.1  27.4   11:19   SSW
20  12.3  15.7   13:31   9.7   23:56   6.0   0.0   1.8   7.1  30.6   12:14   SSW
21  13.0  16.2   15:44   9.2   03:24   5.1   0.0   7.2   6.9  37.0   23:18   SSW
22  14.3  16.9   14:37  13.1   22:32   4.0   0.0   2.2   7.8  33.8   01:31   SSW
23   9.8  13.3   00:00   4.7   22:56   8.5   0.0   0.6   4.4  24.1   04:37   WNW
24  10.9  16.2   14:02   4.4   07:00   7.4   0.0   1.0   5.8  32.2   21:08   SSE
25  13.7  15.5   12:38  11.8   23:50   4.6   0.0   6.2   8.3  32.2   04:11   SSW
26  10.5  13.1   12:25   9.1   05:35   7.8   0.0   6.6   7.1  49.9   14:03    SW
27  10.4  13.1   12:21   8.5   04:04   8.2   0.0   2.4  10.5  43.5   10:31    SW
28   8.9  11.9   14:07   7.4   23:55   9.4   0.0   1.0   5.1  25.7   13:48     W
29   6.6  10.6   12:37   3.7   19:46  11.7   0.0   0.6   3.5  24.1   11:49   WNW
30   8.8  13.2   14:27   4.4   00:00   9.4   0.0   1.0   8.4  45.1   12:49    SW
31   8.8  13.3   12:34   6.5   00:26   9.5   0.0   4.8   7.3  29.0   12:45    SW
----------------------------------------------------------------------------------
    11.7  19.9     5     1.0    10   205.3   0.2 111.6   5.0  49.9    26     SSW

Max >=  27.0:  0
Max <=   0.0:  0
Min <=   0.0:  0
Min <= -18.0:  0
Max Rain: 22.4 on day 16
Days of Rain: 26 (>= 0.2 mm)  12 (>= 2.0 mm)  2 (>= 20.0 mm)
Heat Base: 18.3  Cool Base: 18.3  Method: Integration