NOAA-Style Climate Reports


Report for 2013 September
                   Monthly Climatological Summary for Sep 2013

Name: Naas South   City: Naas   State: Kildare
Elevation: 116 m  Lat: N 54° 12' 28"   Lon: W 006° 40' 35"

                  Temperature (°C), Rain (mm), Wind Speed (km/h)

                                      Heat  Cool        Avg
    Mean                              Deg   Deg         Wind                 Dom
Day Temp  High   Time   Low    Time   Days  Days  Rain  Speed High   Time    Dir
----------------------------------------------------------------------------------
 1  13.0  18.2   15:56   8.0   03:31   5.3   0.0   0.0   3.5  20.9   17:11     W
 2  16.4  21.3   14:29  13.4   00:00   2.4   0.5   0.0   3.9  24.1   15:10   WSW
 3  16.9  22.9   16:15  11.8   23:55   2.5   1.1   0.0   2.5  22.5   15:21    SW
 4  15.6  22.7   14:54   8.8   03:01   3.7   0.9   0.0   5.5  29.0   18:04   SSW
 5  13.2  17.4   15:04   7.7   23:49   5.1   0.0   0.0   3.2  17.7   11:44     N
 6   9.1  17.0   15:56   1.3   07:16   9.2   0.0   0.4   3.3  29.0   15:56   NNE
 7   8.8  11.0   14:08   7.7   01:39   9.5   0.0   6.0   3.7  22.5   13:46     W
 8  10.9  15.1   13:23   7.1   22:03   7.4   0.0   5.8   2.5  17.7   00:46   WSW
 9  10.7  17.8   14:50   2.3   06:26   7.6   0.0   0.2   4.3  24.1   11:40     N
10  11.8  16.8   16:09   6.4   06:40   6.5   0.0   0.0   3.9  25.7   14:29     N
11  13.7  16.5   16:58  11.1   04:47   4.6   0.0   7.4   1.7  11.3   14:16   WNW
12  15.6  17.7   15:06  12.0   23:58   2.7   0.0  11.4   3.0  24.1   20:10   WSW
13  10.8  13.5   16:00   7.8   23:03   7.4   0.0   0.2   1.1  12.9   18:01   WNW
14  10.6  17.4   18:15   5.2   07:52   7.7   0.0   0.0   1.6  17.7   12:52     N
15  12.2  16.2   12:32   7.8   22:36   6.0   0.0   1.6   8.6  41.8   15:38   WSW
16   9.3  13.0   15:25   6.6   06:56   9.0   0.0   0.2   6.4  33.8   18:11   WNW
17  10.5  13.9   15:15   8.7   06:03   7.8   0.0   7.4   3.3  17.7   17:42     W
18  10.0  13.8   17:33   7.4   22:06   8.3   0.0   0.2   3.5  27.4   15:14   NNW
19  12.2  16.9   15:50   8.2   00:00   6.1   0.0   2.2   6.3  30.6   06:43     W
20  12.2  16.8   15:33   8.3   00:19   6.1   0.0   0.0   3.5  22.5   22:10    SW
21  17.5  23.6   15:01  12.9   00:59   1.9   1.1   0.0   4.4  24.1   13:37    SW
22  17.1  22.2   15:33  12.4   06:51   2.1   0.8   0.0   4.2  20.9   12:55   SSW
23  17.4  23.2   15:07  11.9   07:04   2.0   1.1   0.0   2.6  19.3   00:44   SSW
24  15.4  19.4   13:39  12.8   03:06   3.0   0.1   0.0   1.2  11.3   12:08   ENE
25  15.4  20.6   12:32  13.5   23:24   3.0   0.1   0.6   2.0  29.0   16:26   ENE
26  14.7  17.4   14:04  11.8   23:27   3.6   0.0   1.0   2.4  22.5   17:29    SE
27  15.2  22.6   15:03  11.1   04:54   3.6   0.5   0.0   0.8   9.7   11:43     E
28  14.4  19.7   15:25   9.8   05:28   4.0   0.1   0.6   3.2  37.0   23:12   ENE
29  14.8  18.7   15:45  12.3   07:35   3.5   0.0   1.6   3.4  27.4   00:54     E
30  14.6  16.0   13:46  12.7   07:38   3.7   0.0   0.0   5.4  27.4   20:23   ESE
----------------------------------------------------------------------------------
    13.3  23.6    21     1.3     6   155.3   6.3  46.8   3.5  41.8    15       W

Max >=  27.0:  0
Max <=   0.0:  0
Min <=   0.0:  0
Min <= -18.0:  0
Max Rain: 11.4 on day 12
Days of Rain: 16 (>= 0.2 mm)  6 (>= 2.0 mm)  0 (>= 20.0 mm)
Heat Base: 18.3  Cool Base: 18.3  Method: Integration