NOAA-Style Climate Reports


Report for 2013 August
                   Monthly Climatological Summary for Aug 2013

Name: Naas South   City: Naas   State: Kildare
Elevation: 116 m  Lat: N 54° 12' 28"   Lon: W 006° 40' 35"

                  Temperature (°C), Rain (mm), Wind Speed (km/h)

                                      Heat  Cool        Avg
    Mean                              Deg   Deg         Wind                 Dom
Day Temp  High   Time   Low    Time   Days  Days  Rain  Speed High   Time    Dir
----------------------------------------------------------------------------------
 1  18.9  22.7   14:14  17.5   22:39   0.2   0.8   9.0   9.4  38.6   13:14     S
 2  17.4  21.4   14:06  12.7   23:26   1.4   0.5   1.2   8.3  33.8   17:33   SSW
 3  14.6  20.6   13:17  11.4   05:23   3.8   0.1   5.0   5.3  25.7   13:29   SSW
 4  16.3  22.0   14:15  10.8   05:47   2.5   0.5   3.6   2.7  19.3   00:34   SSE
 5  15.6  20.1   16:23  12.8   22:37   2.8   0.1   1.0   4.3  22.5   17:15     N
 6  15.4  20.3   14:36  12.4   03:29   3.1   0.2   0.0   3.0  17.7   12:05   SSW
 7  16.7  23.4   15:07   9.7   03:44   2.4   0.9   0.0   2.1  17.7   18:23     E
 8  17.3  22.3   14:34  13.9   23:32   1.8   0.7   1.0   5.0  30.6   21:53   SSW
 9  15.3  18.3   13:12  13.2   00:41   3.0   0.0   0.0   3.1  17.7   12:25   WNW
10  16.0  21.3   16:23  12.2   04:34   2.8   0.5   0.0   3.1  20.9   19:02    SW
11  14.5  18.8   14:33  10.4   04:23   3.8   0.0   0.6   3.7  20.9   17:02     W
12  13.8  18.3   17:15   9.6   06:04   4.5   0.0   0.0   4.0  25.7   14:46    NW
13  15.1  19.5   16:00  11.7   01:20   3.3   0.1   0.6   2.1  17.7   14:33   WSW
14  18.5  24.1   17:59  13.2   01:01   1.4   1.6   0.8   3.9  17.7   05:43   SSW
15  17.8  21.7   11:37  15.2   23:59   0.8   0.4  17.8   5.3  29.0   16:47   SSW
16  15.9  21.3   17:07  10.9   03:41   2.8   0.4   0.8   2.1  16.1   13:34   WSW
17  16.9  23.4   15:31  12.9   23:59   2.0   0.6   1.0   7.5  33.8   07:05    SW
18  14.2  18.8   14:07  10.4   04:52   4.1   0.0   0.2   3.4  20.9   13:27   WSW
19  14.9  20.7   17:04   9.1   04:14   3.6   0.2   0.6   2.8  17.7   10:29   WSW
20  16.4  20.3   14:22  13.1   04:44   2.2   0.3   0.0   6.0  33.8   19:52   SSW
21  17.9  21.8   15:59  15.6   00:00   1.0   0.6   0.0   6.0  33.8   00:42    SW
22  16.8  23.6   17:05  12.5   06:36   2.5   1.0   0.6   1.8  17.7   19:29   SSW
23  15.1  16.9   09:43  13.2   00:00   2.9   0.0   3.0   3.4  19.3   03:14   SSW
24  15.2  17.7   14:33   0.0   12:15   1.5   0.0   1.2   1.9  14.5   18:41    SW
25  15.3  18.7   16:21  10.1   23:59   3.0   0.0   0.4   3.2  17.7   09:46     N
26  14.2  18.8   15:46   8.3   03:27   4.2   0.0   0.0   0.9  12.9   18:52   NNW
27  15.9  20.1   17:43  12.8   00:00   2.5   0.1   0.6   1.3  20.9   20:19   NNE
28  15.4  21.0   16:47  10.2   06:56   3.1   0.4   0.0   1.9  19.3   14:26   WSW
29  17.3  22.3   17:00   0.0   00:03   1.7   0.8   0.0   3.3  17.7   09:40   WSW
30  15.8  20.3   13:26   8.1   23:58   2.8   0.3   0.0   4.6  24.1   19:21     W
31  12.4  17.9   17:07   6.7   03:03   5.9   0.0   0.0   3.0  24.1   14:13   NNW
----------------------------------------------------------------------------------
    15.9  24.1    14     0.0    24    83.4  11.1  49.0   3.9  38.6     1      SW

Max >=  27.0:  0
Max <=   0.0:  0
Min <=   0.0:  2
Min <= -18.0:  0
Max Rain: 17.8 on day 15
Days of Rain: 19 (>= 0.2 mm)  5 (>= 2.0 mm)  0 (>= 20.0 mm)
Heat Base: 18.3  Cool Base: 18.3  Method: Integration