NOAA-Style Climate Reports


Report for 2013 July
                   Monthly Climatological Summary for Jul 2013

Name: Naas South   City: Naas   State: Kildare
Elevation: 116 m  Lat: N 54° 12' 28"   Lon: W 006° 40' 35"

                  Temperature (°C), Rain (mm), Wind Speed (km/h)

                                      Heat  Cool        Avg
    Mean                              Deg   Deg         Wind                 Dom
Day Temp  High   Time   Low    Time   Days  Days  Rain  Speed High   Time    Dir
----------------------------------------------------------------------------------
 1  13.8  18.9   17:37   9.8   02:10   4.5   0.0   0.0   3.0  17.7   12:10   WSW
 2  13.4  16.7   16:51  11.1   02:59   4.9   0.0   7.6   6.6  35.4   10:23   SSW
 3  15.2  19.1   19:42  11.5   04:59   3.2   0.1   0.0   4.0  22.5   15:15   WSW
 4  15.8  18.8   15:13  10.0   23:37   2.5   0.0   1.2   5.4  25.7   04:38   WSW
 5  15.7  24.2   15:26   8.5   04:20   3.9   1.3   0.0   1.6  14.5   20:26   SSE
 6  18.7  26.5   16:41   9.5   01:46   2.3   2.7   0.0   1.3  12.9   18:00   SSW
 7  19.5  23.9   17:38  16.0   23:58   0.4   1.7   0.0   1.8  14.5   16:44    NE
 8  20.5  27.7   13:41  13.3   02:53   1.2   3.4   0.0   4.0  20.9   17:25    NE
 9  22.0  29.1   14:35  11.8   04:13   1.2   4.8   0.0   2.8  19.3   14:56    NE
10  20.0  26.2   13:13  12.1   05:10   1.2   2.9   0.0   4.2  24.1   17:34    NE
11  20.7  27.3   13:43  13.1   05:08   1.2   3.5   0.0   2.9  19.3   14:05    NE
12  22.1  31.8   17:15  10.1   04:57   1.9   5.7   0.0   0.7   9.7   11:03    SW
13  20.5  26.7   13:57  14.6   05:40   0.8   3.0   0.0   2.6  19.3   16:54   NNE
14  19.9  27.2   17:20  12.2   04:47   1.5   3.1   0.0   1.8  16.1   17:25   WNW
15  16.5  20.2   18:44  12.4   02:18   2.1   0.3   0.0   1.6  14.5   10:53     W
16  18.6  23.2   16:19  13.2   00:26   1.3   1.6   0.0   1.3  12.9   14:21    NW
17  20.4  26.8   15:29  14.4   05:00   0.8   2.9   0.0   1.3  12.9   16:16   NNW
18  20.1  25.9   12:52  11.8   05:56   1.4   3.2   0.0   3.3  24.1   13:12   ENE
19  22.4  30.7   14:08  15.3   03:40   0.6   4.7   0.0   3.9  20.9   17:34    NE
20  21.6  28.3   14:19  15.6   04:53   0.5   3.9   0.0   4.0  25.7   15:08    NE
21  18.9  25.1   17:08  13.8   04:42   1.1   1.7   0.0   2.1  19.3   18:16     E
22  20.7  27.7   15:23  14.5   05:06   0.8   3.2   0.0   2.1  17.7   17:05    SE
23  18.7  24.2   16:24  15.3   05:01   0.8   1.2   6.4   2.5  20.9   14:26   SSE
24  18.6  23.2   14:09  15.1   05:43   0.9   1.2   1.0   4.0  22.5   12:10   SSE
25  18.4  25.3   18:10  14.9   04:42   1.1   1.2   8.8   1.2  19.3   18:35     W
26  17.9  23.2   16:49  13.2   04:07   1.7   1.2   0.4   2.6  20.9   12:00     S
27  17.6  23.5   14:13  12.3   05:08   1.9   1.2   0.0   2.4  17.7   13:37     S
28  17.3  23.6   13:31  11.9   05:07   2.1   1.1   0.0   3.2  22.5   17:22   SSW
29  16.4  21.4   15:07  13.5   22:56   2.1   0.2  15.4   2.9  19.3   09:40    SW
30  16.3  22.1   17:28  10.4   04:45   2.7   0.7   0.2   3.8  20.9   13:17   WSW
31  16.1  21.0   18:10  12.7   01:43   2.5   0.3   5.0   4.0  30.6   16:19     S
----------------------------------------------------------------------------------
    18.5  31.8    12     8.5     5    55.1  62.0  46.0   2.9  35.4     2       S

Max >=  27.0:  8
Max <=   0.0:  0
Min <=   0.0:  0
Min <= -18.0:  0
Max Rain: 15.4 on day 29
Days of Rain: 9 (>= 0.2 mm)  5 (>= 2.0 mm)  0 (>= 20.0 mm)
Heat Base: 18.3  Cool Base: 18.3  Method: Integration