NOAA-Style Climate Reports


Report for 2013 June
                   Monthly Climatological Summary for Jun 2013

Name: Naas South   City: Naas   State: Kildare
Elevation: 116 m  Lat: N 54° 12' 28"   Lon: W 006° 40' 35"

                  Temperature (°C), Rain (mm), Wind Speed (km/h)

                                      Heat  Cool        Avg
    Mean                              Deg   Deg         Wind                 Dom
Day Temp  High   Time   Low    Time   Days  Days  Rain  Speed High   Time    Dir
----------------------------------------------------------------------------------
 1  10.7  14.9   18:06   4.1   02:32   7.6   0.0   0.0   2.5  19.3   18:36    NW
 2  13.5  18.3   17:11   9.1   03:58   4.8   0.0   0.0   1.1  11.3   10:33   WSW
 3  15.0  18.2   12:08  10.3   23:59   3.3   0.0   0.0   1.0   9.7   14:43   ENE
 4  14.6  21.9   14:05   5.1   05:17   4.5   0.8   0.0   2.8  20.9   15:27   ENE
 5  14.7  20.2   12:02   6.6   01:57   3.9   0.3   0.0   4.5  29.0   16:33   ENE
 6  14.1  18.9   15:04   5.7   04:37   4.3   0.0   0.0   6.7  35.4   12:13    NE
 7  16.2  21.8   14:24   9.8   02:59   3.0   0.9   0.0   5.5  29.0   13:08    NE
 8  16.7  23.6   14:42   8.3   03:13   3.1   1.5   0.0   3.0  19.3   17:09    NE
 9  16.2  24.3   15:03   5.1   05:16   3.9   1.7   0.0   1.7  14.5   16:08     S
10  12.9  18.3   13:56   6.8   03:39   5.4   0.0   0.0   6.0  33.8   11:47     S
11  14.0  19.4   14:55  10.7   04:24   4.3   0.0   4.0   5.8  30.6   01:33     S
12  13.3  17.8   13:18  11.0   05:58   5.0   0.0   7.0   2.4  19.3   15:56    NE
13  12.6  16.9   18:01   7.9   23:13   5.7   0.0   5.8   4.3  27.4   06:59   WNW
14  11.9  17.1   12:47   8.7   00:00   6.4   0.0   4.8   8.5  48.3   12:49   SSW
15  11.6  17.4   15:16   6.1   04:56   6.7   0.0   1.8   6.2  29.0   17:04    SW
16  12.7  19.3   13:42   9.9   02:44   5.6   0.0   3.8   4.1  22.5   14:16     S
17  13.1  17.0   18:08  10.4   05:08   5.2   0.0   1.0   6.6  22.5   13:18    NE
18  14.7  23.1   15:40   6.6   04:37   4.4   0.9   0.0   2.2  14.5   18:28   NNW
19  15.3  20.8   18:40  10.5   07:03   3.4   0.3   0.0   2.7  17.7   10:08    NW
20  16.4  23.5   15:14   9.9   02:09   3.0   1.1   0.0   1.8  14.5   10:11   SSW
21  14.9  20.2   15:13  11.2   21:49   3.6   0.1   0.6   5.3  35.4   21:02    SW
22  13.3  16.6   12:36  10.7   05:51   5.0   0.0   3.2   7.2  29.0   09:00   WSW
23  12.0  14.2   18:53  10.2   23:56   6.3   0.0   0.4   8.9  38.6   17:29    NW
24  12.8  17.3   15:51   7.7   05:04   5.5   0.0   0.0   2.8  19.3   11:01   WNW
25  14.5  19.4   14:58   8.4   05:25   3.9   0.0   0.0   2.0  14.5   12:23   SSW
26  15.0  19.9   16:52  10.4   05:43   3.4   0.1   0.0   4.0  24.1   15:32     N
27  14.1  20.1   18:23   8.3   04:12   4.4   0.2   4.0   3.1  29.0   19:08   WNW
28  14.9  17.4   11:50  11.2   23:28   3.4   0.0   0.2   4.2  24.1   18:18   WNW
29  15.3  22.4   17:54  10.3   03:26   3.7   0.7   0.6   3.3  22.5   19:42     W
30  14.9  18.1   13:21  12.0   23:21   3.4   0.0   1.4   6.5  30.6   14:17   WSW
----------------------------------------------------------------------------------
    14.1  24.3     9     4.1     1   136.1   8.6  38.6   4.2  48.3    14       W

Max >=  27.0:  0
Max <=   0.0:  0
Min <=   0.0:  0
Min <= -18.0:  0
Max Rain: 7.0 on day 12
Days of Rain: 14 (>= 0.2 mm)  7 (>= 2.0 mm)  0 (>= 20.0 mm)
Heat Base: 18.3  Cool Base: 18.3  Method: Integration