NOAA-Style Climate Reports


Report for 2013 May
                   Monthly Climatological Summary for May 2013

Name: Naas South   City: Naas   State: Kildare
Elevation: 116 m  Lat: N 54° 12' 28"   Lon: W 006° 40' 35"

                  Temperature (°C), Rain (mm), Wind Speed (km/h)

                                      Heat  Cool        Avg
    Mean                              Deg   Deg         Wind                 Dom
Day Temp  High   Time   Low    Time   Days  Days  Rain  Speed High   Time    Dir
----------------------------------------------------------------------------------
 1   8.4  14.7   14:42   0.8   04:22   9.9   0.0   0.2   4.1  20.9   12:47     N
 3  12.3  17.1   15:14   8.8   23:56   9.4   0.0   1.2   3.2  24.1   13:24   SSE
 4  11.1  16.2   17:33   7.1   02:14   7.2   0.0   0.8   3.1  24.1   18:43   WNW
 5  13.4  18.8   15:42   9.8   23:44   4.9   0.0   0.0   2.8  19.3   15:49   SSE
 6  12.2  16.4   13:55   7.8   23:56   6.1   0.0   1.0   4.5  25.7   12:47   SSW
 7  13.4  19.9   12:58   5.2   04:13   5.0   0.2   0.0   4.8  37.0   13:15    SE
 8  11.6  16.1   15:34   7.3   23:36   6.7   0.0   2.4   9.5  46.7   02:21   SSW
 9   8.8  11.9   12:45   6.8   01:22   9.5   0.0   3.6  11.2  49.9   07:14   WSW
10   9.8  13.8   11:47   5.4   23:53   8.5   0.0   3.0   5.3  30.6   12:09     W
11   8.2  11.7   12:54   5.3   01:35  10.1   0.0   3.6   6.4  43.5   13:33    NW
12   9.3  13.8   16:31   4.5   01:57   9.0   0.0   1.4   5.9  29.0   20:31     W
13   7.3  11.2   16:23   4.8   23:57  11.0   0.0   5.4   5.8  38.6   11:41     W
14   7.8  13.9   14:42   2.7   04:38  10.5   0.0   0.2   5.2  25.7   23:39   WNW
15   7.3  12.1   15:22   2.7   23:49  11.0   0.0   0.2   9.6  37.0   11:17     N
16   7.2  12.4   17:48   2.0   02:32  11.0   0.0   1.0   2.7  20.9   13:55   SSW
17   7.9  13.8   15:43  -0.4   04:59  10.3   0.0   0.2   6.0  27.4   13:46   ENE
18   8.5  11.9   11:28   5.3   04:17   9.7   0.0   0.2   2.3  22.5   12:58   NNW
19  12.5  17.8   15:21   7.1   03:28   5.8   0.0   0.0   1.8  14.5   17:12   ENE
20  12.1  13.8   17:03   9.8   23:59   6.2   0.0   0.0   6.3  25.7   18:38     N
21  12.0  17.9   16:16   8.4   03:36   6.3   0.0   0.0   7.4  25.7   10:27     N
22  10.2  13.7   15:39   6.9   23:59   8.1   0.0   0.0   8.7  30.6   09:32     N
23   7.7  11.9   14:02   3.4   05:33  10.6   0.0   0.0  10.6  38.6   14:18     N
24   8.7  16.8   16:15   4.6   23:20   9.4   0.0   0.0  11.0  40.2   13:56   NNE
25  11.3  18.2   15:11   2.7   05:20   7.0   0.0   1.0   2.4  17.7   16:00    SW
26  12.4  17.2   16:11   9.0   05:14   5.9   0.0   0.8   5.2  32.2   18:03    SW
27  10.6  15.3   18:13   6.1   22:48   7.7   0.0  16.4   5.3  32.2   02:25    SW
28  10.1  15.3   13:21   5.1   01:21   8.1   0.0   0.2   2.9  16.1   17:52   ENE
29  13.6  20.3   17:31   8.7   01:15   4.9   0.2   2.2   6.6  29.0   08:35   NNE
30  14.2  19.8   15:59   6.8   05:33   4.2   0.1   0.2   5.8  30.6   12:18     N
31  10.9  15.6   14:09   5.6   04:11   7.4   0.0   0.2   3.1  19.3   16:00     N
----------------------------------------------------------------------------------
    10.4  20.3    29    -0.4    17   241.4   0.5  45.4   5.7  49.9     9      NW

Max >=  27.0:  0
Max <=   0.0:  0
Min <=   0.0:  1
Min <= -18.0:  0
Max Rain: 16.4 on day 27
Days of Rain: 22 (>= 0.2 mm)  7 (>= 2.0 mm)  0 (>= 20.0 mm)
Heat Base: 18.3  Cool Base: 18.3  Method: Integration