NOAA-Style Climate Reports


Report for 2013 April
                   Monthly Climatological Summary for Apr 2013

Name: Naas South   City: Naas   State: Kildare
Elevation: 116 m  Lat: N 54° 12' 28"   Lon: W 006° 40' 35"

                  Temperature (°C), Rain (mm), Wind Speed (km/h)

                                      Heat  Cool        Avg
    Mean                              Deg   Deg         Wind                 Dom
Day Temp  High   Time   Low    Time   Days  Days  Rain  Speed High   Time    Dir
----------------------------------------------------------------------------------
 1   2.3   5.1   14:02  -0.8   06:17  11.6   0.0   0.0   7.6  38.6   14:25   ESE
 2   2.9   7.5   14:46  -3.6   06:40  15.4   0.0   0.0  10.0  32.2   10:57     E
 3   2.5   7.4   16:22  -4.4   05:13  15.8   0.0   0.0   8.3  37.0   15:09   ENE
 4   2.9   7.8   13:20  -1.9   01:46  15.4   0.0   0.0   9.7  37.0   14:23    NE
 5   1.0   7.1   14:54  -5.9   06:24  17.3   0.0   0.0   7.3  33.8   12:11    NE
 6   5.2  11.8   16:36   0.9   06:31  13.1   0.0   0.0   2.2  16.1   16:30     S
 7   5.3   8.4   11:59   2.8   05:19  13.0   0.0   0.0   5.6  33.8   09:50   ESE
 8   5.8   9.6   14:03   2.2   06:06  12.5   0.0   0.0  13.1  43.5   14:31     E
 9   3.6   6.8   16:58   0.1   00:11  14.7   0.0   0.0  10.1  29.0   14:06     E
10   7.3  11.3   14:57   4.9   10:00  10.9   0.0   3.4   2.1  17.7   13:50   ESE
11   6.8  10.7   12:54   4.4   02:43  11.5   0.0  10.2   2.7  30.6   13:42   SSE
12   7.0  12.5   16:40   0.4   05:19  11.3   0.0   0.2   2.4  25.7   09:58    NW
13  10.7  12.1   21:13   8.7   08:10   7.6   0.0   4.8   7.5  43.5   22:40   SSW
14  10.9  13.2   15:47   8.9   06:52   7.4   0.0   0.6  15.8  54.7   17:20   SSW
15  10.8  15.8   14:37   8.1   05:55   7.5   0.0   2.0  12.8  53.1   21:40    SW
16  10.7  14.6   16:29   6.5   21:33   7.6   0.0   0.2   9.9  40.2   07:26    SW
17   9.4  12.9   16:08   6.5   05:21   8.9   0.0   7.6  15.0  57.9   22:09   SSW
18   7.1  11.7   16:39   3.2   05:29  11.2   0.0   2.8   8.6  33.8   17:06   WNW
19   8.3  13.4   15:25   2.8   04:16  10.0   0.0   0.0   2.4  17.7   11:59   WNW
20   9.1  13.8   14:43   5.9   07:42   9.2   0.0   3.0   6.1  29.0   02:18   SSW
21   8.5  12.2   13:21   5.6   00:47   9.8   0.0   2.8   6.0  27.4   09:55    SW
22  10.5  14.7   15:07   6.7   00:51   7.8   0.0   0.6   6.7  27.4   10:00     W
23  13.5  17.6   16:28  11.1   21:16   4.8   0.0   0.0   2.8  17.7   00:51     S
24   9.6  14.1   10:16   5.8   08:04   8.7   0.0  13.6   3.2  19.3   07:53   NNE
25   6.8  13.2   17:51   1.6   05:58  11.5   0.0   0.2   3.5  20.9   17:32   NNW
26   5.5   9.6   12:32   2.1   05:57  12.8   0.0   0.8   5.5  37.0   15:13   NNW
27   8.7  13.4   16:55   5.9   06:42   9.6   0.0   0.2   3.2  19.3   10:12   NNE
28   7.1  12.1   15:34   3.3   05:07  11.2   0.0   1.4   3.7  30.6   17:35   WNW
29   6.7  12.6   16:19   0.3   05:54  11.6   0.0   0.2   5.9  30.6   13:33   NNW
30   8.6  12.9   15:23   3.3   02:59   9.7   0.0   0.0   1.6  20.9   10:24    SW
----------------------------------------------------------------------------------
     7.2  17.6    23    -5.9     5   329.4   0.0  54.6   6.7  57.9    17       S

Max >=  27.0:  0
Max <=   0.0:  0
Min <=   0.0:  5
Min <= -18.0:  0
Max Rain: 13.6 on day 24
Days of Rain: 18 (>= 0.2 mm)  9 (>= 2.0 mm)  0 (>= 20.0 mm)
Heat Base: 18.3  Cool Base: 18.3  Method: Integration