NOAA-Style Climate Reports


Report for 2013 March
                   Monthly Climatological Summary for Mar 2013

Name: Naas South   City: Naas   State: Kildare
Elevation: 116 m  Lat: N 54° 12' 28"   Lon: W 006° 40' 35"

                  Temperature (°C), Rain (mm), Wind Speed (km/h)

                                      Heat  Cool        Avg
    Mean                              Deg   Deg         Wind                 Dom
Day Temp  High   Time   Low    Time   Days  Days  Rain  Speed High   Time    Dir
----------------------------------------------------------------------------------
 1   3.5   8.7   11:53  -2.4   07:11  14.8   0.0   0.0   6.3  27.4   12:59   ENE
 2   3.8   8.1   14:50   1.1   21:57  14.5   0.0   0.0   2.3  17.7   11:11    NE
 3   3.3   9.6   13:11  -1.5   22:23  14.9   0.0   0.0   1.6  16.1   15:02    SE
 4   1.3   5.8   15:02  -3.6   04:08  17.0   0.0   0.0   1.5  20.9   09:34     S
 5   6.9  11.9   13:34   0.1   09:00  11.4   0.0   0.2   5.0  22.5   16:54   ENE
 6   8.0   9.3   11:29   7.1   23:21  10.3   0.0   9.4   5.5  29.0   08:06     E
 7   8.7   9.7   08:52   7.8   22:43   9.6   0.0   1.0   9.7  41.8   17:09   ESE
 8   9.7  13.5   14:51   7.8   20:58   8.5   0.0   0.2   6.3  30.6   09:35    SE
 9   6.0  12.1   10:14   3.3   06:40  12.3   0.0   0.0  10.6  46.7   04:00     E
10   1.5   3.9   14:39  -1.8   08:27  16.8   0.0   0.0  19.9  56.3   22:16     E
11  -0.9   1.9   13:46  -3.6   07:16  19.2   0.0   0.0  18.9  53.1   15:00    NE
12   1.3   4.7   12:46  -2.1   07:05  16.9   0.0   0.0   9.1  25.7   11:54   NNE
13   1.3   8.2   15:17  -4.0   03:43  17.0   0.0   0.8   4.2  29.0   10:27     N
14   5.1   8.5   14:42   0.8   09:00  13.2   0.0   0.8   3.1  29.0   02:23    SW
15   2.4   9.7   12:19  -4.2   06:56  15.9   0.0   0.0   5.4  20.9   12:58    SW
16   2.2   8.8   14:43  -1.9   03:35  16.1   0.0   0.2   2.9  24.1   17:31     N
17   2.3   5.2   13:27  -0.1   22:57  16.0   0.0   6.0   2.3  22.5   16:50   NNE
18   2.6   6.3   14:19   0.3   06:18  15.7   0.0   1.4   7.3  29.0   17:04    NE
19   1.7   3.5   11:47   0.4   13:52  16.6   0.0   1.8   5.8  19.3   09:58    NE
20   3.8   5.9   12:55   1.2   09:00  14.5   0.0   0.6   1.4  35.4   08:47   ESE
21   4.7   5.9   08:57   3.9   16:11  13.5   0.0   1.6  14.9  56.3   21:46   ESE
22   4.7   6.6   10:00   2.9   06:36  13.5   0.0   1.2  15.1  56.3   11:22   ESE
23   2.8   4.8   11:53   1.2   08:46  15.5   0.0   0.0  12.0  35.4   13:12     E
24   1.4   1.8   20:45   0.8   04:53  16.9   0.0   0.0  13.7  43.5   06:12     E
25   1.6   4.0   15:48  -0.5   05:51  16.7   0.0   0.0  16.2  41.8   15:33     E
26   0.5   3.6   12:45  -2.3   05:43  17.8   0.0   0.0  10.9  41.8   14:35   ENE
27   0.1   3.1   14:38  -3.2   05:29  18.2   0.0   0.8   7.0  35.4   15:46   ENE
28   2.2   4.9   15:22   0.2   09:00  15.9   0.0   0.2   7.0  37.0   08:41   ESE
29   1.9   5.0   14:06  -0.9   05:01  16.4   0.0   0.0  10.0  33.8   09:35   ESE
30   2.0   6.6   15:30  -2.9   23:24  16.2   0.0   0.0   4.9  27.4   09:38   ESE
31   3.1   6.1   16:04   0.3   04:55  15.2   0.0   0.0   7.0  35.4   07:12   ESE
----------------------------------------------------------------------------------
     3.2  13.5     8    -4.2    15   467.0   0.0  26.2   8.0  56.3    10       E

Max >=  27.0:  0
Max <=   0.0:  0
Min <=   0.0: 15
Min <= -18.0:  0
Max Rain: 9.4 on day 6
Days of Rain: 15 (>= 0.2 mm)  2 (>= 2.0 mm)  0 (>= 20.0 mm)
Heat Base: 18.3  Cool Base: 18.3  Method: Integration